* [linux-linus test] 115718: regressions - FAIL
@ 2017-11-10 18:51 osstest service owner
0 siblings, 0 replies; only message in thread
From: osstest service owner @ 2017-11-10 18:51 UTC (permalink / raw)
To: xen-devel, osstest-admin
[-- Attachment #1: Type: text/plain, Size: 13747 bytes --]
flight 115718 linux-linus real [real]
http://logs.test-lab.xenproject.org/osstest/logs/115718/
Regressions :-(
Tests which did not succeed and are blocking,
including tests which could not be run:
test-amd64-amd64-xl-qcow2 19 guest-start/debian.repeat fail REGR. vs. 115643
test-amd64-amd64-libvirt-vhd 17 guest-start/debian.repeat fail REGR. vs. 115643
Tests which did not succeed, but are not blocking:
test-armhf-armhf-libvirt-xsm 14 saverestore-support-check fail like 115643
test-amd64-i386-libvirt-qcow2 17 guest-start/debian.repeat fail like 115643
test-amd64-amd64-xl-qemuu-win7-amd64 17 guest-stop fail like 115643
test-amd64-i386-xl-qemuu-win7-amd64 17 guest-stop fail like 115643
test-armhf-armhf-libvirt 14 saverestore-support-check fail like 115643
test-amd64-i386-xl-qemut-win7-amd64 17 guest-stop fail like 115643
test-amd64-amd64-xl-qemuu-ws16-amd64 17 guest-stop fail like 115643
test-amd64-amd64-xl-qemut-win7-amd64 17 guest-stop fail like 115643
test-amd64-amd64-xl-qemut-ws16-amd64 17 guest-stop fail like 115643
test-armhf-armhf-libvirt-raw 13 saverestore-support-check fail like 115643
test-armhf-armhf-xl-vhd 15 guest-start/debian.repeat fail like 115643
test-amd64-amd64-libvirt 13 migrate-support-check fail never pass
test-amd64-amd64-libvirt-xsm 13 migrate-support-check fail never pass
test-amd64-i386-libvirt 13 migrate-support-check fail never pass
test-amd64-i386-libvirt-xsm 13 migrate-support-check fail never pass
test-amd64-i386-libvirt-qcow2 12 migrate-support-check fail never pass
test-amd64-i386-libvirt-qemuu-debianhvm-amd64-xsm 11 migrate-support-check fail never pass
test-amd64-amd64-libvirt-qemuu-debianhvm-amd64-xsm 11 migrate-support-check fail never pass
test-armhf-armhf-xl-arndale 13 migrate-support-check fail never pass
test-armhf-armhf-xl-arndale 14 saverestore-support-check fail never pass
test-amd64-amd64-libvirt-vhd 12 migrate-support-check fail never pass
test-amd64-amd64-qemuu-nested-amd 17 debian-hvm-install/l1/l2 fail never pass
test-armhf-armhf-xl-xsm 13 migrate-support-check fail never pass
test-armhf-armhf-xl-xsm 14 saverestore-support-check fail never pass
test-armhf-armhf-libvirt-xsm 13 migrate-support-check fail never pass
test-armhf-armhf-xl-credit2 13 migrate-support-check fail never pass
test-armhf-armhf-xl-credit2 14 saverestore-support-check fail never pass
test-armhf-armhf-xl-cubietruck 13 migrate-support-check fail never pass
test-armhf-armhf-xl-cubietruck 14 saverestore-support-check fail never pass
test-armhf-armhf-xl-multivcpu 13 migrate-support-check fail never pass
test-armhf-armhf-xl-multivcpu 14 saverestore-support-check fail never pass
test-armhf-armhf-xl 13 migrate-support-check fail never pass
test-armhf-armhf-xl 14 saverestore-support-check fail never pass
test-armhf-armhf-libvirt 13 migrate-support-check fail never pass
test-armhf-armhf-xl-rtds 13 migrate-support-check fail never pass
test-armhf-armhf-xl-rtds 14 saverestore-support-check fail never pass
test-amd64-i386-xl-qemuu-ws16-amd64 17 guest-stop fail never pass
test-amd64-i386-xl-qemut-ws16-amd64 17 guest-stop fail never pass
test-armhf-armhf-libvirt-raw 12 migrate-support-check fail never pass
test-armhf-armhf-xl-vhd 12 migrate-support-check fail never pass
test-armhf-armhf-xl-vhd 13 saverestore-support-check fail never pass
test-amd64-amd64-xl-qemut-win10-i386 10 windows-install fail never pass
test-amd64-i386-xl-qemuu-win10-i386 10 windows-install fail never pass
test-amd64-amd64-xl-qemuu-win10-i386 10 windows-install fail never pass
test-amd64-i386-xl-qemut-win10-i386 10 windows-install fail never pass
version targeted for testing:
linux 1c9dbd4615fd751e5e0b99807a3c7c8612e28e20
baseline version:
linux e4880bc5dfb1f02b152e62a894b5c6f3e995b3cf
Last test of basis 115643 2017-11-07 12:06:20 Z 3 days
Failing since 115658 2017-11-08 02:33:06 Z 2 days 5 attempts
Testing same since 115718 2017-11-10 04:57:59 Z 0 days 1 attempts
------------------------------------------------------------
People who touched revisions under test:
Andrew Morton <akpm@linux-foundation.org>
Andrey Konovalov <andreyknvl@google.com>
Arnd Bergmann <arnd@arndb.de>
Bjorn Andersson <bjorn.andersson@linaro.org>
Bjorn Helgaas <bhelgaas@google.com>
Bjørn Mork <bjorn@mork.no>
Borislav Petkov <bp@suse.de>
Chris Redpath <chris.redpath@arm.com>
Colin Ian King <colin.king@canonical.com>
Cong Wang <xiyou.wangcong@gmail.com>
David Howells <dhowells@redhat.com>
David S. Miller <davem@davemloft.net>
Eric Biggers <ebiggers@google.com>
Florian Westphal <fw@strlen.de>
Gabriele Paoloni <gabriele.paoloni@huawei.com>
Ganesh Goudar <ganeshgr@chelsio.com>
Guillaume Nault <g.nault@alphalink.fr>
Gustavo A. R. Silva <garsilva@embeddedor.com>
Hangbin Liu <liuhangbin@gmail.com>
Hannes Reinecke <hare@suse.de>
Hui Wang <hui.wang@canonical.com>
James Morris <james.l.morris@oracle.com>
Jarkko Sakkinen <jarkko.sakkinen@linux.intel.com>
Jay Vosburgh <jay.vosburgh@canonical.com>
Jiri Kosina <jkosina@suse.cz>
John Johansen <john.johansen@canonical.com>
Julian Anastasov <ja@ssi.bg>
Jussi Laako <jussi@sonarnerd.net>
Jérôme Glisse <jglisse@redhat.com>
Kees Cook <keescook@chromium.org>
Kristian Evensen <kristian.evensen@gmail.com>
Linus Torvalds <torvalds@linux-foundation.org>
Lorenzo Pieralisi <lorenzo.pieralisi@arm.com>
Mahesh Bandewar <maheshb@google.com>
Marc Zyngier <marc.zyngier@arm.com>
Mark Rutland <mark.rutland@arm.com>
Martin K. Petersen <martin.petersen@oracle.com>
Neal Cardwell <ncardwell@google.com>
Oliver Neukum <oneukum@suse.com>
Paolo Abeni <pabeni@redhat.com>
Paul Menzel <pmenzel@molgen.mpg.de>
Paul Moore <paul@paul-moore.com>
Priyaranjan Jha <priyarjha@google.com>
Rafael J. Wysocki <rafael.j.wysocki@intel.com>
Russell King <rmk+kernel@armlinux.org.uk>
Saeed Mahameed <saeedm@mellanox.com>
Sebastian Andrzej Siewior <bigeasy@linutronix.de>
Simon Horman <horms@verge.net.au>
Steffen Klassert <steffen.klassert@secunet.com>
Stephen Smalley <sds@tycho.nsa.gov>
Takashi Iwai <tiwai@suse.de>
Tejun Heo <tj@kernel.org>
Viresh Kumar <viresh.kumar@linaro.org>
Wei Zhou <chouryzhou@gmail.com>
Will Deacon <will.deacon@arm.com>
Ye Yin <hustcat@gmail.com>
Yousuk Seung <ysseung@google.com>
Yuchung Cheng <ycheng@google.com>
Zhou Wang <wangzhou1@hisilicon.com>
jobs:
build-amd64-xsm pass
build-armhf-xsm pass
build-i386-xsm pass
build-amd64 pass
build-armhf pass
build-i386 pass
build-amd64-libvirt pass
build-armhf-libvirt pass
build-i386-libvirt pass
build-amd64-pvops pass
build-armhf-pvops pass
build-i386-pvops pass
build-amd64-rumprun pass
build-i386-rumprun pass
test-amd64-amd64-xl pass
test-armhf-armhf-xl pass
test-amd64-i386-xl pass
test-amd64-amd64-xl-qemut-debianhvm-amd64-xsm pass
test-amd64-i386-xl-qemut-debianhvm-amd64-xsm pass
test-amd64-amd64-libvirt-qemuu-debianhvm-amd64-xsm pass
test-amd64-i386-libvirt-qemuu-debianhvm-amd64-xsm pass
test-amd64-amd64-xl-qemuu-debianhvm-amd64-xsm pass
test-amd64-i386-xl-qemuu-debianhvm-amd64-xsm pass
test-amd64-amd64-xl-qemut-stubdom-debianhvm-amd64-xsm pass
test-amd64-i386-xl-qemut-stubdom-debianhvm-amd64-xsm pass
test-amd64-amd64-libvirt-xsm pass
test-armhf-armhf-libvirt-xsm pass
test-amd64-i386-libvirt-xsm pass
test-amd64-amd64-xl-xsm pass
test-armhf-armhf-xl-xsm pass
test-amd64-i386-xl-xsm pass
test-amd64-amd64-qemuu-nested-amd fail
test-amd64-amd64-xl-pvhv2-amd pass
test-amd64-i386-qemut-rhel6hvm-amd pass
test-amd64-i386-qemuu-rhel6hvm-amd pass
test-amd64-amd64-xl-qemut-debianhvm-amd64 pass
test-amd64-i386-xl-qemut-debianhvm-amd64 pass
test-amd64-amd64-xl-qemuu-debianhvm-amd64 pass
test-amd64-i386-xl-qemuu-debianhvm-amd64 pass
test-amd64-i386-freebsd10-amd64 pass
test-amd64-amd64-xl-qemuu-ovmf-amd64 pass
test-amd64-i386-xl-qemuu-ovmf-amd64 pass
test-amd64-amd64-rumprun-amd64 pass
test-amd64-amd64-xl-qemut-win7-amd64 fail
test-amd64-i386-xl-qemut-win7-amd64 fail
test-amd64-amd64-xl-qemuu-win7-amd64 fail
test-amd64-i386-xl-qemuu-win7-amd64 fail
test-amd64-amd64-xl-qemut-ws16-amd64 fail
test-amd64-i386-xl-qemut-ws16-amd64 fail
test-amd64-amd64-xl-qemuu-ws16-amd64 fail
test-amd64-i386-xl-qemuu-ws16-amd64 fail
test-armhf-armhf-xl-arndale pass
test-amd64-amd64-xl-credit2 pass
test-armhf-armhf-xl-credit2 pass
test-armhf-armhf-xl-cubietruck pass
test-amd64-amd64-examine pass
test-armhf-armhf-examine pass
test-amd64-i386-examine pass
test-amd64-i386-freebsd10-i386 pass
test-amd64-i386-rumprun-i386 pass
test-amd64-amd64-xl-qemut-win10-i386 fail
test-amd64-i386-xl-qemut-win10-i386 fail
test-amd64-amd64-xl-qemuu-win10-i386 fail
test-amd64-i386-xl-qemuu-win10-i386 fail
test-amd64-amd64-qemuu-nested-intel pass
test-amd64-amd64-xl-pvhv2-intel pass
test-amd64-i386-qemut-rhel6hvm-intel pass
test-amd64-i386-qemuu-rhel6hvm-intel pass
test-amd64-amd64-libvirt pass
test-armhf-armhf-libvirt pass
test-amd64-i386-libvirt pass
test-amd64-amd64-xl-multivcpu pass
test-armhf-armhf-xl-multivcpu pass
test-amd64-amd64-pair pass
test-amd64-i386-pair pass
test-amd64-amd64-libvirt-pair pass
test-amd64-i386-libvirt-pair pass
test-amd64-amd64-amd64-pvgrub pass
test-amd64-amd64-i386-pvgrub pass
test-amd64-amd64-pygrub pass
test-amd64-i386-libvirt-qcow2 fail
test-amd64-amd64-xl-qcow2 fail
test-armhf-armhf-libvirt-raw pass
test-amd64-i386-xl-raw pass
test-amd64-amd64-xl-rtds pass
test-armhf-armhf-xl-rtds pass
test-amd64-amd64-libvirt-vhd fail
test-armhf-armhf-xl-vhd fail
------------------------------------------------------------
sg-report-flight on osstest.test-lab.xenproject.org
logs: /home/logs/logs
images: /home/logs/images
Logs, config files, etc. are available at
http://logs.test-lab.xenproject.org/osstest/logs
Explanation of these reports, and of osstest in general, is at
http://xenbits.xen.org/gitweb/?p=osstest.git;a=blob;f=README.email;hb=master
http://xenbits.xen.org/gitweb/?p=osstest.git;a=blob;f=README;hb=master
Test harness code can be found at
http://xenbits.xen.org/gitweb?p=osstest.git;a=summary
Not pushing.
(No revision log; it would be 1565 lines long.)
[-- Attachment #2: Type: text/plain, Size: 127 bytes --]
_______________________________________________
Xen-devel mailing list
Xen-devel@lists.xen.org
https://lists.xen.org/xen-devel
^ permalink raw reply [flat|nested] only message in thread
only message in thread, other threads:[~2017-11-10 18:51 UTC | newest]
Thread overview: (only message) (download: mbox.gz follow: Atom feed
-- links below jump to the message on this page --
2017-11-10 18:51 [linux-linus test] 115718: regressions - FAIL osstest service owner
This is a public inbox, see mirroring instructions
for how to clone and mirror all data and code used for this inbox;
as well as URLs for NNTP newsgroup(s).