* [xen-unstable test] 11603: regressions - FAIL
@ 2012-01-26 12:57 xen.org
2012-01-26 13:40 ` Ian Campbell
0 siblings, 1 reply; 4+ messages in thread
From: xen.org @ 2012-01-26 12:57 UTC (permalink / raw)
To: xen-devel; +Cc: ian.jackson
flight 11603 xen-unstable real [real]
http://www.chiark.greenend.org.uk/~xensrcts/logs/11603/
Regressions :-(
Tests which did not succeed and are blocking,
including tests which could not be run:
build-amd64 4 xen-build fail REGR. vs. 11601
build-amd64-oldkern 4 xen-build fail REGR. vs. 11601
build-i386-oldkern 4 xen-build fail REGR. vs. 11601
build-i386 4 xen-build fail REGR. vs. 11601
Tests which did not succeed, but are not blocking:
test-amd64-amd64-xl-pcipt-intel 1 xen-build-check(1) blocked n/a
test-amd64-i386-rhel6hvm-intel 1 xen-build-check(1) blocked n/a
test-i386-i386-pv 1 xen-build-check(1) blocked n/a
test-amd64-i386-xl-multivcpu 1 xen-build-check(1) blocked n/a
test-amd64-i386-pv 1 xen-build-check(1) blocked n/a
test-i386-i386-xl 1 xen-build-check(1) blocked n/a
test-amd64-amd64-pv 1 xen-build-check(1) blocked n/a
test-amd64-i386-xl-credit2 1 xen-build-check(1) blocked n/a
test-amd64-amd64-xl-sedf 1 xen-build-check(1) blocked n/a
test-i386-i386-pair 1 xen-build-check(1) blocked n/a
test-amd64-i386-rhel6hvm-amd 1 xen-build-check(1) blocked n/a
test-amd64-i386-pair 1 xen-build-check(1) blocked n/a
test-amd64-i386-xl 1 xen-build-check(1) blocked n/a
test-amd64-amd64-xl-sedf-pin 1 xen-build-check(1) blocked n/a
test-amd64-amd64-xl 1 xen-build-check(1) blocked n/a
test-amd64-amd64-pair 1 xen-build-check(1) blocked n/a
test-amd64-amd64-xl-win7-amd64 1 xen-build-check(1) blocked n/a
test-amd64-i386-xend-winxpsp3 1 xen-build-check(1) blocked n/a
test-amd64-amd64-xl-win 1 xen-build-check(1) blocked n/a
test-i386-i386-xl-win 1 xen-build-check(1) blocked n/a
test-amd64-i386-xl-win-vcpus1 1 xen-build-check(1) blocked n/a
test-amd64-i386-win-vcpus1 1 xen-build-check(1) blocked n/a
test-amd64-i386-win 1 xen-build-check(1) blocked n/a
test-amd64-i386-xl-win7-amd64 1 xen-build-check(1) blocked n/a
test-i386-i386-win 1 xen-build-check(1) blocked n/a
test-i386-i386-xl-winxpsp3 1 xen-build-check(1) blocked n/a
test-amd64-amd64-win 1 xen-build-check(1) blocked n/a
test-amd64-amd64-xl-winxpsp3 1 xen-build-check(1) blocked n/a
test-amd64-i386-xl-winxpsp3-vcpus1 1 xen-build-check(1) blocked n/a
version targeted for testing:
xen d8f280c78544
baseline version:
xen 4271634e4c86
------------------------------------------------------------
People who touched revisions under test:
Andres Lagar-Cavilla <andres@lagarcavilla.org>
George Dunlap <george.dunlap@eu.citrix.com>
Ian Campbell <ian.campbell@citrix.com>
Jan Beulich <jbeulich@suse.com>
Keir Fraser <keir@xen.org>
Olaf Hering <olaf@aepfle.de>
Stefano Stabellini <stefano.stabellini@eu.citrix.com>
------------------------------------------------------------
jobs:
build-amd64 fail
build-i386 fail
build-amd64-oldkern fail
build-i386-oldkern fail
build-amd64-pvops pass
build-i386-pvops pass
test-amd64-amd64-xl blocked
test-amd64-i386-xl blocked
test-i386-i386-xl blocked
test-amd64-i386-rhel6hvm-amd blocked
test-amd64-amd64-xl-win7-amd64 blocked
test-amd64-i386-xl-win7-amd64 blocked
test-amd64-i386-xl-credit2 blocked
test-amd64-amd64-xl-pcipt-intel blocked
test-amd64-i386-rhel6hvm-intel blocked
test-amd64-i386-xl-multivcpu blocked
test-amd64-amd64-pair blocked
test-amd64-i386-pair blocked
test-i386-i386-pair blocked
test-amd64-amd64-xl-sedf-pin blocked
test-amd64-amd64-pv blocked
test-amd64-i386-pv blocked
test-i386-i386-pv blocked
test-amd64-amd64-xl-sedf blocked
test-amd64-i386-win-vcpus1 blocked
test-amd64-i386-xl-win-vcpus1 blocked
test-amd64-i386-xl-winxpsp3-vcpus1 blocked
test-amd64-amd64-win blocked
test-amd64-i386-win blocked
test-i386-i386-win blocked
test-amd64-amd64-xl-win blocked
test-i386-i386-xl-win blocked
test-amd64-i386-xend-winxpsp3 blocked
test-amd64-amd64-xl-winxpsp3 blocked
test-i386-i386-xl-winxpsp3 blocked
------------------------------------------------------------
sg-report-flight on woking.cam.xci-test.com
logs: /home/xc_osstest/logs
images: /home/xc_osstest/images
Logs, config files, etc. are available at
http://www.chiark.greenend.org.uk/~xensrcts/logs
Test harness code can be found at
http://xenbits.xensource.com/gitweb?p=osstest.git;a=summary
Not pushing.
------------------------------------------------------------
changeset: 24568:d8f280c78544
tag: tip
user: Ian Campbell <ian.campbell@citrix.com>
date: Thu Jan 26 11:06:40 2012 +0000
seabios: update to 1.6.3.1 release
This is the latest seabios stable release.
Signed-off-by: Ian Campbell <ian.campbell@citrix.com>
Committed-by: Keir Fraser <keir@xen.org>
changeset: 24567:2998b3dbad7e
user: Stefano Stabellini <stefano.stabellini@eu.citrix.com>
date: Thu Jan 26 11:06:06 2012 +0000
README: add upstream qemu dependecies
Upstream Qemu, just added to the Xen build system, needs GLib 2.0 and
pkg-config to compile.
Signed-off-by: Stefano Stabellini <stefano.stabellini@eu.citrix.com>
Committed-by: Keir Fraser <keir@xen.org>
changeset: 24566:d5b706214616
user: Olaf Hering <olaf@aepfle.de>
date: Thu Jan 26 11:04:59 2012 +0000
tools/libxc: fix error handling in xc_mem_paging_load
xc_mem_paging_load() does not pass errors in errno and the actual
errno from xc_mem_event_control() is overwritten by munlock().
xenpaging_populate_page() needs to check errno, but with the switch to
xc_mem_paging_load() it could not receive ENOMEM anymore.
Update xc_mem_paging_load() to return -1 and preserve errno during
munlock().
Signed-off-by: Olaf Hering <olaf@aepfle.de>
Acked-by: Andres Lagar-Cavilla <andres@lagarcavilla.org>
Committed-by: Keir Fraser <keir@xen.org>
changeset: 24565:1e27e827e6a8
user: George Dunlap <george.dunlap@eu.citrix.com>
date: Thu Jan 26 11:03:50 2012 +0000
xenoprof: Make the escape code consistent across 32 and 64-bit xen
At the moment, the xenoprof escape code is defined as "~0UL".
Unfortunately, this expands to 0xffffffff on 32-bit systems
and 0xffffffffffffffff on 64-bit systems; with the result that
while 32-on-32 and 64-in-64 work fine, 32-on-64 (also known as
"compat mode") is broken.
This patch makes the definition consistent across architectures.
In so doing, it will break old-32-bit-on-new-Xen, and vice versa;
but this was seen as an acceptable thing to do.
Signed-off-by: George Dunlap <george.dunlap@eu.citrix.com>
Committed-by: Keir Fraser <keir@xen.org>
changeset: 24564:768c932ea8da
user: George Dunlap <george.dunlap@eu.citrix.com>
date: Thu Jan 26 11:03:23 2012 +0000
xenoprof: Use uint64_t explicitly for internal calls
A recent changeset to make XENOPROF_ESCAPE_CODE consistent across
32- and 64-bit builds caused a build failure, because values were
passed through functions as "unsigned long". Replace these with
uint64_t explicitly.
Also remove redundant function prototype from perfmon.c, now that
it's in a header file.
Signed-off-by: George Dunlap <george.dunlap@eu.citrix.com>
Committed-by: Keir Fraser <keir@xen.org>
changeset: 24563:4271634e4c86
user: Keir Fraser <keir@xen.org>
date: Wed Jan 25 15:52:47 2012 +0000
docs: Remove outdated LaTex documentation.
Signed-off-by: Keir Fraser <keir@xen.org>
========================================
commit bb36d632e4cabf47882adff07a45c6702c4a5b30
Author: Jan Beulich <jbeulich@suse.com>
Date: Thu Jan 5 17:16:46 2012 +0000
qemu-xen: adjust MSI-X related log messages
Several of these messages we coded using line continuation within a
string literal. This is generally not recommended and also lead to odd
sequences of many blanks in the middle of the messages.
The message indicating a discarded write due to MSI-X already being
enabled doesn't need to be issued when a write doesn't actually modify
the current value. Adjust the surrounding logic accordingly, and
eliminate some redundancy as well as the sometimes unnecessary access
to the physical MSI-X table.
Finally, adjust the wording of a few messages to be more precise and/or
more useful.
Signed-off-by: Jan Beulich <jbeulich@suse.com>
Acked-by: Stefano Stabellini <stefano.stabellini@eu.citrix.com>
^ permalink raw reply [flat|nested] 4+ messages in thread
* Re: [xen-unstable test] 11603: regressions - FAIL
2012-01-26 12:57 [xen-unstable test] 11603: regressions - FAIL xen.org
@ 2012-01-26 13:40 ` Ian Campbell
2012-01-26 13:43 ` Ian Campbell
0 siblings, 1 reply; 4+ messages in thread
From: Ian Campbell @ 2012-01-26 13:40 UTC (permalink / raw)
To: xen.org; +Cc: xen-devel@lists.xensource.com
On Thu, 2012-01-26 at 12:57 +0000, xen.org wrote:
> flight 11603 xen-unstable real [real]
> http://www.chiark.greenend.org.uk/~xensrcts/logs/11603/
>
> Regressions :-(
>
> Tests which did not succeed and are blocking,
> including tests which could not be run:
> build-amd64 4 xen-build fail REGR. vs. 11601
> build-amd64-oldkern 4 xen-build fail REGR. vs. 11601
> build-i386-oldkern 4 xen-build fail REGR. vs. 11601
> build-i386 4 xen-build fail REGR. vs. 11601
[...]
> ------------------------------------------------------------
> changeset: 24568:d8f280c78544
> tag: tip
> user: Ian Campbell <ian.campbell@citrix.com>
> date: Thu Jan 26 11:06:40 2012 +0000
>
> seabios: update to 1.6.3.1 release
>
> This is the latest seabios stable release.
>
> Signed-off-by: Ian Campbell <ian.campbell@citrix.com>
> Committed-by: Keir Fraser <keir@xen.org>
>
GIT=git /home/osstest/build.11603.build-amd64/xen-unstable/tools/firmware/../../scripts/git-checkout.sh http://xenbits.xen.org/git-http/seabios.git rel-1.6.3.1 seabios-dir
using cache /volatile/git-cache...
using cache /volatile/git-cache...
locked cache /volatile/git-cache...
processing /usr/local/bin/git clone http://xenbits.xen.org/git-http/seabios.git seabios-dir-remote.tmp...
Cloning into seabios-dir-remote.tmp...
updating cache /volatile/git-cache seabios-dir-remote.tmp...
running /usr/bin/git checkout -b dummy rel-1.6.3.1...
fatal: git checkout: updating paths is incompatible with switching branches.
Did you intend to checkout 'rel-1.6.3.1' which can not be resolved as commit?
Clearly my push to seabios.git was not as successful as I thought -- I'm
investigating.
Ian.
^ permalink raw reply [flat|nested] 4+ messages in thread
* Re: [xen-unstable test] 11603: regressions - FAIL
2012-01-26 13:40 ` Ian Campbell
@ 2012-01-26 13:43 ` Ian Campbell
2012-01-26 13:49 ` Ian Campbell
0 siblings, 1 reply; 4+ messages in thread
From: Ian Campbell @ 2012-01-26 13:43 UTC (permalink / raw)
To: Ian Jackson; +Cc: xen-devel@lists.xensource.com
On Thu, 2012-01-26 at 13:40 +0000, Ian Campbell wrote:
> On Thu, 2012-01-26 at 12:57 +0000, xen.org wrote:
> > flight 11603 xen-unstable real [real]
> > http://www.chiark.greenend.org.uk/~xensrcts/logs/11603/
> >
> > Regressions :-(
> >
> > Tests which did not succeed and are blocking,
> > including tests which could not be run:
> > build-amd64 4 xen-build fail REGR. vs. 11601
> > build-amd64-oldkern 4 xen-build fail REGR. vs. 11601
> > build-i386-oldkern 4 xen-build fail REGR. vs. 11601
> > build-i386 4 xen-build fail REGR. vs. 11601
> [...]
> > ------------------------------------------------------------
> > changeset: 24568:d8f280c78544
> > tag: tip
> > user: Ian Campbell <ian.campbell@citrix.com>
> > date: Thu Jan 26 11:06:40 2012 +0000
> >
> > seabios: update to 1.6.3.1 release
> >
> > This is the latest seabios stable release.
> >
> > Signed-off-by: Ian Campbell <ian.campbell@citrix.com>
> > Committed-by: Keir Fraser <keir@xen.org>
> >
> GIT=git /home/osstest/build.11603.build-amd64/xen-unstable/tools/firmware/../../scripts/git-checkout.sh http://xenbits.xen.org/git-http/seabios.git rel-1.6.3.1 seabios-dir
> using cache /volatile/git-cache...
> using cache /volatile/git-cache...
> locked cache /volatile/git-cache...
> processing /usr/local/bin/git clone http://xenbits.xen.org/git-http/seabios.git seabios-dir-remote.tmp...
> Cloning into seabios-dir-remote.tmp...
> updating cache /volatile/git-cache seabios-dir-remote.tmp...
> running /usr/bin/git checkout -b dummy rel-1.6.3.1...
> fatal: git checkout: updating paths is incompatible with switching branches.
> Did you intend to checkout 'rel-1.6.3.1' which can not be resolved as commit?
>
> Clearly my push to seabios.git was not as successful as I thought -- I'm
> investigating.
This was an http clone and I'd forgotten to run "git update-server-info"
on the server side. Is there a good way to automate that?
Ian.
^ permalink raw reply [flat|nested] 4+ messages in thread
* Re: [xen-unstable test] 11603: regressions - FAIL
2012-01-26 13:43 ` Ian Campbell
@ 2012-01-26 13:49 ` Ian Campbell
0 siblings, 0 replies; 4+ messages in thread
From: Ian Campbell @ 2012-01-26 13:49 UTC (permalink / raw)
To: Ian Jackson; +Cc: xen-devel@lists.xensource.com
On Thu, 2012-01-26 at 13:43 +0000, Ian Campbell wrote:
> This was an http clone and I'd forgotten to run "git update-server-info"
> on the server side. Is there a good way to automate that?
To answer my own question:
http://www.bluishcoder.co.nz/2007/09/how-to-publish-git-repository.html
suggests "mv hooks/post-update.sample hooks/post-update" which I've now
done. We'll see next time I suppose.
Ian.
^ permalink raw reply [flat|nested] 4+ messages in thread
end of thread, other threads:[~2012-01-26 13:49 UTC | newest]
Thread overview: 4+ messages (download: mbox.gz follow: Atom feed
-- links below jump to the message on this page --
2012-01-26 12:57 [xen-unstable test] 11603: regressions - FAIL xen.org
2012-01-26 13:40 ` Ian Campbell
2012-01-26 13:43 ` Ian Campbell
2012-01-26 13:49 ` Ian Campbell
This is a public inbox, see mirroring instructions
for how to clone and mirror all data and code used for this inbox;
as well as URLs for NNTP newsgroup(s).