From mboxrd@z Thu Jan 1 00:00:00 1970 From: xen.org Subject: [xen-unstable test] 11603: regressions - FAIL Date: Thu, 26 Jan 2012 12:57:38 +0000 Message-ID: Mime-Version: 1.0 Content-Type: text/plain; charset="us-ascii" Content-Transfer-Encoding: 7bit Return-path: List-Unsubscribe: , List-Post: List-Help: List-Subscribe: , Sender: xen-devel-bounces@lists.xensource.com Errors-To: xen-devel-bounces@lists.xensource.com To: xen-devel@lists.xensource.com Cc: ian.jackson@eu.citrix.com List-Id: xen-devel@lists.xenproject.org flight 11603 xen-unstable real [real] http://www.chiark.greenend.org.uk/~xensrcts/logs/11603/ Regressions :-( Tests which did not succeed and are blocking, including tests which could not be run: build-amd64 4 xen-build fail REGR. vs. 11601 build-amd64-oldkern 4 xen-build fail REGR. vs. 11601 build-i386-oldkern 4 xen-build fail REGR. vs. 11601 build-i386 4 xen-build fail REGR. vs. 11601 Tests which did not succeed, but are not blocking: test-amd64-amd64-xl-pcipt-intel 1 xen-build-check(1) blocked n/a test-amd64-i386-rhel6hvm-intel 1 xen-build-check(1) blocked n/a test-i386-i386-pv 1 xen-build-check(1) blocked n/a test-amd64-i386-xl-multivcpu 1 xen-build-check(1) blocked n/a test-amd64-i386-pv 1 xen-build-check(1) blocked n/a test-i386-i386-xl 1 xen-build-check(1) blocked n/a test-amd64-amd64-pv 1 xen-build-check(1) blocked n/a test-amd64-i386-xl-credit2 1 xen-build-check(1) blocked n/a test-amd64-amd64-xl-sedf 1 xen-build-check(1) blocked n/a test-i386-i386-pair 1 xen-build-check(1) blocked n/a test-amd64-i386-rhel6hvm-amd 1 xen-build-check(1) blocked n/a test-amd64-i386-pair 1 xen-build-check(1) blocked n/a test-amd64-i386-xl 1 xen-build-check(1) blocked n/a test-amd64-amd64-xl-sedf-pin 1 xen-build-check(1) blocked n/a test-amd64-amd64-xl 1 xen-build-check(1) blocked n/a test-amd64-amd64-pair 1 xen-build-check(1) blocked n/a test-amd64-amd64-xl-win7-amd64 1 xen-build-check(1) blocked n/a test-amd64-i386-xend-winxpsp3 1 xen-build-check(1) blocked n/a test-amd64-amd64-xl-win 1 xen-build-check(1) blocked n/a test-i386-i386-xl-win 1 xen-build-check(1) blocked n/a test-amd64-i386-xl-win-vcpus1 1 xen-build-check(1) blocked n/a test-amd64-i386-win-vcpus1 1 xen-build-check(1) blocked n/a test-amd64-i386-win 1 xen-build-check(1) blocked n/a test-amd64-i386-xl-win7-amd64 1 xen-build-check(1) blocked n/a test-i386-i386-win 1 xen-build-check(1) blocked n/a test-i386-i386-xl-winxpsp3 1 xen-build-check(1) blocked n/a test-amd64-amd64-win 1 xen-build-check(1) blocked n/a test-amd64-amd64-xl-winxpsp3 1 xen-build-check(1) blocked n/a test-amd64-i386-xl-winxpsp3-vcpus1 1 xen-build-check(1) blocked n/a version targeted for testing: xen d8f280c78544 baseline version: xen 4271634e4c86 ------------------------------------------------------------ People who touched revisions under test: Andres Lagar-Cavilla George Dunlap Ian Campbell Jan Beulich Keir Fraser Olaf Hering Stefano Stabellini ------------------------------------------------------------ jobs: build-amd64 fail build-i386 fail build-amd64-oldkern fail build-i386-oldkern fail build-amd64-pvops pass build-i386-pvops pass test-amd64-amd64-xl blocked test-amd64-i386-xl blocked test-i386-i386-xl blocked test-amd64-i386-rhel6hvm-amd blocked test-amd64-amd64-xl-win7-amd64 blocked test-amd64-i386-xl-win7-amd64 blocked test-amd64-i386-xl-credit2 blocked test-amd64-amd64-xl-pcipt-intel blocked test-amd64-i386-rhel6hvm-intel blocked test-amd64-i386-xl-multivcpu blocked test-amd64-amd64-pair blocked test-amd64-i386-pair blocked test-i386-i386-pair blocked test-amd64-amd64-xl-sedf-pin blocked test-amd64-amd64-pv blocked test-amd64-i386-pv blocked test-i386-i386-pv blocked test-amd64-amd64-xl-sedf blocked test-amd64-i386-win-vcpus1 blocked test-amd64-i386-xl-win-vcpus1 blocked test-amd64-i386-xl-winxpsp3-vcpus1 blocked test-amd64-amd64-win blocked test-amd64-i386-win blocked test-i386-i386-win blocked test-amd64-amd64-xl-win blocked test-i386-i386-xl-win blocked test-amd64-i386-xend-winxpsp3 blocked test-amd64-amd64-xl-winxpsp3 blocked test-i386-i386-xl-winxpsp3 blocked ------------------------------------------------------------ sg-report-flight on woking.cam.xci-test.com logs: /home/xc_osstest/logs images: /home/xc_osstest/images Logs, config files, etc. are available at http://www.chiark.greenend.org.uk/~xensrcts/logs Test harness code can be found at http://xenbits.xensource.com/gitweb?p=osstest.git;a=summary Not pushing. ------------------------------------------------------------ changeset: 24568:d8f280c78544 tag: tip user: Ian Campbell date: Thu Jan 26 11:06:40 2012 +0000 seabios: update to 1.6.3.1 release This is the latest seabios stable release. Signed-off-by: Ian Campbell Committed-by: Keir Fraser changeset: 24567:2998b3dbad7e user: Stefano Stabellini date: Thu Jan 26 11:06:06 2012 +0000 README: add upstream qemu dependecies Upstream Qemu, just added to the Xen build system, needs GLib 2.0 and pkg-config to compile. Signed-off-by: Stefano Stabellini Committed-by: Keir Fraser changeset: 24566:d5b706214616 user: Olaf Hering date: Thu Jan 26 11:04:59 2012 +0000 tools/libxc: fix error handling in xc_mem_paging_load xc_mem_paging_load() does not pass errors in errno and the actual errno from xc_mem_event_control() is overwritten by munlock(). xenpaging_populate_page() needs to check errno, but with the switch to xc_mem_paging_load() it could not receive ENOMEM anymore. Update xc_mem_paging_load() to return -1 and preserve errno during munlock(). Signed-off-by: Olaf Hering Acked-by: Andres Lagar-Cavilla Committed-by: Keir Fraser changeset: 24565:1e27e827e6a8 user: George Dunlap date: Thu Jan 26 11:03:50 2012 +0000 xenoprof: Make the escape code consistent across 32 and 64-bit xen At the moment, the xenoprof escape code is defined as "~0UL". Unfortunately, this expands to 0xffffffff on 32-bit systems and 0xffffffffffffffff on 64-bit systems; with the result that while 32-on-32 and 64-in-64 work fine, 32-on-64 (also known as "compat mode") is broken. This patch makes the definition consistent across architectures. In so doing, it will break old-32-bit-on-new-Xen, and vice versa; but this was seen as an acceptable thing to do. Signed-off-by: George Dunlap Committed-by: Keir Fraser changeset: 24564:768c932ea8da user: George Dunlap date: Thu Jan 26 11:03:23 2012 +0000 xenoprof: Use uint64_t explicitly for internal calls A recent changeset to make XENOPROF_ESCAPE_CODE consistent across 32- and 64-bit builds caused a build failure, because values were passed through functions as "unsigned long". Replace these with uint64_t explicitly. Also remove redundant function prototype from perfmon.c, now that it's in a header file. Signed-off-by: George Dunlap Committed-by: Keir Fraser changeset: 24563:4271634e4c86 user: Keir Fraser date: Wed Jan 25 15:52:47 2012 +0000 docs: Remove outdated LaTex documentation. Signed-off-by: Keir Fraser ======================================== commit bb36d632e4cabf47882adff07a45c6702c4a5b30 Author: Jan Beulich Date: Thu Jan 5 17:16:46 2012 +0000 qemu-xen: adjust MSI-X related log messages Several of these messages we coded using line continuation within a string literal. This is generally not recommended and also lead to odd sequences of many blanks in the middle of the messages. The message indicating a discarded write due to MSI-X already being enabled doesn't need to be issued when a write doesn't actually modify the current value. Adjust the surrounding logic accordingly, and eliminate some redundancy as well as the sometimes unnecessary access to the physical MSI-X table. Finally, adjust the wording of a few messages to be more precise and/or more useful. Signed-off-by: Jan Beulich Acked-by: Stefano Stabellini