From: osstest service owner <osstest-admin@xenproject.org>
To: xen-devel@lists.xensource.com, osstest-admin@xenproject.org
Subject: [linux-linus test] 116103: regressions - FAIL
Date: Sun, 12 Nov 2017 16:41:33 +0000 [thread overview]
Message-ID: <osstest-116103-mainreport@xen.org> (raw)
[-- Attachment #1: Type: text/plain, Size: 15122 bytes --]
flight 116103 linux-linus real [real]
http://logs.test-lab.xenproject.org/osstest/logs/116103/
Regressions :-(
Tests which did not succeed and are blocking,
including tests which could not be run:
test-amd64-amd64-xl-qcow2 19 guest-start/debian.repeat fail REGR. vs. 115643
test-amd64-amd64-libvirt-vhd 17 guest-start/debian.repeat fail REGR. vs. 115643
test-amd64-i386-xl-qemut-debianhvm-amd64 16 guest-localmigrate/x10 fail REGR. vs. 115643
Tests which did not succeed, but are not blocking:
test-armhf-armhf-libvirt-xsm 14 saverestore-support-check fail like 115643
test-amd64-amd64-xl-qemuu-win7-amd64 17 guest-stop fail like 115643
test-amd64-i386-xl-qemuu-win7-amd64 17 guest-stop fail like 115643
test-armhf-armhf-libvirt 14 saverestore-support-check fail like 115643
test-amd64-i386-xl-qemut-win7-amd64 17 guest-stop fail like 115643
test-amd64-amd64-xl-qemuu-ws16-amd64 17 guest-stop fail like 115643
test-amd64-amd64-xl-qemut-win7-amd64 17 guest-stop fail like 115643
test-amd64-amd64-xl-qemut-ws16-amd64 17 guest-stop fail like 115643
test-armhf-armhf-libvirt-raw 13 saverestore-support-check fail like 115643
test-amd64-amd64-libvirt 13 migrate-support-check fail never pass
test-amd64-amd64-libvirt-xsm 13 migrate-support-check fail never pass
test-amd64-i386-libvirt 13 migrate-support-check fail never pass
test-amd64-i386-libvirt-xsm 13 migrate-support-check fail never pass
test-amd64-i386-libvirt-qcow2 12 migrate-support-check fail never pass
test-amd64-amd64-libvirt-qemuu-debianhvm-amd64-xsm 11 migrate-support-check fail never pass
test-amd64-i386-libvirt-qemuu-debianhvm-amd64-xsm 11 migrate-support-check fail never pass
test-armhf-armhf-xl-arndale 13 migrate-support-check fail never pass
test-armhf-armhf-xl-arndale 14 saverestore-support-check fail never pass
test-amd64-amd64-libvirt-vhd 12 migrate-support-check fail never pass
test-amd64-amd64-qemuu-nested-amd 17 debian-hvm-install/l1/l2 fail never pass
test-armhf-armhf-xl-xsm 13 migrate-support-check fail never pass
test-armhf-armhf-xl-xsm 14 saverestore-support-check fail never pass
test-armhf-armhf-libvirt-xsm 13 migrate-support-check fail never pass
test-armhf-armhf-xl-credit2 13 migrate-support-check fail never pass
test-armhf-armhf-xl 13 migrate-support-check fail never pass
test-armhf-armhf-xl-credit2 14 saverestore-support-check fail never pass
test-armhf-armhf-xl 14 saverestore-support-check fail never pass
test-armhf-armhf-xl-cubietruck 13 migrate-support-check fail never pass
test-armhf-armhf-xl-cubietruck 14 saverestore-support-check fail never pass
test-armhf-armhf-xl-multivcpu 13 migrate-support-check fail never pass
test-armhf-armhf-xl-multivcpu 14 saverestore-support-check fail never pass
test-armhf-armhf-libvirt 13 migrate-support-check fail never pass
test-armhf-armhf-xl-rtds 13 migrate-support-check fail never pass
test-armhf-armhf-xl-rtds 14 saverestore-support-check fail never pass
test-amd64-i386-xl-qemuu-ws16-amd64 17 guest-stop fail never pass
test-armhf-armhf-libvirt-raw 12 migrate-support-check fail never pass
test-amd64-i386-xl-qemut-ws16-amd64 17 guest-stop fail never pass
test-armhf-armhf-xl-vhd 12 migrate-support-check fail never pass
test-armhf-armhf-xl-vhd 13 saverestore-support-check fail never pass
test-amd64-i386-xl-qemuu-win10-i386 10 windows-install fail never pass
test-amd64-amd64-xl-qemut-win10-i386 10 windows-install fail never pass
test-amd64-amd64-xl-qemuu-win10-i386 10 windows-install fail never pass
test-amd64-i386-xl-qemut-win10-i386 10 windows-install fail never pass
version targeted for testing:
linux b39545684a90ef3374abc0969d64c7bc540d128d
baseline version:
linux e4880bc5dfb1f02b152e62a894b5c6f3e995b3cf
Last test of basis 115643 2017-11-07 12:06:20 Z 5 days
Failing since 115658 2017-11-08 02:33:06 Z 4 days 7 attempts
Testing same since 116103 2017-11-12 07:16:53 Z 0 days 1 attempts
------------------------------------------------------------
People who touched revisions under test:
Andrew Morton <akpm@linux-foundation.org>
Andrey Konovalov <andreyknvl@google.com>
Arnd Bergmann <arnd@arndb.de>
Arvind Yadav <arvind.yadav.cs@gmail.com>
Benjamin Tissoires <benjamion.tissoires@redhat.com>
Bjorn Andersson <bjorn.andersson@linaro.org>
Bjorn Helgaas <bhelgaas@google.com>
Bjørn Mork <bjorn@mork.no>
Borislav Petkov <bp@suse.de>
Chris Redpath <chris.redpath@arm.com>
Chris Wilson <chris@chris-wilson.co.uk>
Colin Ian King <colin.king@canonical.com>
Cong Wang <xiyou.wangcong@gmail.com>
Dave Airlie <airlied@redhat.com>
David Howells <dhowells@redhat.com>
David S. Miller <davem@davemloft.net>
Dmitry Torokhov <dmitry.torokhov@gmail.com>
Eric Biggers <ebiggers@google.com>
Eric Dumazet <edumazet@google.com>
Eugenia Emantayev <eugenia@mellanox.com>
Fengguang Wu <fengguang.wu@intel.com>
Feras Daoud <ferasda@mellanox.com>
Florian Westphal <fw@strlen.de>
Gabriele Paoloni <gabriele.paoloni@huawei.com>
Ganesh Goudar <ganeshgr@chelsio.com>
Gerhard Bertelsmann <info@gerhard-bertelsmann.de>
Guillaume Nault <g.nault@alphalink.fr>
Gustavo A. R. Silva <garsilva@embeddedor.com>
Hangbin Liu <liuhangbin@gmail.com>
Hannes Reinecke <hare@suse.de>
Hui Wang <hui.wang@canonical.com>
Huy Nguyen <huyn@mellanox.com>
HÃ¥kon Bugge <haakon.bugge@oracle.com>
Ilya Dryomov <idryomov@gmail.com>
Inbar Karmy <inbark@mellanox.com>
Jaedon Shin <jaedon.shin@gmail.com>
James Hogan <jhogan@kernel.org>
James Morris <james.l.morris@oracle.com>
Jarkko Sakkinen <jarkko.sakkinen@linux.intel.com>
Jay Vosburgh <jay.vosburgh@canonical.com>
Jiri Kosina <jkosina@suse.cz>
John Johansen <john.johansen@canonical.com>
Jonas Gorski <jonas.gorski@gmail.com>
Julian Anastasov <ja@ssi.bg>
Jussi Laako <jussi@sonarnerd.net>
Jérôme Glisse <jglisse@redhat.com>
Kai-Heng Feng <kai.heng.feng@canonical.com>
Kees Cook <keescook@chromium.org>
Kelly French <kfrench@federalhill.net>
Kristian Evensen <kristian.evensen@gmail.com>
Linus Torvalds <torvalds@linux-foundation.org>
Lorenzo Pieralisi <lorenzo.pieralisi@arm.com>
Maciej W. Rozycki <macro@mips.com>
Mahesh Bandewar <maheshb@google.com>
Marc Kleine-Budde <mkl@pengutronix.de>
Marc Zyngier <marc.zyngier@arm.com>
Marek Vasut <marex@denx.de>
Mark Rutland <mark.rutland@arm.com>
Martin K. Petersen <martin.petersen@oracle.com>
Martin KaFai Lau <kafai@fb.com>
Martin Kepplinger <martink@posteo.de>
Neal Cardwell <ncardwell@google.com>
Oliver Neukum <oneukum@suse.com>
Oswald Buddenhagen <oswald.buddenhagen@gmx.de>
Paolo Abeni <pabeni@redhat.com>
Paul Mackerras <paulus@ozlabs.org>
Paul Menzel <pmenzel@molgen.mpg.de>
Paul Moore <paul@paul-moore.com>
Priyaranjan Jha <priyarjha@google.com>
Radim KrÄmáŠ<rkrcmar@redhat.com>
Rafael J. Wysocki <rafael.j.wysocki@intel.com>
Richard Schütz <rschuetz@uni-koblenz.de>
Rodrigo Vivi <rodrigo.vivi@intel.com>
Russell King <rmk+kernel@armlinux.org.uk>
Saeed Mahameed <saeedm@mellanox.com>
Santosh Shilimkar <santosh.shilimkar@oracle.com>
Sebastian Andrzej Siewior <bigeasy@linutronix.de>
Simon Horman <horms@verge.net.au>
Sinclair Yeh <syeh@vmware.com>
Steffen Klassert <steffen.klassert@secunet.com>
Stephane Grosjean <s.grosjean@peak-system.com>
Stephen Smalley <sds@tycho.nsa.gov>
Takashi Iwai <tiwai@suse.de>
Tejun Heo <tj@kernel.org>
Tvrtko Ursulin <tvrtko.ursulin@intel.com>
Viresh Kumar <viresh.kumar@linaro.org>
Vivien Didelot <vivien.didelot@savoirfairelinux.com>
Wei Zhou <chouryzhou@gmail.com>
Will Deacon <will.deacon@arm.com>
Ye Yin <hustcat@gmail.com>
Yiannis Marangos <yiannis.marangos@gmail.com>
Yousuk Seung <ysseung@google.com>
Yuchung Cheng <ycheng@google.com>
Zhou Wang <wangzhou1@hisilicon.com>
jobs:
build-amd64-xsm pass
build-armhf-xsm pass
build-i386-xsm pass
build-amd64 pass
build-armhf pass
build-i386 pass
build-amd64-libvirt pass
build-armhf-libvirt pass
build-i386-libvirt pass
build-amd64-pvops pass
build-armhf-pvops pass
build-i386-pvops pass
build-amd64-rumprun pass
build-i386-rumprun pass
test-amd64-amd64-xl pass
test-armhf-armhf-xl pass
test-amd64-i386-xl pass
test-amd64-amd64-xl-qemut-debianhvm-amd64-xsm pass
test-amd64-i386-xl-qemut-debianhvm-amd64-xsm pass
test-amd64-amd64-libvirt-qemuu-debianhvm-amd64-xsm pass
test-amd64-i386-libvirt-qemuu-debianhvm-amd64-xsm pass
test-amd64-amd64-xl-qemuu-debianhvm-amd64-xsm pass
test-amd64-i386-xl-qemuu-debianhvm-amd64-xsm pass
test-amd64-amd64-xl-qemut-stubdom-debianhvm-amd64-xsm pass
test-amd64-i386-xl-qemut-stubdom-debianhvm-amd64-xsm pass
test-amd64-amd64-libvirt-xsm pass
test-armhf-armhf-libvirt-xsm pass
test-amd64-i386-libvirt-xsm pass
test-amd64-amd64-xl-xsm pass
test-armhf-armhf-xl-xsm pass
test-amd64-i386-xl-xsm pass
test-amd64-amd64-qemuu-nested-amd fail
test-amd64-amd64-xl-pvhv2-amd pass
test-amd64-i386-qemut-rhel6hvm-amd pass
test-amd64-i386-qemuu-rhel6hvm-amd pass
test-amd64-amd64-xl-qemut-debianhvm-amd64 pass
test-amd64-i386-xl-qemut-debianhvm-amd64 fail
test-amd64-amd64-xl-qemuu-debianhvm-amd64 pass
test-amd64-i386-xl-qemuu-debianhvm-amd64 pass
test-amd64-i386-freebsd10-amd64 pass
test-amd64-amd64-xl-qemuu-ovmf-amd64 pass
test-amd64-i386-xl-qemuu-ovmf-amd64 pass
test-amd64-amd64-rumprun-amd64 pass
test-amd64-amd64-xl-qemut-win7-amd64 fail
test-amd64-i386-xl-qemut-win7-amd64 fail
test-amd64-amd64-xl-qemuu-win7-amd64 fail
test-amd64-i386-xl-qemuu-win7-amd64 fail
test-amd64-amd64-xl-qemut-ws16-amd64 fail
test-amd64-i386-xl-qemut-ws16-amd64 fail
test-amd64-amd64-xl-qemuu-ws16-amd64 fail
test-amd64-i386-xl-qemuu-ws16-amd64 fail
test-armhf-armhf-xl-arndale pass
test-amd64-amd64-xl-credit2 pass
test-armhf-armhf-xl-credit2 pass
test-armhf-armhf-xl-cubietruck pass
test-amd64-amd64-examine pass
test-armhf-armhf-examine pass
test-amd64-i386-examine pass
test-amd64-i386-freebsd10-i386 pass
test-amd64-i386-rumprun-i386 pass
test-amd64-amd64-xl-qemut-win10-i386 fail
test-amd64-i386-xl-qemut-win10-i386 fail
test-amd64-amd64-xl-qemuu-win10-i386 fail
test-amd64-i386-xl-qemuu-win10-i386 fail
test-amd64-amd64-qemuu-nested-intel pass
test-amd64-amd64-xl-pvhv2-intel pass
test-amd64-i386-qemut-rhel6hvm-intel pass
test-amd64-i386-qemuu-rhel6hvm-intel pass
test-amd64-amd64-libvirt pass
test-armhf-armhf-libvirt pass
test-amd64-i386-libvirt pass
test-amd64-amd64-xl-multivcpu pass
test-armhf-armhf-xl-multivcpu pass
test-amd64-amd64-pair pass
test-amd64-i386-pair pass
test-amd64-amd64-libvirt-pair pass
test-amd64-i386-libvirt-pair pass
test-amd64-amd64-amd64-pvgrub pass
test-amd64-amd64-i386-pvgrub pass
test-amd64-amd64-pygrub pass
test-amd64-i386-libvirt-qcow2 pass
test-amd64-amd64-xl-qcow2 fail
test-armhf-armhf-libvirt-raw pass
test-amd64-i386-xl-raw pass
test-amd64-amd64-xl-rtds pass
test-armhf-armhf-xl-rtds pass
test-amd64-amd64-libvirt-vhd fail
test-armhf-armhf-xl-vhd pass
------------------------------------------------------------
sg-report-flight on osstest.test-lab.xenproject.org
logs: /home/logs/logs
images: /home/logs/images
Logs, config files, etc. are available at
http://logs.test-lab.xenproject.org/osstest/logs
Explanation of these reports, and of osstest in general, is at
http://xenbits.xen.org/gitweb/?p=osstest.git;a=blob;f=README.email;hb=master
http://xenbits.xen.org/gitweb/?p=osstest.git;a=blob;f=README;hb=master
Test harness code can be found at
http://xenbits.xen.org/gitweb?p=osstest.git;a=summary
Not pushing.
(No revision log; it would be 2687 lines long.)
[-- Attachment #2: Type: text/plain, Size: 127 bytes --]
_______________________________________________
Xen-devel mailing list
Xen-devel@lists.xen.org
https://lists.xen.org/xen-devel
reply other threads:[~2017-11-12 16:41 UTC|newest]
Thread overview: [no followups] expand[flat|nested] mbox.gz Atom feed
Reply instructions:
You may reply publicly to this message via plain-text email
using any one of the following methods:
* Save the following mbox file, import it into your mail client,
and reply-to-all from there: mbox
Avoid top-posting and favor interleaved quoting:
https://en.wikipedia.org/wiki/Posting_style#Interleaved_style
* Reply using the --to, --cc, and --in-reply-to
switches of git-send-email(1):
git send-email \
--in-reply-to=osstest-116103-mainreport@xen.org \
--to=osstest-admin@xenproject.org \
--cc=xen-devel@lists.xensource.com \
/path/to/YOUR_REPLY
https://kernel.org/pub/software/scm/git/docs/git-send-email.html
* If your mail client supports setting the In-Reply-To header
via mailto: links, try the mailto: link
Be sure your reply has a Subject: header at the top and a blank line
before the message body.
This is a public inbox, see mirroring instructions
for how to clone and mirror all data and code used for this inbox;
as well as URLs for NNTP newsgroup(s).