From mboxrd@z Thu Jan 1 00:00:00 1970 From: osstest service owner Subject: [linux-linus test] 116103: regressions - FAIL Date: Sun, 12 Nov 2017 16:41:33 +0000 Message-ID: Mime-Version: 1.0 Content-Type: multipart/mixed; boundary="===============0935954407461804092==" Return-path: List-Unsubscribe: , List-Post: List-Help: List-Subscribe: , Errors-To: xen-devel-bounces@lists.xen.org Sender: "Xen-devel" To: xen-devel@lists.xensource.com, osstest-admin@xenproject.org List-Id: xen-devel@lists.xenproject.org --===============0935954407461804092== Content-Type: text/plain flight 116103 linux-linus real [real] http://logs.test-lab.xenproject.org/osstest/logs/116103/ Regressions :-( Tests which did not succeed and are blocking, including tests which could not be run: test-amd64-amd64-xl-qcow2 19 guest-start/debian.repeat fail REGR. vs. 115643 test-amd64-amd64-libvirt-vhd 17 guest-start/debian.repeat fail REGR. vs. 115643 test-amd64-i386-xl-qemut-debianhvm-amd64 16 guest-localmigrate/x10 fail REGR. vs. 115643 Tests which did not succeed, but are not blocking: test-armhf-armhf-libvirt-xsm 14 saverestore-support-check fail like 115643 test-amd64-amd64-xl-qemuu-win7-amd64 17 guest-stop fail like 115643 test-amd64-i386-xl-qemuu-win7-amd64 17 guest-stop fail like 115643 test-armhf-armhf-libvirt 14 saverestore-support-check fail like 115643 test-amd64-i386-xl-qemut-win7-amd64 17 guest-stop fail like 115643 test-amd64-amd64-xl-qemuu-ws16-amd64 17 guest-stop fail like 115643 test-amd64-amd64-xl-qemut-win7-amd64 17 guest-stop fail like 115643 test-amd64-amd64-xl-qemut-ws16-amd64 17 guest-stop fail like 115643 test-armhf-armhf-libvirt-raw 13 saverestore-support-check fail like 115643 test-amd64-amd64-libvirt 13 migrate-support-check fail never pass test-amd64-amd64-libvirt-xsm 13 migrate-support-check fail never pass test-amd64-i386-libvirt 13 migrate-support-check fail never pass test-amd64-i386-libvirt-xsm 13 migrate-support-check fail never pass test-amd64-i386-libvirt-qcow2 12 migrate-support-check fail never pass test-amd64-amd64-libvirt-qemuu-debianhvm-amd64-xsm 11 migrate-support-check fail never pass test-amd64-i386-libvirt-qemuu-debianhvm-amd64-xsm 11 migrate-support-check fail never pass test-armhf-armhf-xl-arndale 13 migrate-support-check fail never pass test-armhf-armhf-xl-arndale 14 saverestore-support-check fail never pass test-amd64-amd64-libvirt-vhd 12 migrate-support-check fail never pass test-amd64-amd64-qemuu-nested-amd 17 debian-hvm-install/l1/l2 fail never pass test-armhf-armhf-xl-xsm 13 migrate-support-check fail never pass test-armhf-armhf-xl-xsm 14 saverestore-support-check fail never pass test-armhf-armhf-libvirt-xsm 13 migrate-support-check fail never pass test-armhf-armhf-xl-credit2 13 migrate-support-check fail never pass test-armhf-armhf-xl 13 migrate-support-check fail never pass test-armhf-armhf-xl-credit2 14 saverestore-support-check fail never pass test-armhf-armhf-xl 14 saverestore-support-check fail never pass test-armhf-armhf-xl-cubietruck 13 migrate-support-check fail never pass test-armhf-armhf-xl-cubietruck 14 saverestore-support-check fail never pass test-armhf-armhf-xl-multivcpu 13 migrate-support-check fail never pass test-armhf-armhf-xl-multivcpu 14 saverestore-support-check fail never pass test-armhf-armhf-libvirt 13 migrate-support-check fail never pass test-armhf-armhf-xl-rtds 13 migrate-support-check fail never pass test-armhf-armhf-xl-rtds 14 saverestore-support-check fail never pass test-amd64-i386-xl-qemuu-ws16-amd64 17 guest-stop fail never pass test-armhf-armhf-libvirt-raw 12 migrate-support-check fail never pass test-amd64-i386-xl-qemut-ws16-amd64 17 guest-stop fail never pass test-armhf-armhf-xl-vhd 12 migrate-support-check fail never pass test-armhf-armhf-xl-vhd 13 saverestore-support-check fail never pass test-amd64-i386-xl-qemuu-win10-i386 10 windows-install fail never pass test-amd64-amd64-xl-qemut-win10-i386 10 windows-install fail never pass test-amd64-amd64-xl-qemuu-win10-i386 10 windows-install fail never pass test-amd64-i386-xl-qemut-win10-i386 10 windows-install fail never pass version targeted for testing: linux b39545684a90ef3374abc0969d64c7bc540d128d baseline version: linux e4880bc5dfb1f02b152e62a894b5c6f3e995b3cf Last test of basis 115643 2017-11-07 12:06:20 Z 5 days Failing since 115658 2017-11-08 02:33:06 Z 4 days 7 attempts Testing same since 116103 2017-11-12 07:16:53 Z 0 days 1 attempts ------------------------------------------------------------ People who touched revisions under test: Andrew Morton Andrey Konovalov Arnd Bergmann Arvind Yadav Benjamin Tissoires Bjorn Andersson Bjorn Helgaas Bjørn Mork Borislav Petkov Chris Redpath Chris Wilson Colin Ian King Cong Wang Dave Airlie David Howells David S. Miller Dmitry Torokhov Eric Biggers Eric Dumazet Eugenia Emantayev Fengguang Wu Feras Daoud Florian Westphal Gabriele Paoloni Ganesh Goudar Gerhard Bertelsmann Guillaume Nault Gustavo A. R. Silva Hangbin Liu Hannes Reinecke Hui Wang Huy Nguyen Håkon Bugge Ilya Dryomov Inbar Karmy Jaedon Shin James Hogan James Morris Jarkko Sakkinen Jay Vosburgh Jiri Kosina John Johansen Jonas Gorski Julian Anastasov Jussi Laako Jérôme Glisse Kai-Heng Feng Kees Cook Kelly French Kristian Evensen Linus Torvalds Lorenzo Pieralisi Maciej W. Rozycki Mahesh Bandewar Marc Kleine-Budde Marc Zyngier Marek Vasut Mark Rutland Martin K. Petersen Martin KaFai Lau Martin Kepplinger Neal Cardwell Oliver Neukum Oswald Buddenhagen Paolo Abeni Paul Mackerras Paul Menzel Paul Moore Priyaranjan Jha Radim Krčmář Rafael J. Wysocki Richard Schütz Rodrigo Vivi Russell King Saeed Mahameed Santosh Shilimkar Sebastian Andrzej Siewior Simon Horman Sinclair Yeh Steffen Klassert Stephane Grosjean Stephen Smalley Takashi Iwai Tejun Heo Tvrtko Ursulin Viresh Kumar Vivien Didelot Wei Zhou Will Deacon Ye Yin Yiannis Marangos Yousuk Seung Yuchung Cheng Zhou Wang jobs: build-amd64-xsm pass build-armhf-xsm pass build-i386-xsm pass build-amd64 pass build-armhf pass build-i386 pass build-amd64-libvirt pass build-armhf-libvirt pass build-i386-libvirt pass build-amd64-pvops pass build-armhf-pvops pass build-i386-pvops pass build-amd64-rumprun pass build-i386-rumprun pass test-amd64-amd64-xl pass test-armhf-armhf-xl pass test-amd64-i386-xl pass test-amd64-amd64-xl-qemut-debianhvm-amd64-xsm pass test-amd64-i386-xl-qemut-debianhvm-amd64-xsm pass test-amd64-amd64-libvirt-qemuu-debianhvm-amd64-xsm pass test-amd64-i386-libvirt-qemuu-debianhvm-amd64-xsm pass test-amd64-amd64-xl-qemuu-debianhvm-amd64-xsm pass test-amd64-i386-xl-qemuu-debianhvm-amd64-xsm pass test-amd64-amd64-xl-qemut-stubdom-debianhvm-amd64-xsm pass test-amd64-i386-xl-qemut-stubdom-debianhvm-amd64-xsm pass test-amd64-amd64-libvirt-xsm pass test-armhf-armhf-libvirt-xsm pass test-amd64-i386-libvirt-xsm pass test-amd64-amd64-xl-xsm pass test-armhf-armhf-xl-xsm pass test-amd64-i386-xl-xsm pass test-amd64-amd64-qemuu-nested-amd fail test-amd64-amd64-xl-pvhv2-amd pass test-amd64-i386-qemut-rhel6hvm-amd pass test-amd64-i386-qemuu-rhel6hvm-amd pass test-amd64-amd64-xl-qemut-debianhvm-amd64 pass test-amd64-i386-xl-qemut-debianhvm-amd64 fail test-amd64-amd64-xl-qemuu-debianhvm-amd64 pass test-amd64-i386-xl-qemuu-debianhvm-amd64 pass test-amd64-i386-freebsd10-amd64 pass test-amd64-amd64-xl-qemuu-ovmf-amd64 pass test-amd64-i386-xl-qemuu-ovmf-amd64 pass test-amd64-amd64-rumprun-amd64 pass test-amd64-amd64-xl-qemut-win7-amd64 fail test-amd64-i386-xl-qemut-win7-amd64 fail test-amd64-amd64-xl-qemuu-win7-amd64 fail test-amd64-i386-xl-qemuu-win7-amd64 fail test-amd64-amd64-xl-qemut-ws16-amd64 fail test-amd64-i386-xl-qemut-ws16-amd64 fail test-amd64-amd64-xl-qemuu-ws16-amd64 fail test-amd64-i386-xl-qemuu-ws16-amd64 fail test-armhf-armhf-xl-arndale pass test-amd64-amd64-xl-credit2 pass test-armhf-armhf-xl-credit2 pass test-armhf-armhf-xl-cubietruck pass test-amd64-amd64-examine pass test-armhf-armhf-examine pass test-amd64-i386-examine pass test-amd64-i386-freebsd10-i386 pass test-amd64-i386-rumprun-i386 pass test-amd64-amd64-xl-qemut-win10-i386 fail test-amd64-i386-xl-qemut-win10-i386 fail test-amd64-amd64-xl-qemuu-win10-i386 fail test-amd64-i386-xl-qemuu-win10-i386 fail test-amd64-amd64-qemuu-nested-intel pass test-amd64-amd64-xl-pvhv2-intel pass test-amd64-i386-qemut-rhel6hvm-intel pass test-amd64-i386-qemuu-rhel6hvm-intel pass test-amd64-amd64-libvirt pass test-armhf-armhf-libvirt pass test-amd64-i386-libvirt pass test-amd64-amd64-xl-multivcpu pass test-armhf-armhf-xl-multivcpu pass test-amd64-amd64-pair pass test-amd64-i386-pair pass test-amd64-amd64-libvirt-pair pass test-amd64-i386-libvirt-pair pass test-amd64-amd64-amd64-pvgrub pass test-amd64-amd64-i386-pvgrub pass test-amd64-amd64-pygrub pass test-amd64-i386-libvirt-qcow2 pass test-amd64-amd64-xl-qcow2 fail test-armhf-armhf-libvirt-raw pass test-amd64-i386-xl-raw pass test-amd64-amd64-xl-rtds pass test-armhf-armhf-xl-rtds pass test-amd64-amd64-libvirt-vhd fail test-armhf-armhf-xl-vhd pass ------------------------------------------------------------ sg-report-flight on osstest.test-lab.xenproject.org logs: /home/logs/logs images: /home/logs/images Logs, config files, etc. are available at http://logs.test-lab.xenproject.org/osstest/logs Explanation of these reports, and of osstest in general, is at http://xenbits.xen.org/gitweb/?p=osstest.git;a=blob;f=README.email;hb=master http://xenbits.xen.org/gitweb/?p=osstest.git;a=blob;f=README;hb=master Test harness code can be found at http://xenbits.xen.org/gitweb?p=osstest.git;a=summary Not pushing. (No revision log; it would be 2687 lines long.) --===============0935954407461804092== Content-Type: text/plain; charset="utf-8" MIME-Version: 1.0 Content-Transfer-Encoding: base64 Content-Disposition: inline X19fX19fX19fX19fX19fX19fX19fX19fX19fX19fX19fX19fX19fX19fX19fX18KWGVuLWRldmVs IG1haWxpbmcgbGlzdApYZW4tZGV2ZWxAbGlzdHMueGVuLm9yZwpodHRwczovL2xpc3RzLnhlbi5v cmcveGVuLWRldmVsCg== --===============0935954407461804092==--