* [qemu-mainline test] 116107: regressions - FAIL
@ 2017-11-13 0:21 osstest service owner
0 siblings, 0 replies; only message in thread
From: osstest service owner @ 2017-11-13 0:21 UTC (permalink / raw)
To: xen-devel, osstest-admin
flight 116107 qemu-mainline real [real]
http://logs.test-lab.xenproject.org/osstest/logs/116107/
Regressions :-(
Tests which did not succeed and are blocking,
including tests which could not be run:
test-amd64-i386-xl 20 guest-start/debian.repeat fail REGR. vs. 115707
test-amd64-i386-xl-qemuu-ovmf-amd64 16 guest-localmigrate/x10 fail REGR. vs. 115707
Tests which did not succeed, but are not blocking:
test-amd64-amd64-libvirt-vhd 17 guest-start/debian.repeat fail like 115657
test-amd64-i386-libvirt-qcow2 17 guest-start/debian.repeat fail like 115692
test-armhf-armhf-libvirt-xsm 14 saverestore-support-check fail like 115707
test-amd64-amd64-xl-qcow2 19 guest-start/debian.repeat fail like 115707
test-armhf-armhf-libvirt 14 saverestore-support-check fail like 115707
test-amd64-amd64-xl-qemuu-ws16-amd64 17 guest-stop fail like 115707
test-amd64-i386-xl-qemuu-win7-amd64 17 guest-stop fail like 115707
test-amd64-amd64-xl-qemuu-win7-amd64 17 guest-stop fail like 115707
test-armhf-armhf-libvirt-raw 13 saverestore-support-check fail like 115707
test-armhf-armhf-xl-vhd 15 guest-start/debian.repeat fail like 115707
test-amd64-amd64-xl-pvhv2-intel 12 guest-start fail never pass
test-amd64-amd64-xl-pvhv2-amd 12 guest-start fail never pass
test-amd64-i386-libvirt 13 migrate-support-check fail never pass
test-amd64-i386-libvirt-xsm 13 migrate-support-check fail never pass
test-amd64-amd64-libvirt-xsm 13 migrate-support-check fail never pass
test-amd64-amd64-libvirt 13 migrate-support-check fail never pass
test-amd64-amd64-libvirt-qemuu-debianhvm-amd64-xsm 11 migrate-support-check fail never pass
test-amd64-i386-libvirt-qcow2 12 migrate-support-check fail never pass
test-amd64-i386-libvirt-qemuu-debianhvm-amd64-xsm 11 migrate-support-check fail never pass
test-amd64-amd64-libvirt-vhd 12 migrate-support-check fail never pass
test-amd64-amd64-qemuu-nested-amd 17 debian-hvm-install/l1/l2 fail never pass
test-armhf-armhf-xl-xsm 13 migrate-support-check fail never pass
test-armhf-armhf-xl-xsm 14 saverestore-support-check fail never pass
test-armhf-armhf-xl 13 migrate-support-check fail never pass
test-armhf-armhf-xl 14 saverestore-support-check fail never pass
test-armhf-armhf-xl-credit2 13 migrate-support-check fail never pass
test-armhf-armhf-xl-credit2 14 saverestore-support-check fail never pass
test-armhf-armhf-libvirt-xsm 13 migrate-support-check fail never pass
test-armhf-armhf-xl-rtds 13 migrate-support-check fail never pass
test-armhf-armhf-xl-rtds 14 saverestore-support-check fail never pass
test-armhf-armhf-libvirt 13 migrate-support-check fail never pass
test-armhf-armhf-libvirt-raw 12 migrate-support-check fail never pass
test-armhf-armhf-xl-arndale 13 migrate-support-check fail never pass
test-armhf-armhf-xl-arndale 14 saverestore-support-check fail never pass
test-armhf-armhf-xl-multivcpu 13 migrate-support-check fail never pass
test-armhf-armhf-xl-multivcpu 14 saverestore-support-check fail never pass
test-armhf-armhf-xl-cubietruck 13 migrate-support-check fail never pass
test-armhf-armhf-xl-cubietruck 14 saverestore-support-check fail never pass
test-amd64-i386-xl-qemuu-ws16-amd64 17 guest-stop fail never pass
test-armhf-armhf-xl-vhd 12 migrate-support-check fail never pass
test-armhf-armhf-xl-vhd 13 saverestore-support-check fail never pass
test-amd64-i386-xl-qemuu-win10-i386 10 windows-install fail never pass
test-amd64-amd64-xl-qemuu-win10-i386 10 windows-install fail never pass
version targeted for testing:
qemuu 4ffa88c99c54d2a30f79e3dbecec50b023eff1c8
baseline version:
qemuu b0fbe46ad82982b289a44ee2495b59b0bad8a842
Last test of basis 115707 2017-11-09 19:51:54 Z 3 days
Failing since 115732 2017-11-10 16:18:32 Z 2 days 3 attempts
Testing same since 115747 2017-11-11 07:29:17 Z 1 days 2 attempts
------------------------------------------------------------
People who touched revisions under test:
Daniel P. Berrange <berrange@redhat.com>
David Gibson <david@gibson.dropbear.id.au>
Greg Kurz <groug@kaod.org>
Longpeng <longpeng2@huawei.com>
Michael Davidsaver <mdavidsaver@gmail.com>
Peter Maydell <peter.maydell@linaro.org>
Thomas Huth <thuth@redhat.com>
jobs:
build-amd64-xsm pass
build-armhf-xsm pass
build-i386-xsm pass
build-amd64 pass
build-armhf pass
build-i386 pass
build-amd64-libvirt pass
build-armhf-libvirt pass
build-i386-libvirt pass
build-amd64-pvops pass
build-armhf-pvops pass
build-i386-pvops pass
test-amd64-amd64-xl pass
test-armhf-armhf-xl pass
test-amd64-i386-xl fail
test-amd64-amd64-libvirt-qemuu-debianhvm-amd64-xsm pass
test-amd64-i386-libvirt-qemuu-debianhvm-amd64-xsm pass
test-amd64-amd64-xl-qemuu-debianhvm-amd64-xsm pass
test-amd64-i386-xl-qemuu-debianhvm-amd64-xsm pass
test-amd64-amd64-libvirt-xsm pass
test-armhf-armhf-libvirt-xsm pass
test-amd64-i386-libvirt-xsm pass
test-amd64-amd64-xl-xsm pass
test-armhf-armhf-xl-xsm pass
test-amd64-i386-xl-xsm pass
test-amd64-amd64-qemuu-nested-amd fail
test-amd64-amd64-xl-pvhv2-amd fail
test-amd64-i386-qemuu-rhel6hvm-amd pass
test-amd64-amd64-xl-qemuu-debianhvm-amd64 pass
test-amd64-i386-xl-qemuu-debianhvm-amd64 pass
test-amd64-i386-freebsd10-amd64 pass
test-amd64-amd64-xl-qemuu-ovmf-amd64 pass
test-amd64-i386-xl-qemuu-ovmf-amd64 fail
test-amd64-amd64-xl-qemuu-win7-amd64 fail
test-amd64-i386-xl-qemuu-win7-amd64 fail
test-amd64-amd64-xl-qemuu-ws16-amd64 fail
test-amd64-i386-xl-qemuu-ws16-amd64 fail
test-armhf-armhf-xl-arndale pass
test-amd64-amd64-xl-credit2 pass
test-armhf-armhf-xl-credit2 pass
test-armhf-armhf-xl-cubietruck pass
test-amd64-i386-freebsd10-i386 pass
test-amd64-amd64-xl-qemuu-win10-i386 fail
test-amd64-i386-xl-qemuu-win10-i386 fail
test-amd64-amd64-qemuu-nested-intel pass
test-amd64-amd64-xl-pvhv2-intel fail
test-amd64-i386-qemuu-rhel6hvm-intel pass
test-amd64-amd64-libvirt pass
test-armhf-armhf-libvirt pass
test-amd64-i386-libvirt pass
test-amd64-amd64-xl-multivcpu pass
test-armhf-armhf-xl-multivcpu pass
test-amd64-amd64-pair pass
test-amd64-i386-pair pass
test-amd64-amd64-libvirt-pair pass
test-amd64-i386-libvirt-pair pass
test-amd64-amd64-amd64-pvgrub pass
test-amd64-amd64-i386-pvgrub pass
test-amd64-amd64-pygrub pass
test-amd64-i386-libvirt-qcow2 fail
test-amd64-amd64-xl-qcow2 fail
test-armhf-armhf-libvirt-raw pass
test-amd64-i386-xl-raw pass
test-amd64-amd64-xl-rtds pass
test-armhf-armhf-xl-rtds pass
test-amd64-amd64-libvirt-vhd fail
test-armhf-armhf-xl-vhd fail
------------------------------------------------------------
sg-report-flight on osstest.test-lab.xenproject.org
logs: /home/logs/logs
images: /home/logs/images
Logs, config files, etc. are available at
http://logs.test-lab.xenproject.org/osstest/logs
Explanation of these reports, and of osstest in general, is at
http://xenbits.xen.org/gitweb/?p=osstest.git;a=blob;f=README.email;hb=master
http://xenbits.xen.org/gitweb/?p=osstest.git;a=blob;f=README;hb=master
Test harness code can be found at
http://xenbits.xen.org/gitweb?p=osstest.git;a=summary
Not pushing.
------------------------------------------------------------
commit 4ffa88c99c54d2a30f79e3dbecec50b023eff1c8
Merge: 6058bfb f171063
Author: Peter Maydell <peter.maydell@linaro.org>
Date: Fri Nov 10 16:01:35 2017 +0000
Merge remote-tracking branch 'remotes/berrange/tags/pull-qcrypto-2017-11-08-1' into staging
Merge qcrypto 2017/11/08 v1
# gpg: Signature made Wed 08 Nov 2017 11:06:38 GMT
# gpg: using RSA key 0xBE86EBB415104FDF
# gpg: Good signature from "Daniel P. Berrange <dan@berrange.com>"
# gpg: aka "Daniel P. Berrange <berrange@redhat.com>"
# Primary key fingerprint: DAF3 A6FD B26B 6291 2D0E 8E3F BE86 EBB4 1510 4FDF
* remotes/berrange/tags/pull-qcrypto-2017-11-08-1:
crypto: afalg: fix a NULL pointer dereference
tests: Run the luks tests in test-crypto-block only if encryption is available
Signed-off-by: Peter Maydell <peter.maydell@linaro.org>
commit 6058bfb00a7b11559819e50f9aaab3b287fd46cf
Merge: b0fbe46 c91c187
Author: Peter Maydell <peter.maydell@linaro.org>
Date: Fri Nov 10 15:05:56 2017 +0000
Merge remote-tracking branch 'remotes/dgibson/tags/ppc-for-2.11-20171108' into staging
ppc patch queue 2017-11-08
Here's the current set of accumulated ppc patches for qemu-2.11.
Since we're now in hard freeze these are all bugfixes (although some
fix a bug by way of a cleanup).
# gpg: Signature made Wed 08 Nov 2017 08:10:38 GMT
# gpg: using RSA key 0x6C38CACA20D9B392
# gpg: Good signature from "David Gibson <david@gibson.dropbear.id.au>"
# gpg: aka "David Gibson (Red Hat) <dgibson@redhat.com>"
# gpg: aka "David Gibson (ozlabs.org) <dgibson@ozlabs.org>"
# gpg: aka "David Gibson (kernel.org) <dwg@kernel.org>"
# Primary key fingerprint: 75F4 6586 AE61 A66C C44E 87DC 6C38 CACA 20D9 B392
* remotes/dgibson/tags/ppc-for-2.11-20171108:
e500: ppce500_init_mpic() return device instead of IRQ array
hw/display/sm501: Fix comment in sm501_sysbus_class_init()
ppc: fix setting of compat mode
Signed-off-by: Peter Maydell <peter.maydell@linaro.org>
commit f1710638edb2e98008c2a733ffda63ef32b50411
Author: Longpeng <longpeng2@huawei.com>
Date: Tue Nov 7 19:32:06 2017 +0800
crypto: afalg: fix a NULL pointer dereference
Test-crypto-hash calls qcrypto_hash_bytesv/digest/base64 with
errp=NULL, this will cause a NULL pointer dereference if afalg_driver
doesn't support requested algos:
ret = qcrypto_hash_afalg_driver.hash_bytesv(alg, iov, niov,
result, resultlen,
errp);
if (ret == 0) {
return ret;
}
error_free(*errp); // <--- here
Because the error message is thrown away immediately, we should
just pass NULL to hash_bytesv(). There is also the same problem in
afalg-backend cipher & hmac, let's fix them together.
Reviewed-by: Eric Blake <eblake@redhat.com>
Reported-by: Paolo Bonzini <pbonzini@redhat.com>
Signed-off-by: Longpeng <longpeng2@huawei.com>
Signed-off-by: Daniel P. Berrange <berrange@redhat.com>
commit b417a7624c67a1544f8b6afe3de1a18fc380746e
Author: Thomas Huth <thuth@redhat.com>
Date: Fri Nov 3 12:54:52 2017 +0100
tests: Run the luks tests in test-crypto-block only if encryption is available
The test-crypto-block currently fails if encryption has not been
compiled into QEMU:
TEST: tests/test-crypto-block... (pid=22231)
/crypto/block/qcow: OK
/crypto/block/luks/default:
Unexpected error in qcrypto_pbkdf2() at qemu/crypto/pbkdf-stub.c:41:
FAIL
GTester: last random seed: R02Sbbb5b6f299c6727f41bb50ba4aa6ef5c
(pid=22237)
/crypto/block/luks/aes-256-cbc-plain64:
Unexpected error in qcrypto_pbkdf2() at qemu/crypto/pbkdf-stub.c:41:
FAIL
GTester: last random seed: R02S3e27992a5ab4cc95e141c4ed3c7f0d2e
(pid=22239)
/crypto/block/luks/aes-256-cbc-essiv:
Unexpected error in qcrypto_pbkdf2() at qemu/crypto/pbkdf-stub.c:41:
FAIL
GTester: last random seed: R02S51b52bb02a66c42d8b331fd305384f53
(pid=22241)
FAIL: tests/test-crypto-block
So run the luks test only if the required encryption support is available.
Signed-off-by: Thomas Huth <thuth@redhat.com>
Signed-off-by: Daniel P. Berrange <berrange@redhat.com>
commit c91c187f715aded9e1ac28412bba41fd3cbaf010
Author: Michael Davidsaver <mdavidsaver@gmail.com>
Date: Fri Oct 20 09:38:52 2017 -0500
e500: ppce500_init_mpic() return device instead of IRQ array
Actual number of interrupt pins isn't known
in ppce500_init_mpic() so a hardcoded number
was used, which causes a crash with older openpic.
Instead, return the DeviceState* and change ppce500_init()
to call qdev_get_gpio_in() to get only the irq pins
which are needed.
Signed-off-by: Michael Davidsaver <mdavidsaver@gmail.com>
Signed-off-by: David Gibson <david@gibson.dropbear.id.au>
commit 79b217dedb5ce70c5bc169b5e64b8a1f0d4bef9c
Author: Thomas Huth <thuth@redhat.com>
Date: Fri Oct 20 11:53:53 2017 +0200
hw/display/sm501: Fix comment in sm501_sysbus_class_init()
The "cannot_instantiate_with_device_add_yet" flag has been renamed
to "user_creatable" a while ago.
Signed-off-by: Thomas Huth <thuth@redhat.com>
Reviewed-by: Gerd Hoffmann <kraxel@redhat.com>
Signed-off-by: David Gibson <david@gibson.dropbear.id.au>
commit e4f0c6bb1a9f72ad9e32c3171d36bae17ea1cd67
Author: Greg Kurz <groug@kaod.org>
Date: Tue Oct 17 21:49:14 2017 +0200
ppc: fix setting of compat mode
While trying to make KVM PR usable again, commit 5dfaa532ae introduced a
regression: the current compat_pvr value is passed to KVM instead of the
new one. This means that we always pass 0 instead of the max-cpu-compat
PVR during the initial machine reset. And at CAS time, we either pass
the PVR from the command line or even don't call kvmppc_set_compat() at
all, ie, the PCR will not be set as expected.
For example if we start a big endian fedora26 guest in power7 compat
mode on a POWER8 host, we get this in the guest:
$ cat /proc/cpuinfo
processor : 0
cpu : POWER7 (architected), altivec supported
clock : 4024.000000MHz
revision : 2.0 (pvr 004d 0200)
timebase : 512000000
platform : pSeries
model : IBM pSeries (emulated by qemu)
machine : CHRP IBM pSeries (emulated by qemu)
MMU : Hash
but the guest can still execute POWER8 instructions, and the following
program succeeds:
int main()
{
asm("vncipher 0,0,0"); // ISA 2.07 instruction
}
Let's pass the new compat_pvr to kvmppc_set_compat() and the program fails
with SIGILL as expected.
Reported-by: Nageswara R Sastry <rnsastry@linux.vnet.ibm.com>
Signed-off-by: Greg Kurz <groug@kaod.org>
Signed-off-by: David Gibson <david@gibson.dropbear.id.au>
_______________________________________________
Xen-devel mailing list
Xen-devel@lists.xen.org
https://lists.xen.org/xen-devel
^ permalink raw reply [flat|nested] only message in thread
only message in thread, other threads:[~2017-11-13 0:21 UTC | newest]
Thread overview: (only message) (download: mbox.gz follow: Atom feed
-- links below jump to the message on this page --
2017-11-13 0:21 [qemu-mainline test] 116107: regressions - FAIL osstest service owner
This is a public inbox, see mirroring instructions
for how to clone and mirror all data and code used for this inbox;
as well as URLs for NNTP newsgroup(s).