* [libvirt test] 116130: regressions - FAIL
@ 2017-11-13 15:18 osstest service owner
0 siblings, 0 replies; only message in thread
From: osstest service owner @ 2017-11-13 15:18 UTC (permalink / raw)
To: xen-devel, osstest-admin
flight 116130 libvirt real [real]
http://logs.test-lab.xenproject.org/osstest/logs/116130/
Regressions :-(
Tests which did not succeed and are blocking,
including tests which could not be run:
build-i386-libvirt 6 libvirt-build fail REGR. vs. 115476
test-amd64-amd64-libvirt-vhd 17 guest-start/debian.repeat fail REGR. vs. 115476
build-armhf-libvirt 6 libvirt-build fail REGR. vs. 115476
Tests which did not succeed, but are not blocking:
test-amd64-i386-libvirt-qcow2 1 build-check(1) blocked n/a
test-amd64-i386-libvirt-qemuu-debianhvm-amd64-xsm 1 build-check(1) blocked n/a
test-amd64-i386-libvirt 1 build-check(1) blocked n/a
test-armhf-armhf-libvirt-raw 1 build-check(1) blocked n/a
test-amd64-i386-libvirt-xsm 1 build-check(1) blocked n/a
test-armhf-armhf-libvirt-xsm 1 build-check(1) blocked n/a
test-amd64-i386-libvirt-pair 1 build-check(1) blocked n/a
test-armhf-armhf-libvirt 1 build-check(1) blocked n/a
test-amd64-amd64-libvirt 13 migrate-support-check fail never pass
test-amd64-amd64-libvirt-qemuu-debianhvm-amd64-xsm 11 migrate-support-check fail never pass
test-amd64-amd64-libvirt-vhd 12 migrate-support-check fail never pass
test-amd64-amd64-libvirt-xsm 13 migrate-support-check fail never pass
version targeted for testing:
libvirt 1d358fa5c440eba267ae3db31bc5b02769fbaba7
baseline version:
libvirt 1bf893406637e852daeaafec6617d3ee3716de25
Last test of basis 115476 2017-11-02 04:22:37 Z 11 days
Failing since 115509 2017-11-03 04:20:26 Z 10 days 10 attempts
Testing same since 116130 2017-11-13 04:24:05 Z 0 days 1 attempts
------------------------------------------------------------
People who touched revisions under test:
Andrea Bolognani <abologna@redhat.com>
Christian Ehrhardt <christian.ehrhardt@canonical.com>
Daniel Veillard <veillard@redhat.com>
Dawid Zamirski <dzamirski@datto.com>
Jim Fehlig <jfehlig@suse.com>
Jiri Denemark <jdenemar@redhat.com>
John Ferlan <jferlan@redhat.com>
Michal Privoznik <mprivozn@redhat.com>
Nikolay Shirokovskiy <nshirokovskiy@virtuozzo.com>
Peter Krempa <pkrempa@redhat.com>
Pino Toscano <ptoscano@redhat.com>
Viktor Mihajlovski <mihajlov@linux.vnet.ibm.com>
Wim ten Have <wim.ten.have@oracle.com>
xinhua.Cao <caoxinhua@huawei.com>
jobs:
build-amd64-xsm pass
build-armhf-xsm pass
build-i386-xsm pass
build-amd64 pass
build-armhf pass
build-i386 pass
build-amd64-libvirt pass
build-armhf-libvirt fail
build-i386-libvirt fail
build-amd64-pvops pass
build-armhf-pvops pass
build-i386-pvops pass
test-amd64-amd64-libvirt-qemuu-debianhvm-amd64-xsm pass
test-amd64-i386-libvirt-qemuu-debianhvm-amd64-xsm blocked
test-amd64-amd64-libvirt-xsm pass
test-armhf-armhf-libvirt-xsm blocked
test-amd64-i386-libvirt-xsm blocked
test-amd64-amd64-libvirt pass
test-armhf-armhf-libvirt blocked
test-amd64-i386-libvirt blocked
test-amd64-amd64-libvirt-pair pass
test-amd64-i386-libvirt-pair blocked
test-amd64-i386-libvirt-qcow2 blocked
test-armhf-armhf-libvirt-raw blocked
test-amd64-amd64-libvirt-vhd fail
------------------------------------------------------------
sg-report-flight on osstest.test-lab.xenproject.org
logs: /home/logs/logs
images: /home/logs/images
Logs, config files, etc. are available at
http://logs.test-lab.xenproject.org/osstest/logs
Explanation of these reports, and of osstest in general, is at
http://xenbits.xen.org/gitweb/?p=osstest.git;a=blob;f=README.email;hb=master
http://xenbits.xen.org/gitweb/?p=osstest.git;a=blob;f=README;hb=master
Test harness code can be found at
http://xenbits.xen.org/gitweb?p=osstest.git;a=summary
Not pushing.
(No revision log; it would be 1461 lines long.)
_______________________________________________
Xen-devel mailing list
Xen-devel@lists.xen.org
https://lists.xen.org/xen-devel
^ permalink raw reply [flat|nested] only message in thread
only message in thread, other threads:[~2017-11-13 15:18 UTC | newest]
Thread overview: (only message) (download: mbox.gz follow: Atom feed
-- links below jump to the message on this page --
2017-11-13 15:18 [libvirt test] 116130: regressions - FAIL osstest service owner
This is a public inbox, see mirroring instructions
for how to clone and mirror all data and code used for this inbox;
as well as URLs for NNTP newsgroup(s).