* [qemu-mainline test] 116227: regressions - FAIL
@ 2017-11-17 14:56 osstest service owner
0 siblings, 0 replies; only message in thread
From: osstest service owner @ 2017-11-17 14:56 UTC (permalink / raw)
To: xen-devel, osstest-admin
[-- Attachment #1: Type: text/plain, Size: 12966 bytes --]
flight 116227 qemu-mainline real [real]
http://logs.test-lab.xenproject.org/osstest/logs/116227/
Regressions :-(
Tests which did not succeed and are blocking,
including tests which could not be run:
test-armhf-armhf-xl-credit2 6 xen-install fail REGR. vs. 116190
Tests which did not succeed, but are not blocking:
test-armhf-armhf-libvirt-xsm 14 saverestore-support-check fail like 116190
test-amd64-amd64-xl-qemuu-ws16-amd64 17 guest-stop fail like 116190
test-amd64-amd64-xl-qemuu-win7-amd64 17 guest-stop fail like 116190
test-amd64-i386-xl-qemuu-win7-amd64 17 guest-stop fail like 116190
test-armhf-armhf-libvirt 14 saverestore-support-check fail like 116190
test-armhf-armhf-libvirt-raw 13 saverestore-support-check fail like 116190
test-amd64-amd64-xl-pvhv2-intel 12 guest-start fail never pass
test-amd64-i386-libvirt 13 migrate-support-check fail never pass
test-amd64-i386-libvirt-xsm 13 migrate-support-check fail never pass
test-amd64-amd64-xl-pvhv2-amd 12 guest-start fail never pass
test-amd64-amd64-libvirt 13 migrate-support-check fail never pass
test-amd64-i386-libvirt-qcow2 12 migrate-support-check fail never pass
test-amd64-amd64-libvirt-qemuu-debianhvm-amd64-xsm 11 migrate-support-check fail never pass
test-amd64-i386-libvirt-qemuu-debianhvm-amd64-xsm 11 migrate-support-check fail never pass
test-amd64-amd64-libvirt-vhd 12 migrate-support-check fail never pass
test-amd64-amd64-qemuu-nested-amd 17 debian-hvm-install/l1/l2 fail never pass
test-armhf-armhf-xl-xsm 13 migrate-support-check fail never pass
test-armhf-armhf-xl-xsm 14 saverestore-support-check fail never pass
test-armhf-armhf-libvirt-xsm 13 migrate-support-check fail never pass
test-armhf-armhf-xl-rtds 13 migrate-support-check fail never pass
test-armhf-armhf-xl-rtds 14 saverestore-support-check fail never pass
test-amd64-amd64-libvirt-xsm 13 migrate-support-check fail never pass
test-armhf-armhf-xl-arndale 13 migrate-support-check fail never pass
test-armhf-armhf-xl-arndale 14 saverestore-support-check fail never pass
test-armhf-armhf-libvirt 13 migrate-support-check fail never pass
test-armhf-armhf-xl-cubietruck 13 migrate-support-check fail never pass
test-armhf-armhf-xl-cubietruck 14 saverestore-support-check fail never pass
test-armhf-armhf-xl-multivcpu 13 migrate-support-check fail never pass
test-armhf-armhf-xl 13 migrate-support-check fail never pass
test-armhf-armhf-xl-multivcpu 14 saverestore-support-check fail never pass
test-armhf-armhf-xl 14 saverestore-support-check fail never pass
test-amd64-i386-xl-qemuu-ws16-amd64 17 guest-stop fail never pass
test-armhf-armhf-libvirt-raw 12 migrate-support-check fail never pass
test-armhf-armhf-xl-vhd 12 migrate-support-check fail never pass
test-armhf-armhf-xl-vhd 13 saverestore-support-check fail never pass
test-amd64-i386-xl-qemuu-win10-i386 10 windows-install fail never pass
test-amd64-amd64-xl-qemuu-win10-i386 10 windows-install fail never pass
version targeted for testing:
qemuu 8048082f7a11040a366942a2de8abb4c3d0020c9
baseline version:
qemuu 1fa0f627d03cd0d0755924247cafeb42969016bf
Last test of basis 116190 2017-11-15 06:53:12 Z 2 days
Testing same since 116227 2017-11-16 13:17:17 Z 1 days 1 attempts
------------------------------------------------------------
People who touched revisions under test:
Marc-André Lureau <marcandre.lureau@redhat.com>
Peter Maydell <peter.maydell@linaro.org>
Stefan Berger <stefanb@linux.vnet.ibm.com>
jobs:
build-amd64-xsm pass
build-armhf-xsm pass
build-i386-xsm pass
build-amd64 pass
build-armhf pass
build-i386 pass
build-amd64-libvirt pass
build-armhf-libvirt pass
build-i386-libvirt pass
build-amd64-pvops pass
build-armhf-pvops pass
build-i386-pvops pass
test-amd64-amd64-xl pass
test-armhf-armhf-xl pass
test-amd64-i386-xl pass
test-amd64-amd64-libvirt-qemuu-debianhvm-amd64-xsm pass
test-amd64-i386-libvirt-qemuu-debianhvm-amd64-xsm pass
test-amd64-amd64-xl-qemuu-debianhvm-amd64-xsm pass
test-amd64-i386-xl-qemuu-debianhvm-amd64-xsm pass
test-amd64-amd64-libvirt-xsm pass
test-armhf-armhf-libvirt-xsm pass
test-amd64-i386-libvirt-xsm pass
test-amd64-amd64-xl-xsm pass
test-armhf-armhf-xl-xsm pass
test-amd64-i386-xl-xsm pass
test-amd64-amd64-qemuu-nested-amd fail
test-amd64-amd64-xl-pvhv2-amd fail
test-amd64-i386-qemuu-rhel6hvm-amd pass
test-amd64-amd64-xl-qemuu-debianhvm-amd64 pass
test-amd64-i386-xl-qemuu-debianhvm-amd64 pass
test-amd64-i386-freebsd10-amd64 pass
test-amd64-amd64-xl-qemuu-ovmf-amd64 pass
test-amd64-i386-xl-qemuu-ovmf-amd64 pass
test-amd64-amd64-xl-qemuu-win7-amd64 fail
test-amd64-i386-xl-qemuu-win7-amd64 fail
test-amd64-amd64-xl-qemuu-ws16-amd64 fail
test-amd64-i386-xl-qemuu-ws16-amd64 fail
test-armhf-armhf-xl-arndale pass
test-amd64-amd64-xl-credit2 pass
test-armhf-armhf-xl-credit2 fail
test-armhf-armhf-xl-cubietruck pass
test-amd64-i386-freebsd10-i386 pass
test-amd64-amd64-xl-qemuu-win10-i386 fail
test-amd64-i386-xl-qemuu-win10-i386 fail
test-amd64-amd64-qemuu-nested-intel pass
test-amd64-amd64-xl-pvhv2-intel fail
test-amd64-i386-qemuu-rhel6hvm-intel pass
test-amd64-amd64-libvirt pass
test-armhf-armhf-libvirt pass
test-amd64-i386-libvirt pass
test-amd64-amd64-xl-multivcpu pass
test-armhf-armhf-xl-multivcpu pass
test-amd64-amd64-pair pass
test-amd64-i386-pair pass
test-amd64-amd64-libvirt-pair pass
test-amd64-i386-libvirt-pair pass
test-amd64-amd64-amd64-pvgrub pass
test-amd64-amd64-i386-pvgrub pass
test-amd64-amd64-pygrub pass
test-amd64-i386-libvirt-qcow2 pass
test-amd64-amd64-xl-qcow2 pass
test-armhf-armhf-libvirt-raw pass
test-amd64-i386-xl-raw pass
test-amd64-amd64-xl-rtds pass
test-armhf-armhf-xl-rtds pass
test-amd64-amd64-libvirt-vhd pass
test-armhf-armhf-xl-vhd pass
------------------------------------------------------------
sg-report-flight on osstest.test-lab.xenproject.org
logs: /home/logs/logs
images: /home/logs/images
Logs, config files, etc. are available at
http://logs.test-lab.xenproject.org/osstest/logs
Explanation of these reports, and of osstest in general, is at
http://xenbits.xen.org/gitweb/?p=osstest.git;a=blob;f=README.email;hb=master
http://xenbits.xen.org/gitweb/?p=osstest.git;a=blob;f=README;hb=master
Test harness code can be found at
http://xenbits.xen.org/gitweb?p=osstest.git;a=summary
Not pushing.
------------------------------------------------------------
commit 8048082f7a11040a366942a2de8abb4c3d0020c9
Merge: 1fa0f62 6cd6596
Author: Peter Maydell <peter.maydell@linaro.org>
Date: Thu Nov 16 11:34:24 2017 +0000
Merge remote-tracking branch 'remotes/stefanberger/tags/pull-tpm-2017-11-15-1' into staging
Merge tpm 2017/11/15 v1
# gpg: Signature made Wed 15 Nov 2017 11:51:47 GMT
# gpg: using RSA key 0x75AD65802A0B4211
# gpg: Good signature from "Stefan Berger <stefanb@linux.vnet.ibm.com>"
# gpg: WARNING: This key is not certified with a trusted signature!
# gpg: There is no indication that the signature belongs to the owner.
# Primary key fingerprint: B818 B9CA DF90 89C2 D5CE C66B 75AD 6580 2A0B 4211
* remotes/stefanberger/tags/pull-tpm-2017-11-15-1:
tpm_tis: Return 0 for every register in case of failure mode
tpm_tis: Return TPM_VERSION_UNSPEC in case of BE failure
tpm-emulator: protect concurrent ctrl_chr access
specs: Extend TPM spec with TPM emulator description
Signed-off-by: Peter Maydell <peter.maydell@linaro.org>
commit 6cd65969da57eaa9bdff07b80ecca2becce0597a
Author: Stefan Berger <stefanb@linux.vnet.ibm.com>
Date: Fri Nov 10 22:33:14 2017 -0500
tpm_tis: Return 0 for every register in case of failure mode
Rather than returning ~0, return 0 for every register in case of failure
mode. The '0' is better to indicate that there's no device there. It avoids
SeaBIOS detecting a device and getting stuck on it trying to read and write
its registers.
Signed-off-by: Stefan Berger <stefanb@linux.vnet.ibm.com>
Reviewed-by: Marc-André Lureau <marcandre.lureau@redhat.com>
commit ad4aca69bbd40663ca93a3eb1d8042c023b9b407
Author: Stefan Berger <stefanb@linux.vnet.ibm.com>
Date: Fri Nov 10 22:07:35 2017 -0500
tpm_tis: Return TPM_VERSION_UNSPEC in case of BE failure
In case the backend has a failure, such as the tpm_emulator's CMD_INIT
failing, the TIS goes into failure mode and does not respond to reads
or writes to MMIO registers. In this case we need to prevent the ACPI
table from being added and the straight-forward way is to indicate that
there's no known TPM version being used.
Signed-off-by: Stefan Berger <stefanb@linux.vnet.ibm.com>
Reviewed-by: Marc-André Lureau <marcandre.lureau@redhat.com>
commit 17b1af773ed81a9167abfa09749ab92bd05740b0
Author: Marc-André Lureau <marcandre.lureau@redhat.com>
Date: Mon Nov 6 19:39:22 2017 +0100
tpm-emulator: protect concurrent ctrl_chr access
The control chardev is being used from the data thread to set the
locality of the next request. Altough the chr has a write mutex, we
may potentially read the reply from another thread request.
Add a mutex to protect from concurrent control commands.
Signed-off-by: Marc-André Lureau <marcandre.lureau@redhat.com>
Reviewed-by: Stefan Berger <stefanb@linux.vnet.ibm.com>
Signed-off-by: Stefan Berger <stefanb@linux.vnet.ibm.com>
commit 83e83c34b2102153682729531b9c9d3e6659f037
Author: Stefan Berger <stefanb@linux.vnet.ibm.com>
Date: Thu Oct 5 12:47:27 2017 -0400
specs: Extend TPM spec with TPM emulator description
Following the recent extension of QEMU with a TPM emulator device,
update the specs describing for how to interact with the device.
The results of commands run inside a Linux VM are expected to be
similar to those when the TPM passthrough device is used, so we
just reuse that.
Signed-off-by: Stefan Berger <stefanb@linux.vnet.ibm.com>
Reviewed-by: Marc-André Lureau <marcandre.lureau@redhat.com>
[-- Attachment #2: Type: text/plain, Size: 127 bytes --]
_______________________________________________
Xen-devel mailing list
Xen-devel@lists.xen.org
https://lists.xen.org/xen-devel
^ permalink raw reply [flat|nested] only message in thread
only message in thread, other threads:[~2017-11-17 14:56 UTC | newest]
Thread overview: (only message) (download: mbox.gz follow: Atom feed
-- links below jump to the message on this page --
2017-11-17 14:56 [qemu-mainline test] 116227: regressions - FAIL osstest service owner
This is a public inbox, see mirroring instructions
for how to clone and mirror all data and code used for this inbox;
as well as URLs for NNTP newsgroup(s).