From mboxrd@z Thu Jan 1 00:00:00 1970 From: osstest service owner Subject: [qemu-mainline test] 116339: regressions - FAIL Date: Mon, 20 Nov 2017 09:41:54 +0000 Message-ID: Mime-Version: 1.0 Content-Type: multipart/mixed; boundary="===============2197579300633414423==" Return-path: List-Unsubscribe: , List-Post: List-Help: List-Subscribe: , Errors-To: xen-devel-bounces@lists.xen.org Sender: "Xen-devel" To: xen-devel@lists.xensource.com, osstest-admin@xenproject.org List-Id: xen-devel@lists.xenproject.org --===============2197579300633414423== Content-Type: text/plain flight 116339 qemu-mainline real [real] http://logs.test-lab.xenproject.org/osstest/logs/116339/ Regressions :-( Tests which did not succeed and are blocking, including tests which could not be run: test-armhf-armhf-xl-credit2 16 guest-start/debian.repeat fail REGR. vs. 116190 Tests which are failing intermittently (not blocking): test-amd64-amd64-xl-qemuu-win7-amd64 16 guest-localmigrate/x10 fail in 116314 pass in 116339 test-armhf-armhf-xl 7 xen-boot fail pass in 116314 Tests which did not succeed, but are not blocking: test-armhf-armhf-xl 13 migrate-support-check fail in 116314 never pass test-armhf-armhf-xl 14 saverestore-support-check fail in 116314 never pass test-armhf-armhf-libvirt-xsm 14 saverestore-support-check fail like 116190 test-amd64-amd64-xl-qemuu-ws16-amd64 17 guest-stop fail like 116190 test-amd64-amd64-xl-qemuu-win7-amd64 17 guest-stop fail like 116190 test-amd64-i386-xl-qemuu-win7-amd64 17 guest-stop fail like 116190 test-armhf-armhf-libvirt 14 saverestore-support-check fail like 116190 test-armhf-armhf-libvirt-raw 13 saverestore-support-check fail like 116190 test-amd64-amd64-xl-pvhv2-intel 12 guest-start fail never pass test-amd64-i386-libvirt 13 migrate-support-check fail never pass test-amd64-i386-libvirt-xsm 13 migrate-support-check fail never pass test-amd64-amd64-xl-pvhv2-amd 12 guest-start fail never pass test-amd64-amd64-libvirt 13 migrate-support-check fail never pass test-amd64-amd64-libvirt-qemuu-debianhvm-amd64-xsm 11 migrate-support-check fail never pass test-amd64-i386-libvirt-qemuu-debianhvm-amd64-xsm 11 migrate-support-check fail never pass test-amd64-i386-libvirt-qcow2 12 migrate-support-check fail never pass test-amd64-amd64-libvirt-vhd 12 migrate-support-check fail never pass test-amd64-amd64-qemuu-nested-amd 17 debian-hvm-install/l1/l2 fail never pass test-armhf-armhf-xl-rtds 13 migrate-support-check fail never pass test-armhf-armhf-xl-rtds 14 saverestore-support-check fail never pass test-armhf-armhf-xl-xsm 13 migrate-support-check fail never pass test-armhf-armhf-xl-credit2 13 migrate-support-check fail never pass test-armhf-armhf-xl-credit2 14 saverestore-support-check fail never pass test-armhf-armhf-xl-xsm 14 saverestore-support-check fail never pass test-armhf-armhf-libvirt-xsm 13 migrate-support-check fail never pass test-amd64-amd64-libvirt-xsm 13 migrate-support-check fail never pass test-armhf-armhf-xl-arndale 13 migrate-support-check fail never pass test-armhf-armhf-xl-arndale 14 saverestore-support-check fail never pass test-armhf-armhf-libvirt 13 migrate-support-check fail never pass test-armhf-armhf-xl-cubietruck 13 migrate-support-check fail never pass test-armhf-armhf-xl-cubietruck 14 saverestore-support-check fail never pass test-armhf-armhf-xl-multivcpu 13 migrate-support-check fail never pass test-armhf-armhf-xl-multivcpu 14 saverestore-support-check fail never pass test-amd64-i386-xl-qemuu-ws16-amd64 17 guest-stop fail never pass test-armhf-armhf-libvirt-raw 12 migrate-support-check fail never pass test-armhf-armhf-xl-vhd 12 migrate-support-check fail never pass test-armhf-armhf-xl-vhd 13 saverestore-support-check fail never pass test-amd64-i386-xl-qemuu-win10-i386 10 windows-install fail never pass test-amd64-amd64-xl-qemuu-win10-i386 10 windows-install fail never pass version targeted for testing: qemuu 2e02083438962d26ef9dcc7100f3b378104183db baseline version: qemuu 1fa0f627d03cd0d0755924247cafeb42969016bf Last test of basis 116190 2017-11-15 06:53:12 Z 5 days Failing since 116227 2017-11-16 13:17:17 Z 3 days 4 attempts Testing same since 116314 2017-11-18 15:17:45 Z 1 days 2 attempts ------------------------------------------------------------ People who touched revisions under test: "Daniel P. Berrange" Alex Bennée Alexey Kardashevskiy Anton Nefedov BALATON Zoltan Christian Borntraeger Daniel Henrique Barboza Daniel P. Berrange Dariusz Stojaczyk Dou Liyang Dr. David Alan Gilbert Emilio G. Cota Eric Blake Gerd Hoffmann Jindrich Makovicka Kevin Wolf linzhecheng Marc-André Lureau Marcel Apfelbaum Maria Klimushenkova Max Reitz Michael S. Tsirkin Mike Nawrocki Paolo Bonzini Pavel Dovgalyuk Peter Maydell Philippe Mathieu-Daudé Richard Henderson Stefan Berger Stefan Hajnoczi Thomas Huth Vladimir Sementsov-Ogievskiy Wang Guang Wang Yong Wanpeng Li Yongbok Kim jobs: build-amd64-xsm pass build-armhf-xsm pass build-i386-xsm pass build-amd64 pass build-armhf pass build-i386 pass build-amd64-libvirt pass build-armhf-libvirt pass build-i386-libvirt pass build-amd64-pvops pass build-armhf-pvops pass build-i386-pvops pass test-amd64-amd64-xl pass test-armhf-armhf-xl fail test-amd64-i386-xl pass test-amd64-amd64-libvirt-qemuu-debianhvm-amd64-xsm pass test-amd64-i386-libvirt-qemuu-debianhvm-amd64-xsm pass test-amd64-amd64-xl-qemuu-debianhvm-amd64-xsm pass test-amd64-i386-xl-qemuu-debianhvm-amd64-xsm pass test-amd64-amd64-libvirt-xsm pass test-armhf-armhf-libvirt-xsm pass test-amd64-i386-libvirt-xsm pass test-amd64-amd64-xl-xsm pass test-armhf-armhf-xl-xsm pass test-amd64-i386-xl-xsm pass test-amd64-amd64-qemuu-nested-amd fail test-amd64-amd64-xl-pvhv2-amd fail test-amd64-i386-qemuu-rhel6hvm-amd pass test-amd64-amd64-xl-qemuu-debianhvm-amd64 pass test-amd64-i386-xl-qemuu-debianhvm-amd64 pass test-amd64-i386-freebsd10-amd64 pass test-amd64-amd64-xl-qemuu-ovmf-amd64 pass test-amd64-i386-xl-qemuu-ovmf-amd64 pass test-amd64-amd64-xl-qemuu-win7-amd64 fail test-amd64-i386-xl-qemuu-win7-amd64 fail test-amd64-amd64-xl-qemuu-ws16-amd64 fail test-amd64-i386-xl-qemuu-ws16-amd64 fail test-armhf-armhf-xl-arndale pass test-amd64-amd64-xl-credit2 pass test-armhf-armhf-xl-credit2 fail test-armhf-armhf-xl-cubietruck pass test-amd64-i386-freebsd10-i386 pass test-amd64-amd64-xl-qemuu-win10-i386 fail test-amd64-i386-xl-qemuu-win10-i386 fail test-amd64-amd64-qemuu-nested-intel pass test-amd64-amd64-xl-pvhv2-intel fail test-amd64-i386-qemuu-rhel6hvm-intel pass test-amd64-amd64-libvirt pass test-armhf-armhf-libvirt pass test-amd64-i386-libvirt pass test-amd64-amd64-xl-multivcpu pass test-armhf-armhf-xl-multivcpu pass test-amd64-amd64-pair pass test-amd64-i386-pair pass test-amd64-amd64-libvirt-pair pass test-amd64-i386-libvirt-pair pass test-amd64-amd64-amd64-pvgrub pass test-amd64-amd64-i386-pvgrub pass test-amd64-amd64-pygrub pass test-amd64-i386-libvirt-qcow2 pass test-amd64-amd64-xl-qcow2 pass test-armhf-armhf-libvirt-raw pass test-amd64-i386-xl-raw pass test-amd64-amd64-xl-rtds pass test-armhf-armhf-xl-rtds pass test-amd64-amd64-libvirt-vhd pass test-armhf-armhf-xl-vhd pass ------------------------------------------------------------ sg-report-flight on osstest.test-lab.xenproject.org logs: /home/logs/logs images: /home/logs/images Logs, config files, etc. are available at http://logs.test-lab.xenproject.org/osstest/logs Explanation of these reports, and of osstest in general, is at http://xenbits.xen.org/gitweb/?p=osstest.git;a=blob;f=README.email;hb=master http://xenbits.xen.org/gitweb/?p=osstest.git;a=blob;f=README;hb=master Test harness code can be found at http://xenbits.xen.org/gitweb?p=osstest.git;a=summary Not pushing. (No revision log; it would be 1414 lines long.) --===============2197579300633414423== Content-Type: text/plain; charset="utf-8" MIME-Version: 1.0 Content-Transfer-Encoding: base64 Content-Disposition: inline X19fX19fX19fX19fX19fX19fX19fX19fX19fX19fX19fX19fX19fX19fX19fX18KWGVuLWRldmVs IG1haWxpbmcgbGlzdApYZW4tZGV2ZWxAbGlzdHMueGVuLm9yZwpodHRwczovL2xpc3RzLnhlbi5v cmcveGVuLWRldmVsCg== --===============2197579300633414423==--