From: osstest service owner <osstest-admin@xenproject.org>
To: xen-devel@lists.xensource.com, osstest-admin@xenproject.org
Subject: [linux-next test] 116368: regressions - trouble: broken/fail/pass
Date: Tue, 21 Nov 2017 05:00:14 +0000 [thread overview]
Message-ID: <osstest-116368-mainreport@xen.org> (raw)
flight 116368 linux-next real [real]
http://logs.test-lab.xenproject.org/osstest/logs/116368/
Regressions :-(
Tests which did not succeed and are blocking,
including tests which could not be run:
test-amd64-i386-libvirt-pair <job status> broken
test-amd64-i386-libvirt-qcow2 <job status> broken
test-amd64-amd64-xl-qemuu-ovmf-amd64 <job status> broken
test-amd64-i386-libvirt-pair 5 host-install/dst_host(5) broken REGR. vs. 116316
test-amd64-amd64-xl-qemuu-ovmf-amd64 4 host-install(4) broken REGR. vs. 116316
test-amd64-i386-libvirt-qcow2 4 host-install(4) broken REGR. vs. 116316
test-amd64-amd64-xl-qemut-debianhvm-amd64 7 xen-boot fail REGR. vs. 116316
test-amd64-amd64-xl-qemut-ws16-amd64 7 xen-boot fail REGR. vs. 116316
test-amd64-amd64-pair 10 xen-boot/src_host fail REGR. vs. 116316
test-amd64-amd64-pair 11 xen-boot/dst_host fail REGR. vs. 116316
test-amd64-i386-xl-xsm 7 xen-boot fail REGR. vs. 116316
test-amd64-i386-xl-qemut-ws16-amd64 7 xen-boot fail REGR. vs. 116316
test-amd64-i386-libvirt-qemuu-debianhvm-amd64-xsm 7 xen-boot fail REGR. vs. 116316
test-amd64-amd64-amd64-pvgrub 7 xen-boot fail REGR. vs. 116316
test-amd64-amd64-xl 7 xen-boot fail REGR. vs. 116316
test-amd64-i386-xl-qemuu-debianhvm-amd64-xsm 7 xen-boot fail REGR. vs. 116316
test-amd64-i386-xl-qemuu-win7-amd64 7 xen-boot fail REGR. vs. 116316
test-amd64-amd64-xl-qemuu-debianhvm-amd64-xsm 7 xen-boot fail REGR. vs. 116316
test-amd64-amd64-libvirt-vhd 7 xen-boot fail REGR. vs. 116316
test-amd64-amd64-rumprun-amd64 7 xen-boot fail REGR. vs. 116316
test-amd64-i386-pair 10 xen-boot/src_host fail REGR. vs. 116316
test-amd64-i386-pair 11 xen-boot/dst_host fail REGR. vs. 116316
Tests which did not succeed, but are not blocking:
test-amd64-amd64-xl-qemut-win7-amd64 17 guest-stop fail blocked in 116316
test-amd64-i386-xl-qemut-debianhvm-amd64 7 xen-boot fail like 116316
test-amd64-amd64-xl-pvhv2-amd 7 xen-boot fail like 116316
test-amd64-i386-xl-qemuu-debianhvm-amd64 7 xen-boot fail like 116316
test-amd64-i386-qemut-rhel6hvm-amd 7 xen-boot fail like 116316
test-amd64-i386-xl-raw 7 xen-boot fail like 116316
test-amd64-i386-rumprun-i386 7 xen-boot fail like 116316
test-amd64-i386-examine 8 reboot fail like 116316
test-amd64-i386-xl-qemut-debianhvm-amd64-xsm 7 xen-boot fail like 116316
test-amd64-i386-freebsd10-i386 7 xen-boot fail like 116316
test-amd64-i386-libvirt-xsm 7 xen-boot fail like 116316
test-amd64-i386-freebsd10-amd64 7 xen-boot fail like 116316
test-amd64-i386-qemuu-rhel6hvm-amd 7 xen-boot fail like 116316
test-armhf-armhf-libvirt 14 saverestore-support-check fail like 116316
test-armhf-armhf-libvirt-xsm 14 saverestore-support-check fail like 116316
test-amd64-amd64-xl-qemuu-ws16-amd64 17 guest-stop fail like 116316
test-amd64-amd64-xl-qemuu-win7-amd64 17 guest-stop fail like 116316
test-armhf-armhf-libvirt-raw 13 saverestore-support-check fail like 116316
test-amd64-i386-xl-qemut-win7-amd64 17 guest-stop fail like 116316
test-amd64-i386-xl-qemuu-ws16-amd64 17 guest-stop fail like 116316
test-amd64-amd64-libvirt 13 migrate-support-check fail never pass
test-amd64-amd64-libvirt-xsm 13 migrate-support-check fail never pass
test-amd64-i386-libvirt 13 migrate-support-check fail never pass
test-amd64-amd64-libvirt-qemuu-debianhvm-amd64-xsm 11 migrate-support-check fail never pass
test-armhf-armhf-xl-xsm 13 migrate-support-check fail never pass
test-armhf-armhf-xl-xsm 14 saverestore-support-check fail never pass
test-amd64-amd64-qemuu-nested-amd 17 debian-hvm-install/l1/l2 fail never pass
test-armhf-armhf-xl 13 migrate-support-check fail never pass
test-armhf-armhf-xl 14 saverestore-support-check fail never pass
test-armhf-armhf-xl-credit2 13 migrate-support-check fail never pass
test-armhf-armhf-xl-credit2 14 saverestore-support-check fail never pass
test-armhf-armhf-xl-rtds 13 migrate-support-check fail never pass
test-armhf-armhf-xl-rtds 14 saverestore-support-check fail never pass
test-armhf-armhf-libvirt 13 migrate-support-check fail never pass
test-armhf-armhf-xl-cubietruck 13 migrate-support-check fail never pass
test-armhf-armhf-xl-cubietruck 14 saverestore-support-check fail never pass
test-armhf-armhf-xl-multivcpu 13 migrate-support-check fail never pass
test-armhf-armhf-libvirt-xsm 13 migrate-support-check fail never pass
test-armhf-armhf-xl-multivcpu 14 saverestore-support-check fail never pass
test-armhf-armhf-libvirt-raw 12 migrate-support-check fail never pass
test-armhf-armhf-xl-vhd 12 migrate-support-check fail never pass
test-armhf-armhf-xl-vhd 13 saverestore-support-check fail never pass
test-armhf-armhf-xl-arndale 13 migrate-support-check fail never pass
test-armhf-armhf-xl-arndale 14 saverestore-support-check fail never pass
test-amd64-amd64-xl-qemut-win10-i386 10 windows-install fail never pass
test-amd64-i386-xl-qemuu-win10-i386 10 windows-install fail never pass
test-amd64-amd64-xl-qemuu-win10-i386 10 windows-install fail never pass
test-amd64-i386-xl-qemut-win10-i386 10 windows-install fail never pass
version targeted for testing:
linux e6016f98372bc23392bc3a449c645a09f930f69f
baseline version:
linux 1deab8ce2c91e3b16563b7a7ea150f82334262ec
Last test of basis (not found)
Failing since (not found)
Testing same since 116368 2017-11-20 09:20:46 Z 0 days 1 attempts
jobs:
build-amd64-xsm pass
build-armhf-xsm pass
build-i386-xsm pass
build-amd64 pass
build-armhf pass
build-i386 pass
build-amd64-libvirt pass
build-armhf-libvirt pass
build-i386-libvirt pass
build-amd64-pvops pass
build-armhf-pvops pass
build-i386-pvops pass
build-amd64-rumprun pass
build-i386-rumprun pass
test-amd64-amd64-xl fail
test-armhf-armhf-xl pass
test-amd64-i386-xl pass
test-amd64-amd64-xl-qemut-debianhvm-amd64-xsm pass
test-amd64-i386-xl-qemut-debianhvm-amd64-xsm fail
test-amd64-amd64-libvirt-qemuu-debianhvm-amd64-xsm pass
test-amd64-i386-libvirt-qemuu-debianhvm-amd64-xsm fail
test-amd64-amd64-xl-qemuu-debianhvm-amd64-xsm fail
test-amd64-i386-xl-qemuu-debianhvm-amd64-xsm fail
test-amd64-amd64-xl-qemut-stubdom-debianhvm-amd64-xsm pass
test-amd64-i386-xl-qemut-stubdom-debianhvm-amd64-xsm pass
test-amd64-amd64-libvirt-xsm pass
test-armhf-armhf-libvirt-xsm pass
test-amd64-i386-libvirt-xsm fail
test-amd64-amd64-xl-xsm pass
test-armhf-armhf-xl-xsm pass
test-amd64-i386-xl-xsm fail
test-amd64-amd64-qemuu-nested-amd fail
test-amd64-amd64-xl-pvhv2-amd fail
test-amd64-i386-qemut-rhel6hvm-amd fail
test-amd64-i386-qemuu-rhel6hvm-amd fail
test-amd64-amd64-xl-qemut-debianhvm-amd64 fail
test-amd64-i386-xl-qemut-debianhvm-amd64 fail
test-amd64-amd64-xl-qemuu-debianhvm-amd64 pass
test-amd64-i386-xl-qemuu-debianhvm-amd64 fail
test-amd64-i386-freebsd10-amd64 fail
test-amd64-amd64-xl-qemuu-ovmf-amd64 broken
test-amd64-i386-xl-qemuu-ovmf-amd64 pass
test-amd64-amd64-rumprun-amd64 fail
test-amd64-amd64-xl-qemut-win7-amd64 fail
test-amd64-i386-xl-qemut-win7-amd64 fail
test-amd64-amd64-xl-qemuu-win7-amd64 fail
test-amd64-i386-xl-qemuu-win7-amd64 fail
test-amd64-amd64-xl-qemut-ws16-amd64 fail
test-amd64-i386-xl-qemut-ws16-amd64 fail
test-amd64-amd64-xl-qemuu-ws16-amd64 fail
test-amd64-i386-xl-qemuu-ws16-amd64 fail
test-armhf-armhf-xl-arndale pass
test-amd64-amd64-xl-credit2 pass
test-armhf-armhf-xl-credit2 pass
test-armhf-armhf-xl-cubietruck pass
test-amd64-amd64-examine pass
test-armhf-armhf-examine pass
test-amd64-i386-examine fail
test-amd64-i386-freebsd10-i386 fail
test-amd64-i386-rumprun-i386 fail
test-amd64-amd64-xl-qemut-win10-i386 fail
test-amd64-i386-xl-qemut-win10-i386 fail
test-amd64-amd64-xl-qemuu-win10-i386 fail
test-amd64-i386-xl-qemuu-win10-i386 fail
test-amd64-amd64-qemuu-nested-intel pass
test-amd64-amd64-xl-pvhv2-intel pass
test-amd64-i386-qemut-rhel6hvm-intel pass
test-amd64-i386-qemuu-rhel6hvm-intel pass
test-amd64-amd64-libvirt pass
test-armhf-armhf-libvirt pass
test-amd64-i386-libvirt pass
test-amd64-amd64-xl-multivcpu pass
test-armhf-armhf-xl-multivcpu pass
test-amd64-amd64-pair fail
test-amd64-i386-pair fail
test-amd64-amd64-libvirt-pair pass
test-amd64-i386-libvirt-pair broken
test-amd64-amd64-amd64-pvgrub fail
test-amd64-amd64-i386-pvgrub pass
test-amd64-amd64-pygrub pass
test-amd64-i386-libvirt-qcow2 broken
test-amd64-amd64-xl-qcow2 pass
test-armhf-armhf-libvirt-raw pass
test-amd64-i386-xl-raw fail
test-amd64-amd64-xl-rtds pass
test-armhf-armhf-xl-rtds pass
test-amd64-amd64-libvirt-vhd fail
test-armhf-armhf-xl-vhd pass
------------------------------------------------------------
sg-report-flight on osstest.test-lab.xenproject.org
logs: /home/logs/logs
images: /home/logs/images
Logs, config files, etc. are available at
http://logs.test-lab.xenproject.org/osstest/logs
Explanation of these reports, and of osstest in general, is at
http://xenbits.xen.org/gitweb/?p=osstest.git;a=blob;f=README.email;hb=master
http://xenbits.xen.org/gitweb/?p=osstest.git;a=blob;f=README;hb=master
Test harness code can be found at
http://xenbits.xen.org/gitweb?p=osstest.git;a=summary
Push not applicable.
_______________________________________________
Xen-devel mailing list
Xen-devel@lists.xen.org
https://lists.xen.org/xen-devel
reply other threads:[~2017-11-21 5:00 UTC|newest]
Thread overview: [no followups] expand[flat|nested] mbox.gz Atom feed
Reply instructions:
You may reply publicly to this message via plain-text email
using any one of the following methods:
* Save the following mbox file, import it into your mail client,
and reply-to-all from there: mbox
Avoid top-posting and favor interleaved quoting:
https://en.wikipedia.org/wiki/Posting_style#Interleaved_style
* Reply using the --to, --cc, and --in-reply-to
switches of git-send-email(1):
git send-email \
--in-reply-to=osstest-116368-mainreport@xen.org \
--to=osstest-admin@xenproject.org \
--cc=xen-devel@lists.xensource.com \
/path/to/YOUR_REPLY
https://kernel.org/pub/software/scm/git/docs/git-send-email.html
* If your mail client supports setting the In-Reply-To header
via mailto: links, try the mailto: link
Be sure your reply has a Subject: header at the top and a blank line
before the message body.
This is a public inbox, see mirroring instructions
for how to clone and mirror all data and code used for this inbox;
as well as URLs for NNTP newsgroup(s).