* [linux test] 11638: regressions - trouble: blocked/broken/pass
@ 2012-01-27 2:45 xen.org
0 siblings, 0 replies; only message in thread
From: xen.org @ 2012-01-27 2:45 UTC (permalink / raw)
To: xen-devel; +Cc: ian.jackson
flight 11638 linux real [real]
http://www.chiark.greenend.org.uk/~xensrcts/logs/11638/
Regressions :-(
Tests which did not succeed and are blocking,
including tests which could not be run:
build-i386 4 xen-build fail REGR. vs. 10764
build-amd64 4 xen-build fail REGR. vs. 10764
Tests which did not succeed, but are not blocking:
test-amd64-amd64-xl-pcipt-intel 1 xen-build-check(1) blocked n/a
test-amd64-i386-xl-multivcpu 1 xen-build-check(1) blocked n/a
test-i386-i386-xl 1 xen-build-check(1) blocked n/a
test-amd64-amd64-xl-sedf-pin 1 xen-build-check(1) blocked n/a
test-amd64-amd64-pair 1 xen-build-check(1) blocked n/a
test-amd64-i386-pair 1 xen-build-check(1) blocked n/a
test-amd64-i386-xl-credit2 1 xen-build-check(1) blocked n/a
test-amd64-amd64-xl-sedf 1 xen-build-check(1) blocked n/a
test-amd64-i386-rhel6hvm-intel 1 xen-build-check(1) blocked n/a
test-i386-i386-pair 1 xen-build-check(1) blocked n/a
test-amd64-i386-rhel6hvm-amd 1 xen-build-check(1) blocked n/a
test-i386-i386-pv 1 xen-build-check(1) blocked n/a
test-amd64-amd64-pv 1 xen-build-check(1) blocked n/a
test-amd64-i386-pv 1 xen-build-check(1) blocked n/a
test-amd64-i386-xl 1 xen-build-check(1) blocked n/a
test-amd64-amd64-xl 1 xen-build-check(1) blocked n/a
test-amd64-i386-xl-win-vcpus1 1 xen-build-check(1) blocked n/a
test-amd64-amd64-xl-winxpsp3 1 xen-build-check(1) blocked n/a
test-amd64-i386-win 1 xen-build-check(1) blocked n/a
test-amd64-i386-xl-win7-amd64 1 xen-build-check(1) blocked n/a
test-amd64-amd64-xl-win 1 xen-build-check(1) blocked n/a
test-amd64-i386-win-vcpus1 1 xen-build-check(1) blocked n/a
test-amd64-amd64-xl-win7-amd64 1 xen-build-check(1) blocked n/a
test-i386-i386-xl-winxpsp3 1 xen-build-check(1) blocked n/a
test-amd64-amd64-win 1 xen-build-check(1) blocked n/a
test-amd64-i386-xl-winxpsp3-vcpus1 1 xen-build-check(1) blocked n/a
test-amd64-i386-xend-winxpsp3 1 xen-build-check(1) blocked n/a
test-i386-i386-xl-win 1 xen-build-check(1) blocked n/a
test-i386-i386-win 1 xen-build-check(1) blocked n/a
version targeted for testing:
linux 1aaf53ee291d9e71d6ec05c0ebdb2854fea175ad
baseline version:
linux 8664c694e49d4d095706524a27b1fc734b9881ce
------------------------------------------------------------
People who touched revisions under test:
------------------------------------------------------------
jobs:
build-amd64 broken
build-i386 broken
build-amd64-pvops pass
build-i386-pvops pass
test-amd64-amd64-xl blocked
test-amd64-i386-xl blocked
test-i386-i386-xl blocked
test-amd64-i386-rhel6hvm-amd blocked
test-amd64-amd64-xl-win7-amd64 blocked
test-amd64-i386-xl-win7-amd64 blocked
test-amd64-i386-xl-credit2 blocked
test-amd64-amd64-xl-pcipt-intel blocked
test-amd64-i386-rhel6hvm-intel blocked
test-amd64-i386-xl-multivcpu blocked
test-amd64-amd64-pair blocked
test-amd64-i386-pair blocked
test-i386-i386-pair blocked
test-amd64-amd64-xl-sedf-pin blocked
test-amd64-amd64-pv blocked
test-amd64-i386-pv blocked
test-i386-i386-pv blocked
test-amd64-amd64-xl-sedf blocked
test-amd64-i386-win-vcpus1 blocked
test-amd64-i386-xl-win-vcpus1 blocked
test-amd64-i386-xl-winxpsp3-vcpus1 blocked
test-amd64-amd64-win blocked
test-amd64-i386-win blocked
test-i386-i386-win blocked
test-amd64-amd64-xl-win blocked
test-i386-i386-xl-win blocked
test-amd64-i386-xend-winxpsp3 blocked
test-amd64-amd64-xl-winxpsp3 blocked
test-i386-i386-xl-winxpsp3 blocked
------------------------------------------------------------
sg-report-flight on woking.cam.xci-test.com
logs: /home/xc_osstest/logs
images: /home/xc_osstest/images
Logs, config files, etc. are available at
http://www.chiark.greenend.org.uk/~xensrcts/logs
Test harness code can be found at
http://xenbits.xensource.com/gitweb?p=osstest.git;a=summary
Not pushing.
------------------------------------------------------------
commit 1aaf53ee291d9e71d6ec05c0ebdb2854fea175ad
Merge: 8664c69... b16a92f...
Author: Jeremy Fitzhardinge <jeremy@goop.org>
Date: Thu Jan 26 13:19:51 2012 -0800
Merge commit 'v2.6.32.55' into xen/next-2.6.32
* commit 'v2.6.32.55': (28 commits)
Linux 2.6.32.55
kprobes: initialize before using a hlist
score: fix off-by-one index into syscall table
sym53c8xx: Fix NULL pointer dereference in slave_destroy
ALSA: HDA: Fix internal microphone on Dell Studio 16 XPS 1645
kernel.h: add printk_ratelimited and pr_<level>_rl
block: add and use scsi_blk_cmd_ioctl
USB: Fix 'bad dma' problem on WDM device disconnect
fix cputime overflow in uptime_proc_show
USB: cdc-wdm: fix misuse of logical operation in place of bitop
nfsd: Fix oops when parsing a 0 length export
svcrpc: destroy server sockets all at once
svcrpc: fix double-free on shutdown of nfsd after changing pool mode
V4L/DVB: v4l2-ioctl: integer overflow in video_usercopy()
i2c: Fix error value returned by several bus drivers
UBI: fix nameless volumes handling
x86: Fix mmap random address range
PNP: work around Dell 1536/1546 BIOS MMCONFIG bug that breaks USB
ima: free duplicate measurement memory
xen/xenbus: Reject replies with payload > XENSTORE_PAYLOAD_MAX.
...
^ permalink raw reply [flat|nested] only message in thread
only message in thread, other threads:[~2012-01-27 2:45 UTC | newest]
Thread overview: (only message) (download: mbox.gz follow: Atom feed
-- links below jump to the message on this page --
2012-01-27 2:45 [linux test] 11638: regressions - trouble: blocked/broken/pass xen.org
This is a public inbox, see mirroring instructions
for how to clone and mirror all data and code used for this inbox;
as well as URLs for NNTP newsgroup(s).