* [xen-unstable test] 116388: regressions - trouble: blocked/broken/fail/pass
@ 2017-11-21 20:43 osstest service owner
0 siblings, 0 replies; only message in thread
From: osstest service owner @ 2017-11-21 20:43 UTC (permalink / raw)
To: xen-devel, osstest-admin
flight 116388 xen-unstable real [real]
http://logs.test-lab.xenproject.org/osstest/logs/116388/
Regressions :-(
Tests which did not succeed and are blocking,
including tests which could not be run:
build-amd64 <job status> broken
test-amd64-amd64-xl-qemut-debianhvm-amd64-xsm <job status> broken
test-amd64-i386-xl-qemut-stubdom-debianhvm-amd64-xsm <job status> broken
build-amd64 4 host-install(4) broken REGR. vs. 116214
test-armhf-armhf-xl-xsm <job status> broken in 116366
test-armhf-armhf-xl-credit2 17 guest-start.2 fail in 116337 REGR. vs. 116214
Tests which are failing intermittently (not blocking):
test-armhf-armhf-xl-xsm 4 host-install(4) broken in 116366 pass in 116388
test-amd64-i386-xl-qemut-stubdom-debianhvm-amd64-xsm 4 host-install(4) broken pass in 116366
test-amd64-amd64-xl-qemut-debianhvm-amd64-xsm 4 host-install(4) broken pass in 116366
test-amd64-i386-xl-qemuu-win7-amd64 13 guest-saverestore fail in 116366 pass in 116337
test-armhf-armhf-libvirt-raw 7 xen-boot fail in 116366 pass in 116388
test-armhf-armhf-xl-credit2 16 guest-start/debian.repeat fail pass in 116337
test-armhf-armhf-xl 6 xen-install fail pass in 116366
Tests which did not succeed, but are not blocking:
test-amd64-i386-libvirt-qcow2 1 build-check(1) blocked n/a
test-amd64-amd64-xl-qemuu-debianhvm-amd64 1 build-check(1) blocked n/a
test-amd64-i386-freebsd10-i386 1 build-check(1) blocked n/a
test-amd64-amd64-qemuu-nested-intel 1 build-check(1) blocked n/a
test-xtf-amd64-amd64-1 1 build-check(1) blocked n/a
test-amd64-amd64-migrupgrade 1 build-check(1) blocked n/a
test-amd64-i386-xl-qemut-win10-i386 1 build-check(1) blocked n/a
test-amd64-i386-xl-qemuu-win10-i386 1 build-check(1) blocked n/a
test-amd64-amd64-xl-multivcpu 1 build-check(1) blocked n/a
test-amd64-i386-examine 1 build-check(1) blocked n/a
test-amd64-amd64-libvirt 1 build-check(1) blocked n/a
test-amd64-i386-xl-qemut-ws16-amd64 1 build-check(1) blocked n/a
test-amd64-amd64-xl-qemut-win10-i386 1 build-check(1) blocked n/a
test-amd64-i386-xl-qemut-debianhvm-amd64 1 build-check(1) blocked n/a
test-amd64-i386-qemut-rhel6hvm-intel 1 build-check(1) blocked n/a
test-amd64-i386-freebsd10-amd64 1 build-check(1) blocked n/a
test-amd64-amd64-pair 1 build-check(1) blocked n/a
test-amd64-amd64-xl-qemuu-win10-i386 1 build-check(1) blocked n/a
test-amd64-amd64-xl-qemuu-win7-amd64 1 build-check(1) blocked n/a
test-amd64-amd64-libvirt-qemuu-debianhvm-amd64-xsm 1 build-check(1) blocked n/a
test-amd64-amd64-pygrub 1 build-check(1) blocked n/a
test-amd64-i386-xl-qemuu-ws16-amd64 1 build-check(1) blocked n/a
test-amd64-amd64-xl-qcow2 1 build-check(1) blocked n/a
test-amd64-amd64-amd64-pvgrub 1 build-check(1) blocked n/a
test-xtf-amd64-amd64-2 1 build-check(1) blocked n/a
test-amd64-amd64-xl-qemut-win7-amd64 1 build-check(1) blocked n/a
test-amd64-i386-xl-qemuu-debianhvm-amd64 1 build-check(1) blocked n/a
build-amd64-rumprun 1 build-check(1) blocked n/a
test-amd64-i386-xl 1 build-check(1) blocked n/a
test-amd64-i386-libvirt-pair 1 build-check(1) blocked n/a
test-amd64-i386-livepatch 1 build-check(1) blocked n/a
test-xtf-amd64-amd64-4 1 build-check(1) blocked n/a
test-amd64-amd64-xl-qemuu-ovmf-amd64 1 build-check(1) blocked n/a
test-amd64-amd64-libvirt-vhd 1 build-check(1) blocked n/a
test-amd64-amd64-xl-credit2 1 build-check(1) blocked n/a
build-amd64-libvirt 1 build-check(1) blocked n/a
test-amd64-amd64-rumprun-amd64 1 build-check(1) blocked n/a
test-xtf-amd64-amd64-3 1 build-check(1) blocked n/a
test-amd64-i386-xl-qemuu-ovmf-amd64 1 build-check(1) blocked n/a
test-amd64-i386-xl-raw 1 build-check(1) blocked n/a
test-amd64-amd64-i386-pvgrub 1 build-check(1) blocked n/a
test-amd64-i386-qemuu-rhel6hvm-amd 1 build-check(1) blocked n/a
test-amd64-amd64-xl-qemut-ws16-amd64 1 build-check(1) blocked n/a
test-xtf-amd64-amd64-5 1 build-check(1) blocked n/a
test-amd64-amd64-xl-qemuu-ws16-amd64 1 build-check(1) blocked n/a
test-amd64-amd64-libvirt-pair 1 build-check(1) blocked n/a
test-amd64-i386-libvirt 1 build-check(1) blocked n/a
test-amd64-amd64-xl-pvhv2-intel 1 build-check(1) blocked n/a
test-amd64-amd64-libvirt-xsm 1 build-check(1) blocked n/a
test-amd64-i386-qemuu-rhel6hvm-intel 1 build-check(1) blocked n/a
test-amd64-i386-migrupgrade 1 build-check(1) blocked n/a
test-amd64-i386-xl-qemuu-win7-amd64 1 build-check(1) blocked n/a
test-amd64-amd64-xl 1 build-check(1) blocked n/a
test-amd64-i386-pair 1 build-check(1) blocked n/a
test-amd64-amd64-xl-pvhv2-amd 1 build-check(1) blocked n/a
test-amd64-i386-rumprun-i386 1 build-check(1) blocked n/a
test-amd64-amd64-qemuu-nested-amd 1 build-check(1) blocked n/a
test-amd64-i386-xl-qemut-win7-amd64 1 build-check(1) blocked n/a
test-amd64-i386-qemut-rhel6hvm-amd 1 build-check(1) blocked n/a
test-amd64-amd64-examine 1 build-check(1) blocked n/a
test-amd64-amd64-livepatch 1 build-check(1) blocked n/a
test-amd64-amd64-xl-qemut-debianhvm-amd64 1 build-check(1) blocked n/a
test-amd64-amd64-xl-rtds 1 build-check(1) blocked n/a
test-amd64-i386-xl-qemuu-win7-amd64 17 guest-stop fail in 116337 like 116214
test-amd64-amd64-xl-qemuu-win7-amd64 16 guest-localmigrate/x10 fail in 116366 like 116199
test-amd64-amd64-xl-qemut-win7-amd64 17 guest-stop fail in 116366 like 116199
test-amd64-i386-xl-qemut-win7-amd64 17 guest-stop fail in 116366 like 116214
test-amd64-i386-xl-qemuu-ws16-amd64 17 guest-stop fail in 116366 like 116214
test-amd64-amd64-xl-qemuu-ws16-amd64 17 guest-stop fail in 116366 like 116214
test-amd64-amd64-xl-qemut-ws16-amd64 17 guest-stop fail in 116366 like 116214
test-amd64-amd64-xl-pvhv2-intel 12 guest-start fail in 116366 never pass
test-amd64-amd64-xl-pvhv2-amd 12 guest-start fail in 116366 never pass
test-amd64-amd64-libvirt-xsm 13 migrate-support-check fail in 116366 never pass
test-amd64-amd64-libvirt 13 migrate-support-check fail in 116366 never pass
test-amd64-i386-libvirt 13 migrate-support-check fail in 116366 never pass
test-amd64-amd64-libvirt-qemuu-debianhvm-amd64-xsm 11 migrate-support-check fail in 116366 never pass
test-amd64-i386-libvirt-qcow2 12 migrate-support-check fail in 116366 never pass
test-amd64-amd64-libvirt-vhd 12 migrate-support-check fail in 116366 never pass
test-amd64-amd64-qemuu-nested-amd 17 debian-hvm-install/l1/l2 fail in 116366 never pass
test-armhf-armhf-xl 13 migrate-support-check fail in 116366 never pass
test-armhf-armhf-xl 14 saverestore-support-check fail in 116366 never pass
test-amd64-i386-xl-qemut-ws16-amd64 17 guest-stop fail in 116366 never pass
test-amd64-i386-xl-qemut-win10-i386 10 windows-install fail in 116366 never pass
test-amd64-i386-xl-qemuu-win10-i386 10 windows-install fail in 116366 never pass
test-amd64-amd64-xl-qemut-win10-i386 10 windows-install fail in 116366 never pass
test-amd64-amd64-xl-qemuu-win10-i386 10 windows-install fail in 116366 never pass
test-armhf-armhf-libvirt-xsm 14 saverestore-support-check fail like 116214
test-armhf-armhf-libvirt 14 saverestore-support-check fail like 116214
test-armhf-armhf-libvirt-raw 13 saverestore-support-check fail like 116214
test-amd64-i386-libvirt-xsm 13 migrate-support-check fail never pass
test-amd64-i386-libvirt-qemuu-debianhvm-amd64-xsm 11 migrate-support-check fail never pass
test-armhf-armhf-xl-arndale 13 migrate-support-check fail never pass
test-armhf-armhf-xl-arndale 14 saverestore-support-check fail never pass
test-armhf-armhf-libvirt-xsm 13 migrate-support-check fail never pass
test-armhf-armhf-xl-credit2 13 migrate-support-check fail never pass
test-armhf-armhf-xl-credit2 14 saverestore-support-check fail never pass
test-armhf-armhf-libvirt 13 migrate-support-check fail never pass
test-armhf-armhf-xl-xsm 13 migrate-support-check fail never pass
test-armhf-armhf-xl-xsm 14 saverestore-support-check fail never pass
test-armhf-armhf-xl-cubietruck 13 migrate-support-check fail never pass
test-armhf-armhf-xl-cubietruck 14 saverestore-support-check fail never pass
test-armhf-armhf-libvirt-raw 12 migrate-support-check fail never pass
test-armhf-armhf-xl-multivcpu 13 migrate-support-check fail never pass
test-armhf-armhf-xl-multivcpu 14 saverestore-support-check fail never pass
test-armhf-armhf-xl-rtds 13 migrate-support-check fail never pass
test-armhf-armhf-xl-rtds 14 saverestore-support-check fail never pass
test-armhf-armhf-xl-vhd 12 migrate-support-check fail never pass
test-armhf-armhf-xl-vhd 13 saverestore-support-check fail never pass
version targeted for testing:
xen eb0660c6950e08e44fdfeca3e29320382e2a1554
baseline version:
xen b9ee1fd7b98064cf27d0f8f1adf1f5359b72c97f
Last test of basis 116214 2017-11-16 02:14:29 Z 5 days
Failing since 116224 2017-11-16 11:51:35 Z 5 days 6 attempts
Testing same since 116261 2017-11-17 10:00:16 Z 4 days 5 attempts
------------------------------------------------------------
People who touched revisions under test:
Adrian Pop <apop@bitdefender.com>
Andrew Cooper <andrew.cooper3@citrix.com>
Jan Beulich <jbeulich@suse.com>
Julien Grall <julien.grall@linaro.org>
Stefano Stabellini <sstabellini@kernel.org>
jobs:
build-amd64-xsm pass
build-armhf-xsm pass
build-i386-xsm pass
build-amd64-xtf pass
build-amd64 broken
build-armhf pass
build-i386 pass
build-amd64-libvirt blocked
build-armhf-libvirt pass
build-i386-libvirt pass
build-amd64-prev pass
build-i386-prev pass
build-amd64-pvops pass
build-armhf-pvops pass
build-i386-pvops pass
build-amd64-rumprun blocked
build-i386-rumprun pass
test-xtf-amd64-amd64-1 blocked
test-xtf-amd64-amd64-2 blocked
test-xtf-amd64-amd64-3 blocked
test-xtf-amd64-amd64-4 blocked
test-xtf-amd64-amd64-5 blocked
test-amd64-amd64-xl blocked
test-armhf-armhf-xl fail
test-amd64-i386-xl blocked
test-amd64-amd64-xl-qemut-debianhvm-amd64-xsm broken
test-amd64-i386-xl-qemut-debianhvm-amd64-xsm pass
test-amd64-amd64-libvirt-qemuu-debianhvm-amd64-xsm blocked
test-amd64-i386-libvirt-qemuu-debianhvm-amd64-xsm pass
test-amd64-amd64-xl-qemuu-debianhvm-amd64-xsm pass
test-amd64-i386-xl-qemuu-debianhvm-amd64-xsm pass
test-amd64-amd64-xl-qemut-stubdom-debianhvm-amd64-xsm pass
test-amd64-i386-xl-qemut-stubdom-debianhvm-amd64-xsm broken
test-amd64-amd64-libvirt-xsm blocked
test-armhf-armhf-libvirt-xsm pass
test-amd64-i386-libvirt-xsm pass
test-amd64-amd64-xl-xsm pass
test-armhf-armhf-xl-xsm pass
test-amd64-i386-xl-xsm pass
test-amd64-amd64-qemuu-nested-amd blocked
test-amd64-amd64-xl-pvhv2-amd blocked
test-amd64-i386-qemut-rhel6hvm-amd blocked
test-amd64-i386-qemuu-rhel6hvm-amd blocked
test-amd64-amd64-xl-qemut-debianhvm-amd64 blocked
test-amd64-i386-xl-qemut-debianhvm-amd64 blocked
test-amd64-amd64-xl-qemuu-debianhvm-amd64 blocked
test-amd64-i386-xl-qemuu-debianhvm-amd64 blocked
test-amd64-i386-freebsd10-amd64 blocked
test-amd64-amd64-xl-qemuu-ovmf-amd64 blocked
test-amd64-i386-xl-qemuu-ovmf-amd64 blocked
test-amd64-amd64-rumprun-amd64 blocked
test-amd64-amd64-xl-qemut-win7-amd64 blocked
test-amd64-i386-xl-qemut-win7-amd64 blocked
test-amd64-amd64-xl-qemuu-win7-amd64 blocked
test-amd64-i386-xl-qemuu-win7-amd64 blocked
test-amd64-amd64-xl-qemut-ws16-amd64 blocked
test-amd64-i386-xl-qemut-ws16-amd64 blocked
test-amd64-amd64-xl-qemuu-ws16-amd64 blocked
test-amd64-i386-xl-qemuu-ws16-amd64 blocked
test-armhf-armhf-xl-arndale pass
test-amd64-amd64-xl-credit2 blocked
test-armhf-armhf-xl-credit2 fail
test-armhf-armhf-xl-cubietruck pass
test-amd64-amd64-examine blocked
test-armhf-armhf-examine pass
test-amd64-i386-examine blocked
test-amd64-i386-freebsd10-i386 blocked
test-amd64-i386-rumprun-i386 blocked
test-amd64-amd64-xl-qemut-win10-i386 blocked
test-amd64-i386-xl-qemut-win10-i386 blocked
test-amd64-amd64-xl-qemuu-win10-i386 blocked
test-amd64-i386-xl-qemuu-win10-i386 blocked
test-amd64-amd64-qemuu-nested-intel blocked
test-amd64-amd64-xl-pvhv2-intel blocked
test-amd64-i386-qemut-rhel6hvm-intel blocked
test-amd64-i386-qemuu-rhel6hvm-intel blocked
test-amd64-amd64-libvirt blocked
test-armhf-armhf-libvirt pass
test-amd64-i386-libvirt blocked
test-amd64-amd64-livepatch blocked
test-amd64-i386-livepatch blocked
test-amd64-amd64-migrupgrade blocked
test-amd64-i386-migrupgrade blocked
test-amd64-amd64-xl-multivcpu blocked
test-armhf-armhf-xl-multivcpu pass
test-amd64-amd64-pair blocked
test-amd64-i386-pair blocked
test-amd64-amd64-libvirt-pair blocked
test-amd64-i386-libvirt-pair blocked
test-amd64-amd64-amd64-pvgrub blocked
test-amd64-amd64-i386-pvgrub blocked
test-amd64-amd64-pygrub blocked
test-amd64-i386-libvirt-qcow2 blocked
test-amd64-amd64-xl-qcow2 blocked
test-armhf-armhf-libvirt-raw pass
test-amd64-i386-xl-raw blocked
test-amd64-amd64-xl-rtds blocked
test-armhf-armhf-xl-rtds pass
test-amd64-amd64-libvirt-vhd blocked
test-armhf-armhf-xl-vhd pass
------------------------------------------------------------
sg-report-flight on osstest.test-lab.xenproject.org
logs: /home/logs/logs
images: /home/logs/images
Logs, config files, etc. are available at
http://logs.test-lab.xenproject.org/osstest/logs
Explanation of these reports, and of osstest in general, is at
http://xenbits.xen.org/gitweb/?p=osstest.git;a=blob;f=README.email;hb=master
http://xenbits.xen.org/gitweb/?p=osstest.git;a=blob;f=README;hb=master
Test harness code can be found at
http://xenbits.xen.org/gitweb?p=osstest.git;a=summary
broken-job build-amd64 broken
broken-job test-amd64-amd64-xl-qemut-debianhvm-amd64-xsm broken
broken-job test-amd64-i386-xl-qemut-stubdom-debianhvm-amd64-xsm broken
broken-step test-amd64-i386-xl-qemut-stubdom-debianhvm-amd64-xsm host-install(4)
broken-step test-amd64-amd64-xl-qemut-debianhvm-amd64-xsm host-install(4)
broken-step build-amd64 host-install(4)
broken-job test-armhf-armhf-xl-xsm broken
Not pushing.
------------------------------------------------------------
commit eb0660c6950e08e44fdfeca3e29320382e2a1554
Author: Adrian Pop <apop@bitdefender.com>
Date: Wed Nov 15 15:47:59 2017 +0200
x86/hvm: Fix altp2m_vcpu_enable_notify error handling
The altp2m_vcpu_enable_notify subop handler might skip calling
rcu_unlock_domain() after rcu_lock_current_domain(). Albeit since both
rcu functions are no-ops when run on the current domain, this doesn't
really have repercussions.
The second change is adding a missing break that would have potentially
enabled #VE for the current domain even if it had intended to enable it
for another one (not a supported functionality).
Signed-off-by: Adrian Pop <apop@bitdefender.com>
Reviewed-by: Andrew Cooper <andrew.cooper3@citrix.com>
Reviewed-by: Jan Beulich <jbeulich@suse.com>
Release-acked-by: Julien Grall <julien.grall@linaro.org>
commit d20daf4294adbdb9316850566013edb98db7bfbc
Author: Andrew Cooper <andrew.cooper3@citrix.com>
Date: Thu Nov 16 10:38:14 2017 +0100
x86/shadow: correct SH_LINEAR mapping detection in sh_guess_wrmap()
The fix for XSA-243 / CVE-2017-15592 (c/s bf2b4eadcf379) introduced a change
in behaviour for sh_guest_wrmap(), where it had to cope with no shadow linear
mapping being present.
As the name suggests, guest_vtable is a mapping of the guests pagetable, not
Xen's pagetable, meaning that it isn't the pagetable we need to check for the
shadow linear slot in.
The practical upshot is that a shadow HVM vcpu which switches into 4-level
paging mode, with an L4 pagetable that contains a mapping which aliases Xen's
SH_LINEAR_PT_VIRT_START will fool the safety check for whether a SHADOW_LINEAR
mapping is present. As the check passes (when it should have failed), Xen
subsequently falls over the missing mapping with a pagefault such as:
(XEN) Pagetable walk from ffff8140a0503880:
(XEN) L4[0x102] = 000000046c218063 ffffffffffffffff
(XEN) L3[0x102] = 000000046c218063 ffffffffffffffff
(XEN) L2[0x102] = 000000046c218063 ffffffffffffffff
(XEN) L1[0x103] = 0000000000000000 ffffffffffffffff
This is part of XSA-243.
Signed-off-by: Andrew Cooper <andrew.cooper3@citrix.com>
Reviewed-by: Tim Deegan <tim@xen.org>
commit 2c458dfcb59f3d9d8a35fc5ffbf780b6ed7a26a6
Author: Jan Beulich <jbeulich@suse.com>
Date: Thu Nov 16 10:37:29 2017 +0100
x86: don't wrongly trigger linear page table assertion
_put_page_type() may do multiple iterations until its cmpxchg()
succeeds. It invokes set_tlbflush_timestamp() on the first
iteration, however. Code inside the function takes care of this, but
- the assertion in _put_final_page_type() would trigger on the second
iteration if time stamps in a debug build are permitted to be
sufficiently much wider than the default 6 bits (see WRAP_MASK in
flushtlb.c),
- it returning -EINTR (for a continuation to be scheduled) would leave
the page inconsistent state (until the re-invocation completes).
Make the set_tlbflush_timestamp() invocation conditional, bypassing it
(for now) only in the case we really can't tolerate the stamp to be
stored.
This is part of XSA-240.
Signed-off-by: Jan Beulich <jbeulich@suse.com>
Reviewed-by: George Dunlap <george.dunlap@citrix.com>
commit ca4b2e52a894845f26fc5b784f465e31c4cef90b
Author: Julien Grall <julien.grall@linaro.org>
Date: Wed Nov 15 19:34:14 2017 +0000
xen/arm: p2m: Add more debug in get_page_from_gva
The function get_page_from_gva is used by copy_*_guest helpers to
translate a guest virtual address to a machine physical address and take
reference on the page.
There are a couple of errors paths that will return the same value making
it difficult to know the exact error. Add more debug in each error patch
only for debug-build.
This should help narrowing down the intermittent failure with the
hypercall GNTTABOP_copy (see [1]).
[1] https://lists.xen.org/archives/html/xen-devel/2017-11/msg00942.html
Signed-off-by: Julien Grall <julien.grall@linaro.org>
Acked-by: Stefano Stabellini <sstabellini@kernel.org>
Signed-off-by: Stefano Stabellini <sstabellini@kernel.org>
commit 17a33f943ea93daa7e8c61faad6d1dfd16176761
Author: Julien Grall <julien.grall@linaro.org>
Date: Wed Nov 15 19:34:13 2017 +0000
xen/arm: mm: Change the return value of gvirt_to_maddr
Currently, gvirt_to_maddr return -EFAULT when the translation failed.
It might be useful to return the PAR_EL1 (Physical Address Register)
in such a case to get a better idea of the reason.
So modify the return value to use 0 on success or return the PAR on
failure.
The callers are modified to reflect the change of the return value.
Note that with the change in gvirt_to_maddr, ma needs to be initialized
to avoid GCC been confused (i.e value may be uninitialized) with the new
construction.
Signed-off-by: Julien Grall <julien.grall@linaro.org>
Acked-by: Stefano Stabellini <sstabellini@kernel.org>
Signed-off-by: Stefano Stabellini <sstabellini@kernel.org>
(qemu changes not included)
_______________________________________________
Xen-devel mailing list
Xen-devel@lists.xen.org
https://lists.xen.org/xen-devel
^ permalink raw reply [flat|nested] only message in thread
only message in thread, other threads:[~2017-11-21 20:43 UTC | newest]
Thread overview: (only message) (download: mbox.gz follow: Atom feed
-- links below jump to the message on this page --
2017-11-21 20:43 [xen-unstable test] 116388: regressions - trouble: blocked/broken/fail/pass osstest service owner
This is a public inbox, see mirroring instructions
for how to clone and mirror all data and code used for this inbox;
as well as URLs for NNTP newsgroup(s).