* [libvirt test] 116391: trouble: broken/pass
@ 2017-11-21 16:45 osstest service owner
0 siblings, 0 replies; only message in thread
From: osstest service owner @ 2017-11-21 16:45 UTC (permalink / raw)
To: xen-devel, osstest-admin
flight 116391 libvirt real [real]
http://logs.test-lab.xenproject.org/osstest/logs/116391/
Failures and problems with tests :-(
Tests which did not succeed and are blocking,
including tests which could not be run:
test-amd64-i386-libvirt-pair <job status> broken
test-amd64-i386-libvirt-pair 5 host-install/dst_host(5) broken REGR. vs. 116362
Tests which did not succeed, but are not blocking:
test-armhf-armhf-libvirt 14 saverestore-support-check fail like 116362
test-armhf-armhf-libvirt-xsm 14 saverestore-support-check fail like 116362
test-armhf-armhf-libvirt-raw 13 saverestore-support-check fail like 116362
test-amd64-amd64-libvirt-xsm 13 migrate-support-check fail never pass
test-amd64-amd64-libvirt 13 migrate-support-check fail never pass
test-amd64-i386-libvirt-xsm 13 migrate-support-check fail never pass
test-amd64-i386-libvirt 13 migrate-support-check fail never pass
test-amd64-i386-libvirt-qemuu-debianhvm-amd64-xsm 11 migrate-support-check fail never pass
test-amd64-i386-libvirt-qcow2 12 migrate-support-check fail never pass
test-amd64-amd64-libvirt-qemuu-debianhvm-amd64-xsm 11 migrate-support-check fail never pass
test-amd64-amd64-libvirt-vhd 12 migrate-support-check fail never pass
test-armhf-armhf-libvirt 13 migrate-support-check fail never pass
test-armhf-armhf-libvirt-xsm 13 migrate-support-check fail never pass
test-armhf-armhf-libvirt-raw 12 migrate-support-check fail never pass
version targeted for testing:
libvirt 0d110277c0b57d934415a2ea29d3e6cbf9f0f200
baseline version:
libvirt 3343ab0cd99c04761c17a36d9af354536df9e741
Last test of basis 116362 2017-11-20 04:20:14 Z 1 days
Testing same since 116391 2017-11-21 04:30:03 Z 0 days 1 attempts
------------------------------------------------------------
People who touched revisions under test:
Andrea Bolognani <abologna@redhat.com>
Michal Privoznik <mprivozn@redhat.com>
Nikolay Shirokovskiy <nshirokovskiy@virtuozzo.com>
Pino Toscano <ptoscano@redhat.com>
jobs:
build-amd64-xsm pass
build-armhf-xsm pass
build-i386-xsm pass
build-amd64 pass
build-armhf pass
build-i386 pass
build-amd64-libvirt pass
build-armhf-libvirt pass
build-i386-libvirt pass
build-amd64-pvops pass
build-armhf-pvops pass
build-i386-pvops pass
test-amd64-amd64-libvirt-qemuu-debianhvm-amd64-xsm pass
test-amd64-i386-libvirt-qemuu-debianhvm-amd64-xsm pass
test-amd64-amd64-libvirt-xsm pass
test-armhf-armhf-libvirt-xsm pass
test-amd64-i386-libvirt-xsm pass
test-amd64-amd64-libvirt pass
test-armhf-armhf-libvirt pass
test-amd64-i386-libvirt pass
test-amd64-amd64-libvirt-pair pass
test-amd64-i386-libvirt-pair broken
test-amd64-i386-libvirt-qcow2 pass
test-armhf-armhf-libvirt-raw pass
test-amd64-amd64-libvirt-vhd pass
------------------------------------------------------------
sg-report-flight on osstest.test-lab.xenproject.org
logs: /home/logs/logs
images: /home/logs/images
Logs, config files, etc. are available at
http://logs.test-lab.xenproject.org/osstest/logs
Explanation of these reports, and of osstest in general, is at
http://xenbits.xen.org/gitweb/?p=osstest.git;a=blob;f=README.email;hb=master
http://xenbits.xen.org/gitweb/?p=osstest.git;a=blob;f=README;hb=master
Test harness code can be found at
http://xenbits.xen.org/gitweb?p=osstest.git;a=summary
broken-job test-amd64-i386-libvirt-pair broken
broken-step test-amd64-i386-libvirt-pair host-install/dst_host(5)
Not pushing.
------------------------------------------------------------
commit 0d110277c0b57d934415a2ea29d3e6cbf9f0f200
Author: Nikolay Shirokovskiy <nshirokovskiy@virtuozzo.com>
Date: Fri Nov 17 16:17:38 2017 +0300
tests: fix typo
Signed-off-by: Michal Privoznik <mprivozn@redhat.com>
Reviewed-by: Daniel P. Berrange <berrange@redhat.com>
commit 937f319536723fec57ad472b002a159d0f67a77c
Author: Michal Privoznik <mprivozn@redhat.com>
Date: Tue Nov 14 17:19:58 2017 +0100
qemuBuildDeviceAddressStr: Prefer default alias for PCI bus
https://bugzilla.redhat.com/show_bug.cgi?id=1434451
Just like in 9324f67a572f9b32 we need to put default pci-root
alias onto the command line instead of the one provided by user.
Signed-off-by: Michal Privoznik <mprivozn@redhat.com>
commit f66e5896ad6013c2f31eef1c909999b33ba8847e
Author: Michal Privoznik <mprivozn@redhat.com>
Date: Wed Nov 15 15:18:43 2017 +0100
qemuBuildDriveDevStr: Prefer default alias for SATA bus
https://bugzilla.redhat.com/show_bug.cgi?id=1434451
Just like in 9324f67a572f9b32 we need to put default sata alias
(which is hardcoded to "ide", obvious, right?) onto the command
line instead of the one provided by user.
Signed-off-by: Michal Privoznik <mprivozn@redhat.com>
commit 481f8fdca1528f1398ef458b7c37ba57ea55dc68
Author: Michal Privoznik <mprivozn@redhat.com>
Date: Wed Nov 15 15:17:39 2017 +0100
virQEMUCapsHasPCIMultiBus: Fix @def type
This function only queries domain @def. It doesn't change it.
Therefore it should take const pointer.
Signed-off-by: Michal Privoznik <mprivozn@redhat.com>
commit 18dfc0014501c3811ee32669ea96583131dca9b3
Author: Andrea Bolognani <abologna@redhat.com>
Date: Wed Nov 8 15:55:16 2017 +0100
conf,qemu: Use type-aware switches where possible
The compiler can warn us if we add a value to the
virDomainChrSerialTargetType enumeration but forget to handle
it properly in the code. Let's take advantage of that.
This commit is best viewed with 'git diff -w'.
Signed-off-by: Andrea Bolognani <abologna@redhat.com>
Reviewed-by: Pavel Hrdina <phrdina@redhat.com>
commit 593639ffffa43f52aae53038bc8bd75ec700b12f
Author: Pino Toscano <ptoscano@redhat.com>
Date: Wed Nov 15 18:08:44 2017 +0100
qemu: add QEMU_CAPS_DEVICE_SCLPLMCONSOLE
Add a separate capability for the sclplmconsole device, and check it
specifically instead of using QEMU_CAPS_DEVICE_SCLPCONSOLE for that too.
Signed-off-by: Pino Toscano <ptoscano@redhat.com>
Reviewed-by: Andrea Bolognani <abologna@redhat.com>
commit 98b55862efb3aad3d96223286f417d1b85921a68
Author: Pino Toscano <ptoscano@redhat.com>
Date: Wed Nov 15 18:05:44 2017 +0100
qemu: rename QEMU_CAPS_SCLP_S390 to QEMU_CAPS_DEVICE_SCLPCONSOLE
Give a better name to the capability for the sclpconsole device.
Signed-off-by: Pino Toscano <ptoscano@redhat.com>
Reviewed-by: Andrea Bolognani <abologna@redhat.com>
commit 87eabeb17d637b753dbb1e63e417e25bbd0f7d61
Author: Andrea Bolognani <abologna@redhat.com>
Date: Wed Nov 8 19:13:28 2017 +0100
qemu: Add QEMU_CAPS_DEVICE_SPAPR_VTY
Up until now we assumed the spapr-vty device would always be
present, which is not very nice. Check for its availability before
using it instead.
Signed-off-by: Andrea Bolognani <abologna@redhat.com>
Reviewed-by: Pavel Hrdina <phrdina@redhat.com>
_______________________________________________
Xen-devel mailing list
Xen-devel@lists.xen.org
https://lists.xen.org/xen-devel
^ permalink raw reply [flat|nested] only message in thread
only message in thread, other threads:[~2017-11-21 16:45 UTC | newest]
Thread overview: (only message) (download: mbox.gz follow: Atom feed
-- links below jump to the message on this page --
2017-11-21 16:45 [libvirt test] 116391: trouble: broken/pass osstest service owner
This is a public inbox, see mirroring instructions
for how to clone and mirror all data and code used for this inbox;
as well as URLs for NNTP newsgroup(s).