* [xen-4.7-testing test] 116399: regressions - trouble: broken/fail/pass
@ 2017-11-22 5:18 osstest service owner
0 siblings, 0 replies; only message in thread
From: osstest service owner @ 2017-11-22 5:18 UTC (permalink / raw)
To: xen-devel, osstest-admin
flight 116399 xen-4.7-testing real [real]
http://logs.test-lab.xenproject.org/osstest/logs/116399/
Regressions :-(
Tests which did not succeed and are blocking,
including tests which could not be run:
test-amd64-i386-libvirt <job status> broken
test-amd64-i386-xl-qemut-stubdom-debianhvm-amd64-xsm <job status> broken
test-amd64-amd64-amd64-pvgrub <job status> broken
test-xtf-amd64-amd64-2 <job status> broken
test-amd64-amd64-rumprun-amd64 <job status> broken in 116377
test-amd64-amd64-libvirt <job status> broken in 116377
test-amd64-i386-xl-qemuu-debianhvm-amd64-xsm <job status> broken in 116377
test-amd64-amd64-xl-qcow2 <job status> broken in 116377
test-xtf-amd64-amd64-3 49 xtf/test-hvm64-lbr-tsx-vmentry fail REGR. vs. 116348
build-armhf-xsm 6 xen-build fail in 116377 REGR. vs. 116348
Tests which are failing intermittently (not blocking):
test-amd64-i386-xl-qemuu-debianhvm-amd64-xsm 4 host-install(4) broken in 116377 pass in 116399
test-amd64-amd64-xl-qcow2 4 host-install(4) broken in 116377 pass in 116399
test-amd64-amd64-libvirt 4 host-install(4) broken in 116377 pass in 116399
test-amd64-amd64-rumprun-amd64 4 host-install(4) broken in 116377 pass in 116399
test-xtf-amd64-amd64-2 4 host-install(4) broken pass in 116377
test-amd64-i386-xl-qemut-stubdom-debianhvm-amd64-xsm 4 host-install(4) broken pass in 116377
test-amd64-i386-libvirt 4 host-install(4) broken pass in 116377
test-amd64-amd64-amd64-pvgrub 4 host-install(4) broken pass in 116377
Tests which did not succeed, but are not blocking:
test-armhf-armhf-libvirt-xsm 1 build-check(1) blocked in 116377 n/a
test-armhf-armhf-xl-xsm 1 build-check(1) blocked in 116377 n/a
test-armhf-armhf-xl-rtds 12 guest-start fail in 116377 like 116219
test-xtf-amd64-amd64-2 49 xtf/test-hvm64-lbr-tsx-vmentry fail in 116377 like 116348
test-xtf-amd64-amd64-1 49 xtf/test-hvm64-lbr-tsx-vmentry fail in 116377 like 116348
test-amd64-amd64-xl-qemuu-win7-amd64 17 guest-stop fail in 116377 like 116348
test-amd64-i386-libvirt 13 migrate-support-check fail in 116377 never pass
test-armhf-armhf-libvirt 14 saverestore-support-check fail like 116321
test-amd64-amd64-xl-qemuu-win7-amd64 16 guest-localmigrate/x10 fail like 116321
test-amd64-amd64-xl-qemut-ws16-amd64 17 guest-stop fail like 116321
test-xtf-amd64-amd64-5 49 xtf/test-hvm64-lbr-tsx-vmentry fail like 116348
test-amd64-i386-xl-qemut-win7-amd64 17 guest-stop fail like 116348
test-amd64-i386-xl-qemut-ws16-amd64 17 guest-stop fail like 116348
test-armhf-armhf-libvirt-raw 13 saverestore-support-check fail like 116348
test-armhf-armhf-xl-rtds 16 guest-start/debian.repeat fail like 116348
test-amd64-i386-xl-qemuu-win7-amd64 17 guest-stop fail like 116348
test-amd64-amd64-xl-qemut-win7-amd64 17 guest-stop fail like 116348
test-armhf-armhf-libvirt-xsm 14 saverestore-support-check fail like 116348
test-amd64-amd64-xl-qemuu-ws16-amd64 17 guest-stop fail like 116348
test-amd64-i386-xl-qemuu-ws16-amd64 17 guest-stop fail like 116348
test-amd64-i386-libvirt-xsm 13 migrate-support-check fail never pass
test-amd64-amd64-libvirt 13 migrate-support-check fail never pass
test-amd64-amd64-libvirt-xsm 13 migrate-support-check fail never pass
test-amd64-amd64-libvirt-qemuu-debianhvm-amd64-xsm 11 migrate-support-check fail never pass
test-amd64-i386-libvirt-qemuu-debianhvm-amd64-xsm 11 migrate-support-check fail never pass
test-amd64-i386-libvirt-qcow2 12 migrate-support-check fail never pass
test-armhf-armhf-xl-arndale 13 migrate-support-check fail never pass
test-armhf-armhf-xl-arndale 14 saverestore-support-check fail never pass
test-amd64-amd64-qemuu-nested-amd 17 debian-hvm-install/l1/l2 fail never pass
test-armhf-armhf-xl-xsm 13 migrate-support-check fail never pass
test-armhf-armhf-xl-xsm 14 saverestore-support-check fail never pass
test-amd64-amd64-libvirt-vhd 12 migrate-support-check fail never pass
test-armhf-armhf-xl 13 migrate-support-check fail never pass
test-armhf-armhf-xl 14 saverestore-support-check fail never pass
test-armhf-armhf-libvirt 13 migrate-support-check fail never pass
test-armhf-armhf-xl-credit2 13 migrate-support-check fail never pass
test-armhf-armhf-xl-credit2 14 saverestore-support-check fail never pass
test-armhf-armhf-xl-cubietruck 13 migrate-support-check fail never pass
test-armhf-armhf-xl-cubietruck 14 saverestore-support-check fail never pass
test-armhf-armhf-xl-multivcpu 13 migrate-support-check fail never pass
test-armhf-armhf-xl-multivcpu 14 saverestore-support-check fail never pass
test-armhf-armhf-xl-rtds 13 migrate-support-check fail never pass
test-armhf-armhf-xl-rtds 14 saverestore-support-check fail never pass
test-armhf-armhf-libvirt-raw 12 migrate-support-check fail never pass
test-armhf-armhf-xl-vhd 12 migrate-support-check fail never pass
test-armhf-armhf-xl-vhd 13 saverestore-support-check fail never pass
test-armhf-armhf-libvirt-xsm 13 migrate-support-check fail never pass
test-amd64-i386-xl-qemuu-win10-i386 10 windows-install fail never pass
test-amd64-amd64-xl-qemuu-win10-i386 10 windows-install fail never pass
test-amd64-amd64-xl-qemut-win10-i386 10 windows-install fail never pass
test-amd64-i386-xl-qemut-win10-i386 10 windows-install fail never pass
version targeted for testing:
xen bcc9e245aafbdae44c761053c898bedb3582cc4d
baseline version:
xen 259a5c3000d840f244dbb30f2b47b95f2dc0f80f
Last test of basis 116348 2017-11-19 18:52:56 Z 2 days
Testing same since 116377 2017-11-20 15:14:35 Z 1 days 2 attempts
------------------------------------------------------------
People who touched revisions under test:
Jan Beulich <jbeulich@suse.com>
jobs:
build-amd64-xsm pass
build-armhf-xsm pass
build-i386-xsm pass
build-amd64-xtf pass
build-amd64 pass
build-armhf pass
build-i386 pass
build-amd64-libvirt pass
build-armhf-libvirt pass
build-i386-libvirt pass
build-amd64-prev pass
build-i386-prev pass
build-amd64-pvops pass
build-armhf-pvops pass
build-i386-pvops pass
build-amd64-rumprun pass
build-i386-rumprun pass
test-xtf-amd64-amd64-1 pass
test-xtf-amd64-amd64-2 broken
test-xtf-amd64-amd64-3 pass
test-xtf-amd64-amd64-4 pass
test-xtf-amd64-amd64-5 pass
test-amd64-amd64-xl pass
test-armhf-armhf-xl pass
test-amd64-i386-xl pass
test-amd64-amd64-xl-qemut-debianhvm-amd64-xsm pass
test-amd64-i386-xl-qemut-debianhvm-amd64-xsm pass
test-amd64-amd64-libvirt-qemuu-debianhvm-amd64-xsm pass
test-amd64-i386-libvirt-qemuu-debianhvm-amd64-xsm pass
test-amd64-amd64-xl-qemuu-debianhvm-amd64-xsm pass
test-amd64-i386-xl-qemuu-debianhvm-amd64-xsm pass
test-amd64-amd64-xl-qemut-stubdom-debianhvm-amd64-xsm pass
test-amd64-i386-xl-qemut-stubdom-debianhvm-amd64-xsm broken
test-amd64-amd64-libvirt-xsm pass
test-armhf-armhf-libvirt-xsm pass
test-amd64-i386-libvirt-xsm pass
test-amd64-amd64-xl-xsm pass
test-armhf-armhf-xl-xsm pass
test-amd64-i386-xl-xsm pass
test-amd64-amd64-qemuu-nested-amd fail
test-amd64-i386-qemut-rhel6hvm-amd pass
test-amd64-i386-qemuu-rhel6hvm-amd pass
test-amd64-amd64-xl-qemut-debianhvm-amd64 pass
test-amd64-i386-xl-qemut-debianhvm-amd64 pass
test-amd64-amd64-xl-qemuu-debianhvm-amd64 pass
test-amd64-i386-xl-qemuu-debianhvm-amd64 pass
test-amd64-i386-freebsd10-amd64 pass
test-amd64-amd64-xl-qemuu-ovmf-amd64 pass
test-amd64-i386-xl-qemuu-ovmf-amd64 pass
test-amd64-amd64-rumprun-amd64 pass
test-amd64-amd64-xl-qemut-win7-amd64 fail
test-amd64-i386-xl-qemut-win7-amd64 fail
test-amd64-amd64-xl-qemuu-win7-amd64 fail
test-amd64-i386-xl-qemuu-win7-amd64 fail
test-amd64-amd64-xl-qemut-ws16-amd64 fail
test-amd64-i386-xl-qemut-ws16-amd64 fail
test-amd64-amd64-xl-qemuu-ws16-amd64 fail
test-amd64-i386-xl-qemuu-ws16-amd64 fail
test-armhf-armhf-xl-arndale pass
test-amd64-amd64-xl-credit2 pass
test-armhf-armhf-xl-credit2 pass
test-armhf-armhf-xl-cubietruck pass
test-amd64-i386-freebsd10-i386 pass
test-amd64-i386-rumprun-i386 pass
test-amd64-amd64-xl-qemut-win10-i386 fail
test-amd64-i386-xl-qemut-win10-i386 fail
test-amd64-amd64-xl-qemuu-win10-i386 fail
test-amd64-i386-xl-qemuu-win10-i386 fail
test-amd64-amd64-qemuu-nested-intel pass
test-amd64-i386-qemut-rhel6hvm-intel pass
test-amd64-i386-qemuu-rhel6hvm-intel pass
test-amd64-amd64-libvirt pass
test-armhf-armhf-libvirt pass
test-amd64-i386-libvirt broken
test-amd64-amd64-migrupgrade pass
test-amd64-i386-migrupgrade pass
test-amd64-amd64-xl-multivcpu pass
test-armhf-armhf-xl-multivcpu pass
test-amd64-amd64-pair pass
test-amd64-i386-pair pass
test-amd64-amd64-libvirt-pair pass
test-amd64-i386-libvirt-pair pass
test-amd64-amd64-amd64-pvgrub broken
test-amd64-amd64-i386-pvgrub pass
test-amd64-amd64-pygrub pass
test-amd64-i386-libvirt-qcow2 pass
test-amd64-amd64-xl-qcow2 pass
test-armhf-armhf-libvirt-raw pass
test-amd64-i386-xl-raw pass
test-amd64-amd64-xl-rtds pass
test-armhf-armhf-xl-rtds fail
test-amd64-amd64-libvirt-vhd pass
test-armhf-armhf-xl-vhd pass
------------------------------------------------------------
sg-report-flight on osstest.test-lab.xenproject.org
logs: /home/logs/logs
images: /home/logs/images
Logs, config files, etc. are available at
http://logs.test-lab.xenproject.org/osstest/logs
Explanation of these reports, and of osstest in general, is at
http://xenbits.xen.org/gitweb/?p=osstest.git;a=blob;f=README.email;hb=master
http://xenbits.xen.org/gitweb/?p=osstest.git;a=blob;f=README;hb=master
Test harness code can be found at
http://xenbits.xen.org/gitweb?p=osstest.git;a=summary
broken-job test-amd64-i386-libvirt broken
broken-job test-amd64-i386-xl-qemut-stubdom-debianhvm-amd64-xsm broken
broken-job test-amd64-amd64-amd64-pvgrub broken
broken-job test-xtf-amd64-amd64-2 broken
broken-step test-xtf-amd64-amd64-2 host-install(4)
broken-step test-amd64-i386-xl-qemut-stubdom-debianhvm-amd64-xsm host-install(4)
broken-step test-amd64-i386-libvirt host-install(4)
broken-step test-amd64-amd64-amd64-pvgrub host-install(4)
broken-job test-amd64-amd64-rumprun-amd64 broken
broken-job test-amd64-amd64-libvirt broken
broken-job test-amd64-i386-xl-qemuu-debianhvm-amd64-xsm broken
broken-job test-amd64-amd64-xl-qcow2 broken
Not pushing.
------------------------------------------------------------
commit bcc9e245aafbdae44c761053c898bedb3582cc4d
Author: Jan Beulich <jbeulich@suse.com>
Date: Mon Nov 20 16:01:11 2017 +0100
update Xen version to 4.7.4
(qemu changes not included)
_______________________________________________
Xen-devel mailing list
Xen-devel@lists.xen.org
https://lists.xen.org/xen-devel
^ permalink raw reply [flat|nested] only message in thread
only message in thread, other threads:[~2017-11-22 5:18 UTC | newest]
Thread overview: (only message) (download: mbox.gz follow: Atom feed
-- links below jump to the message on this page --
2017-11-22 5:18 [xen-4.7-testing test] 116399: regressions - trouble: broken/fail/pass osstest service owner
This is a public inbox, see mirroring instructions
for how to clone and mirror all data and code used for this inbox;
as well as URLs for NNTP newsgroup(s).