From mboxrd@z Thu Jan 1 00:00:00 1970 From: osstest service owner Subject: [qemu-mainline test] 116416: trouble: broken/fail/pass Date: Wed, 22 Nov 2017 09:27:11 +0000 Message-ID: Mime-Version: 1.0 Content-Type: multipart/mixed; boundary="===============7615516168008024717==" Return-path: List-Unsubscribe: , List-Post: List-Help: List-Subscribe: , Errors-To: xen-devel-bounces@lists.xen.org Sender: "Xen-devel" To: xen-devel@lists.xensource.com, osstest-admin@xenproject.org List-Id: xen-devel@lists.xenproject.org --===============7615516168008024717== Content-Type: text/plain flight 116416 qemu-mainline real [real] http://logs.test-lab.xenproject.org/osstest/logs/116416/ Failures and problems with tests :-( Tests which did not succeed and are blocking, including tests which could not be run: test-amd64-i386-libvirt broken test-amd64-amd64-xl-pvhv2-amd broken test-amd64-i386-xl-qemuu-debianhvm-amd64-xsm broken test-amd64-amd64-xl-pvhv2-amd 4 host-install(4) broken REGR. vs. 116190 test-amd64-i386-libvirt 4 host-install(4) broken REGR. vs. 116190 test-amd64-i386-xl-qemuu-debianhvm-amd64-xsm 4 host-install(4) broken REGR. vs. 116190 Tests which did not succeed, but are not blocking: test-armhf-armhf-libvirt-xsm 14 saverestore-support-check fail like 116190 test-amd64-amd64-xl-qemuu-ws16-amd64 17 guest-stop fail like 116190 test-amd64-amd64-xl-qemuu-win7-amd64 17 guest-stop fail like 116190 test-amd64-i386-xl-qemuu-win7-amd64 17 guest-stop fail like 116190 test-armhf-armhf-libvirt 14 saverestore-support-check fail like 116190 test-armhf-armhf-libvirt-raw 13 saverestore-support-check fail like 116190 test-amd64-amd64-xl-pvhv2-intel 12 guest-start fail never pass test-amd64-i386-libvirt-xsm 13 migrate-support-check fail never pass test-amd64-amd64-libvirt 13 migrate-support-check fail never pass test-amd64-amd64-libvirt-qemuu-debianhvm-amd64-xsm 11 migrate-support-check fail never pass test-amd64-i386-libvirt-qemuu-debianhvm-amd64-xsm 11 migrate-support-check fail never pass test-amd64-i386-libvirt-qcow2 12 migrate-support-check fail never pass test-amd64-amd64-libvirt-vhd 12 migrate-support-check fail never pass test-amd64-amd64-qemuu-nested-amd 17 debian-hvm-install/l1/l2 fail never pass test-armhf-armhf-libvirt-xsm 13 migrate-support-check fail never pass test-armhf-armhf-xl-rtds 13 migrate-support-check fail never pass test-armhf-armhf-xl-rtds 14 saverestore-support-check fail never pass test-armhf-armhf-xl-xsm 13 migrate-support-check fail never pass test-armhf-armhf-xl-credit2 13 migrate-support-check fail never pass test-armhf-armhf-xl-credit2 14 saverestore-support-check fail never pass test-armhf-armhf-xl-xsm 14 saverestore-support-check fail never pass test-armhf-armhf-xl-cubietruck 13 migrate-support-check fail never pass test-armhf-armhf-xl-cubietruck 14 saverestore-support-check fail never pass test-amd64-amd64-libvirt-xsm 13 migrate-support-check fail never pass test-armhf-armhf-xl-arndale 13 migrate-support-check fail never pass test-armhf-armhf-xl-arndale 14 saverestore-support-check fail never pass test-armhf-armhf-libvirt 13 migrate-support-check fail never pass test-armhf-armhf-xl-multivcpu 13 migrate-support-check fail never pass test-armhf-armhf-xl 13 migrate-support-check fail never pass test-armhf-armhf-xl-multivcpu 14 saverestore-support-check fail never pass test-armhf-armhf-xl 14 saverestore-support-check fail never pass test-amd64-i386-xl-qemuu-ws16-amd64 17 guest-stop fail never pass test-armhf-armhf-libvirt-raw 12 migrate-support-check fail never pass test-armhf-armhf-xl-vhd 12 migrate-support-check fail never pass test-armhf-armhf-xl-vhd 13 saverestore-support-check fail never pass test-amd64-i386-xl-qemuu-win10-i386 10 windows-install fail never pass test-amd64-amd64-xl-qemuu-win10-i386 10 windows-install fail never pass version targeted for testing: qemuu fc7dbc119e0852a70dc9fa68bb41a318e49e4cd6 baseline version: qemuu 1fa0f627d03cd0d0755924247cafeb42969016bf Last test of basis 116190 2017-11-15 06:53:12 Z 7 days Failing since 116227 2017-11-16 13:17:17 Z 5 days 7 attempts Testing same since 116416 2017-11-21 17:55:26 Z 0 days 1 attempts ------------------------------------------------------------ People who touched revisions under test: "Daniel P. Berrange" Alberto Garcia Alex Bennée Alexey Kardashevskiy Anton Nefedov BALATON Zoltan Christian Borntraeger Cornelia Huck Daniel Henrique Barboza Daniel P. Berrange Dariusz Stojaczyk David Gibson David Hildenbrand Dou Liyang Dr. David Alan Gilbert Ed Swierk Emilio G. Cota Eric Blake Gerd Hoffmann Greg Kurz Helge Deller James Clarke James Cowgill Jason Wang Jindrich Makovicka Joel Stanley John Paul Adrian Glaubitz Kevin Wolf linzhecheng Mao Zhongyi Marc-André Lureau Marcel Apfelbaum Maria Klimushenkova Max Reitz Michael Roth Michael S. Tsirkin Mike Nawrocki Paolo Bonzini Pavel Dovgalyuk Peter Maydell Philippe Mathieu-Daudé Richard Henderson Richard Henderson Riku Voipio Stefan Berger Stefan Hajnoczi Stefan Weil Stefano Stabellini Suraj Jitindar Singh Thomas Huth Vladimir Sementsov-Ogievskiy Wang Guang Wang Yong Wanpeng Li Wei Huang Yongbok Kim ZhiPeng Lu jobs: build-amd64-xsm pass build-armhf-xsm pass build-i386-xsm pass build-amd64 pass build-armhf pass build-i386 pass build-amd64-libvirt pass build-armhf-libvirt pass build-i386-libvirt pass build-amd64-pvops pass build-armhf-pvops pass build-i386-pvops pass test-amd64-amd64-xl pass test-armhf-armhf-xl pass test-amd64-i386-xl pass test-amd64-amd64-libvirt-qemuu-debianhvm-amd64-xsm pass test-amd64-i386-libvirt-qemuu-debianhvm-amd64-xsm pass test-amd64-amd64-xl-qemuu-debianhvm-amd64-xsm pass test-amd64-i386-xl-qemuu-debianhvm-amd64-xsm broken test-amd64-amd64-libvirt-xsm pass test-armhf-armhf-libvirt-xsm pass test-amd64-i386-libvirt-xsm pass test-amd64-amd64-xl-xsm pass test-armhf-armhf-xl-xsm pass test-amd64-i386-xl-xsm pass test-amd64-amd64-qemuu-nested-amd fail test-amd64-amd64-xl-pvhv2-amd broken test-amd64-i386-qemuu-rhel6hvm-amd pass test-amd64-amd64-xl-qemuu-debianhvm-amd64 pass test-amd64-i386-xl-qemuu-debianhvm-amd64 pass test-amd64-i386-freebsd10-amd64 pass test-amd64-amd64-xl-qemuu-ovmf-amd64 pass test-amd64-i386-xl-qemuu-ovmf-amd64 pass test-amd64-amd64-xl-qemuu-win7-amd64 fail test-amd64-i386-xl-qemuu-win7-amd64 fail test-amd64-amd64-xl-qemuu-ws16-amd64 fail test-amd64-i386-xl-qemuu-ws16-amd64 fail test-armhf-armhf-xl-arndale pass test-amd64-amd64-xl-credit2 pass test-armhf-armhf-xl-credit2 pass test-armhf-armhf-xl-cubietruck pass test-amd64-i386-freebsd10-i386 pass test-amd64-amd64-xl-qemuu-win10-i386 fail test-amd64-i386-xl-qemuu-win10-i386 fail test-amd64-amd64-qemuu-nested-intel pass test-amd64-amd64-xl-pvhv2-intel fail test-amd64-i386-qemuu-rhel6hvm-intel pass test-amd64-amd64-libvirt pass test-armhf-armhf-libvirt pass test-amd64-i386-libvirt broken test-amd64-amd64-xl-multivcpu pass test-armhf-armhf-xl-multivcpu pass test-amd64-amd64-pair pass test-amd64-i386-pair pass test-amd64-amd64-libvirt-pair pass test-amd64-i386-libvirt-pair pass test-amd64-amd64-amd64-pvgrub pass test-amd64-amd64-i386-pvgrub pass test-amd64-amd64-pygrub pass test-amd64-i386-libvirt-qcow2 pass test-amd64-amd64-xl-qcow2 pass test-armhf-armhf-libvirt-raw pass test-amd64-i386-xl-raw pass test-amd64-amd64-xl-rtds pass test-armhf-armhf-xl-rtds pass test-amd64-amd64-libvirt-vhd pass test-armhf-armhf-xl-vhd pass ------------------------------------------------------------ sg-report-flight on osstest.test-lab.xenproject.org logs: /home/logs/logs images: /home/logs/images Logs, config files, etc. are available at http://logs.test-lab.xenproject.org/osstest/logs Explanation of these reports, and of osstest in general, is at http://xenbits.xen.org/gitweb/?p=osstest.git;a=blob;f=README.email;hb=master http://xenbits.xen.org/gitweb/?p=osstest.git;a=blob;f=README;hb=master Test harness code can be found at http://xenbits.xen.org/gitweb?p=osstest.git;a=summary broken-job test-amd64-i386-libvirt broken broken-job test-amd64-amd64-xl-pvhv2-amd broken broken-job test-amd64-i386-xl-qemuu-debianhvm-amd64-xsm broken broken-step test-amd64-amd64-xl-pvhv2-amd host-install(4) broken-step test-amd64-i386-libvirt host-install(4) broken-step test-amd64-i386-xl-qemuu-debianhvm-amd64-xsm host-install(4) Not pushing. (No revision log; it would be 2543 lines long.) --===============7615516168008024717== Content-Type: text/plain; charset="utf-8" MIME-Version: 1.0 Content-Transfer-Encoding: base64 Content-Disposition: inline X19fX19fX19fX19fX19fX19fX19fX19fX19fX19fX19fX19fX19fX19fX19fX18KWGVuLWRldmVs IG1haWxpbmcgbGlzdApYZW4tZGV2ZWxAbGlzdHMueGVuLm9yZwpodHRwczovL2xpc3RzLnhlbi5v cmcveGVuLWRldmVsCg== --===============7615516168008024717==--