From mboxrd@z Thu Jan 1 00:00:00 1970 From: osstest service owner Subject: [linux-3.18 test] 116422: regressions - trouble: broken/fail/pass Date: Wed, 22 Nov 2017 15:13:09 +0000 Message-ID: Mime-Version: 1.0 Content-Type: multipart/mixed; boundary="===============1065630162545479663==" Return-path: List-Unsubscribe: , List-Post: List-Help: List-Subscribe: , Errors-To: xen-devel-bounces@lists.xen.org Sender: "Xen-devel" To: xen-devel@lists.xensource.com, osstest-admin@xenproject.org List-Id: xen-devel@lists.xenproject.org --===============1065630162545479663== Content-Type: text/plain flight 116422 linux-3.18 real [real] http://logs.test-lab.xenproject.org/osstest/logs/116422/ Regressions :-( Tests which did not succeed and are blocking, including tests which could not be run: test-amd64-i386-freebsd10-i386 broken test-amd64-i386-pair broken test-amd64-amd64-xl-qemut-debianhvm-amd64-xsm broken test-amd64-amd64-xl-qemuu-ws16-amd64 broken test-amd64-i386-qemuu-rhel6hvm-amd broken test-amd64-amd64-xl-qemuu-ws16-amd64 4 host-install(4) broken REGR. vs. 116308 test-amd64-i386-qemuu-rhel6hvm-amd 4 host-install(4) broken REGR. vs. 116308 test-amd64-i386-xl-raw broken in 116394 test-amd64-amd64-xl-xsm broken in 116394 test-amd64-amd64-xl-qemuu-debianhvm-amd64 broken in 116394 test-amd64-i386-xl-raw 19 guest-start/debian.repeat fail REGR. vs. 116308 Tests which are failing intermittently (not blocking): test-amd64-amd64-xl-qemuu-debianhvm-amd64 4 host-install(4) broken in 116394 pass in 116422 test-amd64-i386-xl-raw 4 host-install(4) broken in 116394 pass in 116422 test-amd64-amd64-xl-xsm 4 host-install(4) broken in 116394 pass in 116422 test-amd64-amd64-xl-qemut-debianhvm-amd64-xsm 4 host-install(4) broken pass in 116394 test-amd64-i386-pair 5 host-install/dst_host(5) broken pass in 116394 test-amd64-i386-freebsd10-i386 4 host-install(4) broken pass in 116394 Tests which did not succeed, but are not blocking: test-armhf-armhf-libvirt 14 saverestore-support-check fail like 116308 test-amd64-amd64-xl-qemut-win7-amd64 17 guest-stop fail like 116308 test-amd64-amd64-xl-qemuu-win7-amd64 17 guest-stop fail like 116308 test-armhf-armhf-libvirt-raw 13 saverestore-support-check fail like 116308 test-amd64-i386-xl-qemuu-win7-amd64 17 guest-stop fail like 116308 test-amd64-i386-xl-qemut-win7-amd64 17 guest-stop fail like 116308 test-armhf-armhf-libvirt-xsm 14 saverestore-support-check fail like 116308 test-amd64-amd64-xl-pvhv2-intel 12 guest-start fail never pass test-amd64-amd64-xl-pvhv2-amd 12 guest-start fail never pass test-amd64-amd64-libvirt 13 migrate-support-check fail never pass test-amd64-i386-libvirt-xsm 13 migrate-support-check fail never pass test-amd64-amd64-libvirt-xsm 13 migrate-support-check fail never pass test-amd64-i386-libvirt 13 migrate-support-check fail never pass test-amd64-i386-libvirt-qemuu-debianhvm-amd64-xsm 11 migrate-support-check fail never pass test-amd64-amd64-libvirt-qemuu-debianhvm-amd64-xsm 11 migrate-support-check fail never pass test-amd64-i386-libvirt-qcow2 12 migrate-support-check fail never pass test-amd64-amd64-libvirt-vhd 12 migrate-support-check fail never pass test-amd64-amd64-qemuu-nested-amd 17 debian-hvm-install/l1/l2 fail never pass test-armhf-armhf-xl 13 migrate-support-check fail never pass test-armhf-armhf-xl 14 saverestore-support-check fail never pass test-armhf-armhf-xl-cubietruck 13 migrate-support-check fail never pass test-armhf-armhf-xl-cubietruck 14 saverestore-support-check fail never pass test-armhf-armhf-libvirt 13 migrate-support-check fail never pass test-armhf-armhf-xl-xsm 13 migrate-support-check fail never pass test-armhf-armhf-xl-xsm 14 saverestore-support-check fail never pass test-amd64-i386-xl-qemuu-ws16-amd64 17 guest-stop fail never pass test-armhf-armhf-libvirt-raw 12 migrate-support-check fail never pass test-armhf-armhf-xl-arndale 13 migrate-support-check fail never pass test-armhf-armhf-xl-arndale 14 saverestore-support-check fail never pass test-armhf-armhf-xl-credit2 13 migrate-support-check fail never pass test-armhf-armhf-xl-credit2 14 saverestore-support-check fail never pass test-armhf-armhf-libvirt-xsm 13 migrate-support-check fail never pass test-armhf-armhf-xl-multivcpu 13 migrate-support-check fail never pass test-armhf-armhf-xl-multivcpu 14 saverestore-support-check fail never pass test-armhf-armhf-xl-vhd 12 migrate-support-check fail never pass test-armhf-armhf-xl-vhd 13 saverestore-support-check fail never pass test-amd64-i386-xl-qemut-ws16-amd64 17 guest-stop fail never pass test-armhf-armhf-xl-rtds 13 migrate-support-check fail never pass test-armhf-armhf-xl-rtds 14 saverestore-support-check fail never pass test-amd64-amd64-xl-qemut-ws16-amd64 17 guest-stop fail never pass test-amd64-i386-xl-qemuu-win10-i386 10 windows-install fail never pass test-amd64-amd64-xl-qemut-win10-i386 10 windows-install fail never pass test-amd64-amd64-xl-qemuu-win10-i386 10 windows-install fail never pass test-amd64-i386-xl-qemut-win10-i386 10 windows-install fail never pass version targeted for testing: linux c35c375efa4e2c832946a04e83155f928135e8f6 baseline version: linux 2f95dcc30a114dae9c0e54cdb451050e9261fdc6 Last test of basis 116308 2017-11-18 10:20:01 Z 4 days Testing same since 116394 2017-11-21 08:20:33 Z 1 days 2 attempts ------------------------------------------------------------ People who touched revisions under test: Aaron Brown Aaron Sierra Alan Stern Alexander Duyck Alexey Khoroshilov Andrew Bowers Andrey Konovalov Arvind Yadav Bernhard Rosenkraenzer Chanwoo Choi Chris J Arges Daniel Vetter David S. Miller Dick Kennedy Dmitry V. Levin Douglas Fischer Emil Tantilov Galo Navarro Gary Guo Geert Uytterhoeven Greg Kroah-Hartman Hannu Lounento James Smart Jeff Kirsher Johan Hovold Lee Jones Marcin Nowakowski Martin K. Petersen Matwey V. Kornilov Mauro Carvalho Chehab Mauro Carvalho Chehab Michael Hennerich Nicholas Bellinger Paul Burton Peter Senna Tschudin Ralf Baechle Roger Quadros Sasha Levin Sean Young Takashi Iwai Tejun Heo Todd Fujinaka Tony Lindgren Uwe Kleine-König Vincent Abriou jobs: build-amd64-xsm pass build-armhf-xsm pass build-i386-xsm pass build-amd64 pass build-armhf pass build-i386 pass build-amd64-libvirt pass build-armhf-libvirt pass build-i386-libvirt pass build-amd64-pvops pass build-armhf-pvops pass build-i386-pvops pass build-amd64-rumprun pass build-i386-rumprun pass test-amd64-amd64-xl pass test-armhf-armhf-xl pass test-amd64-i386-xl pass test-amd64-amd64-xl-qemut-debianhvm-amd64-xsm broken test-amd64-i386-xl-qemut-debianhvm-amd64-xsm pass test-amd64-amd64-libvirt-qemuu-debianhvm-amd64-xsm pass test-amd64-i386-libvirt-qemuu-debianhvm-amd64-xsm pass test-amd64-amd64-xl-qemuu-debianhvm-amd64-xsm pass test-amd64-i386-xl-qemuu-debianhvm-amd64-xsm pass test-amd64-amd64-xl-qemut-stubdom-debianhvm-amd64-xsm pass test-amd64-i386-xl-qemut-stubdom-debianhvm-amd64-xsm pass test-amd64-amd64-libvirt-xsm pass test-armhf-armhf-libvirt-xsm pass test-amd64-i386-libvirt-xsm pass test-amd64-amd64-xl-xsm pass test-armhf-armhf-xl-xsm pass test-amd64-i386-xl-xsm pass test-amd64-amd64-qemuu-nested-amd fail test-amd64-amd64-xl-pvhv2-amd fail test-amd64-i386-qemut-rhel6hvm-amd pass test-amd64-i386-qemuu-rhel6hvm-amd broken test-amd64-amd64-xl-qemut-debianhvm-amd64 pass test-amd64-i386-xl-qemut-debianhvm-amd64 pass test-amd64-amd64-xl-qemuu-debianhvm-amd64 pass test-amd64-i386-xl-qemuu-debianhvm-amd64 pass test-amd64-i386-freebsd10-amd64 pass test-amd64-amd64-xl-qemuu-ovmf-amd64 pass test-amd64-i386-xl-qemuu-ovmf-amd64 pass test-amd64-amd64-rumprun-amd64 pass test-amd64-amd64-xl-qemut-win7-amd64 fail test-amd64-i386-xl-qemut-win7-amd64 fail test-amd64-amd64-xl-qemuu-win7-amd64 fail test-amd64-i386-xl-qemuu-win7-amd64 fail test-amd64-amd64-xl-qemut-ws16-amd64 fail test-amd64-i386-xl-qemut-ws16-amd64 fail test-amd64-amd64-xl-qemuu-ws16-amd64 broken test-amd64-i386-xl-qemuu-ws16-amd64 fail test-armhf-armhf-xl-arndale pass test-amd64-amd64-xl-credit2 pass test-armhf-armhf-xl-credit2 pass test-armhf-armhf-xl-cubietruck pass test-amd64-amd64-examine pass test-armhf-armhf-examine pass test-amd64-i386-examine pass test-amd64-i386-freebsd10-i386 broken test-amd64-i386-rumprun-i386 pass test-amd64-amd64-xl-qemut-win10-i386 fail test-amd64-i386-xl-qemut-win10-i386 fail test-amd64-amd64-xl-qemuu-win10-i386 fail test-amd64-i386-xl-qemuu-win10-i386 fail test-amd64-amd64-qemuu-nested-intel pass test-amd64-amd64-xl-pvhv2-intel fail test-amd64-i386-qemut-rhel6hvm-intel pass test-amd64-i386-qemuu-rhel6hvm-intel pass test-amd64-amd64-libvirt pass test-armhf-armhf-libvirt pass test-amd64-i386-libvirt pass test-amd64-amd64-xl-multivcpu pass test-armhf-armhf-xl-multivcpu pass test-amd64-amd64-pair pass test-amd64-i386-pair broken test-amd64-amd64-libvirt-pair pass test-amd64-i386-libvirt-pair pass test-amd64-amd64-amd64-pvgrub pass test-amd64-amd64-i386-pvgrub pass test-amd64-amd64-pygrub pass test-amd64-i386-libvirt-qcow2 pass test-amd64-amd64-xl-qcow2 pass test-armhf-armhf-libvirt-raw pass test-amd64-i386-xl-raw fail test-amd64-amd64-xl-rtds pass test-armhf-armhf-xl-rtds pass test-amd64-amd64-libvirt-vhd pass test-armhf-armhf-xl-vhd pass ------------------------------------------------------------ sg-report-flight on osstest.test-lab.xenproject.org logs: /home/logs/logs images: /home/logs/images Logs, config files, etc. are available at http://logs.test-lab.xenproject.org/osstest/logs Explanation of these reports, and of osstest in general, is at http://xenbits.xen.org/gitweb/?p=osstest.git;a=blob;f=README.email;hb=master http://xenbits.xen.org/gitweb/?p=osstest.git;a=blob;f=README;hb=master Test harness code can be found at http://xenbits.xen.org/gitweb?p=osstest.git;a=summary broken-job test-amd64-i386-freebsd10-i386 broken broken-job test-amd64-i386-pair broken broken-job test-amd64-amd64-xl-qemut-debianhvm-amd64-xsm broken broken-job test-amd64-amd64-xl-qemuu-ws16-amd64 broken broken-job test-amd64-i386-qemuu-rhel6hvm-amd broken broken-step test-amd64-amd64-xl-qemuu-ws16-amd64 host-install(4) broken-step test-amd64-amd64-xl-qemut-debianhvm-amd64-xsm host-install(4) broken-step test-amd64-i386-pair host-install/dst_host(5) broken-step test-amd64-i386-qemuu-rhel6hvm-amd host-install(4) broken-step test-amd64-i386-freebsd10-i386 host-install(4) broken-job test-amd64-i386-xl-raw broken broken-job test-amd64-amd64-xl-xsm broken broken-job test-amd64-amd64-xl-qemuu-debianhvm-amd64 broken broken-job test-amd64-amd64-xl-qemuu-ws16-amd64 broken broken-job test-amd64-i386-qemuu-rhel6hvm-amd broken Not pushing. (No revision log; it would be 1044 lines long.) --===============1065630162545479663== Content-Type: text/plain; charset="utf-8" MIME-Version: 1.0 Content-Transfer-Encoding: base64 Content-Disposition: inline X19fX19fX19fX19fX19fX19fX19fX19fX19fX19fX19fX19fX19fX19fX19fX18KWGVuLWRldmVs IG1haWxpbmcgbGlzdApYZW4tZGV2ZWxAbGlzdHMueGVuLm9yZwpodHRwczovL2xpc3RzLnhlbi5v cmcveGVuLWRldmVsCg== --===============1065630162545479663==--