* [linux-3.18 test] 116448: trouble: broken/fail/pass
@ 2017-11-23 12:52 osstest service owner
0 siblings, 0 replies; only message in thread
From: osstest service owner @ 2017-11-23 12:52 UTC (permalink / raw)
To: xen-devel, osstest-admin
[-- Attachment #1: Type: text/plain, Size: 14627 bytes --]
flight 116448 linux-3.18 real [real]
http://logs.test-lab.xenproject.org/osstest/logs/116448/
Failures and problems with tests :-(
Tests which did not succeed and are blocking,
including tests which could not be run:
test-amd64-amd64-xl-qemuu-ws16-amd64 <job status> broken
test-amd64-i386-qemuu-rhel6hvm-amd <job status> broken
test-amd64-amd64-xl-qemuu-ws16-amd64 4 host-install(4) broken REGR. vs. 116308
test-amd64-i386-qemuu-rhel6hvm-amd 4 host-install(4) broken REGR. vs. 116308
test-amd64-i386-freebsd10-i386 <job status> broken in 116422
test-amd64-i386-pair <job status> broken in 116422
test-amd64-amd64-xl-qemut-debianhvm-amd64-xsm <job status> broken in 116422
Tests which are failing intermittently (not blocking):
test-amd64-amd64-xl-qemut-debianhvm-amd64-xsm 4 host-install(4) broken in 116422 pass in 116448
test-amd64-i386-pair 5 host-install/dst_host(5) broken in 116422 pass in 116448
test-amd64-i386-freebsd10-i386 4 host-install(4) broken in 116422 pass in 116448
test-amd64-i386-xl-raw 19 guest-start/debian.repeat fail in 116422 pass in 116448
test-amd64-amd64-qemuu-nested-intel 17 debian-hvm-install/l1/l2 fail pass in 116422
test-armhf-armhf-xl-rtds 16 guest-start/debian.repeat fail pass in 116422
Tests which did not succeed, but are not blocking:
test-armhf-armhf-libvirt 14 saverestore-support-check fail like 116308
test-amd64-amd64-xl-qemut-win7-amd64 17 guest-stop fail like 116308
test-amd64-amd64-xl-qemuu-win7-amd64 17 guest-stop fail like 116308
test-armhf-armhf-libvirt-raw 13 saverestore-support-check fail like 116308
test-amd64-i386-xl-qemut-win7-amd64 17 guest-stop fail like 116308
test-armhf-armhf-libvirt-xsm 14 saverestore-support-check fail like 116308
test-amd64-i386-xl-qemuu-win7-amd64 17 guest-stop fail like 116308
test-amd64-amd64-xl-pvhv2-intel 12 guest-start fail never pass
test-amd64-amd64-xl-pvhv2-amd 12 guest-start fail never pass
test-amd64-amd64-libvirt 13 migrate-support-check fail never pass
test-amd64-i386-libvirt-xsm 13 migrate-support-check fail never pass
test-amd64-amd64-libvirt-xsm 13 migrate-support-check fail never pass
test-amd64-i386-libvirt 13 migrate-support-check fail never pass
test-amd64-i386-libvirt-qemuu-debianhvm-amd64-xsm 11 migrate-support-check fail never pass
test-amd64-amd64-libvirt-qemuu-debianhvm-amd64-xsm 11 migrate-support-check fail never pass
test-amd64-i386-libvirt-qcow2 12 migrate-support-check fail never pass
test-amd64-amd64-libvirt-vhd 12 migrate-support-check fail never pass
test-amd64-amd64-qemuu-nested-amd 17 debian-hvm-install/l1/l2 fail never pass
test-armhf-armhf-xl-credit2 13 migrate-support-check fail never pass
test-armhf-armhf-xl-credit2 14 saverestore-support-check fail never pass
test-armhf-armhf-xl 13 migrate-support-check fail never pass
test-armhf-armhf-xl 14 saverestore-support-check fail never pass
test-armhf-armhf-xl-cubietruck 13 migrate-support-check fail never pass
test-armhf-armhf-xl-cubietruck 14 saverestore-support-check fail never pass
test-armhf-armhf-libvirt 13 migrate-support-check fail never pass
test-armhf-armhf-xl-xsm 13 migrate-support-check fail never pass
test-armhf-armhf-xl-xsm 14 saverestore-support-check fail never pass
test-amd64-i386-xl-qemuu-ws16-amd64 17 guest-stop fail never pass
test-armhf-armhf-libvirt-raw 12 migrate-support-check fail never pass
test-armhf-armhf-xl-arndale 13 migrate-support-check fail never pass
test-armhf-armhf-xl-arndale 14 saverestore-support-check fail never pass
test-armhf-armhf-libvirt-xsm 13 migrate-support-check fail never pass
test-armhf-armhf-xl-multivcpu 13 migrate-support-check fail never pass
test-armhf-armhf-xl-multivcpu 14 saverestore-support-check fail never pass
test-armhf-armhf-xl-vhd 12 migrate-support-check fail never pass
test-armhf-armhf-xl-vhd 13 saverestore-support-check fail never pass
test-amd64-i386-xl-qemut-ws16-amd64 17 guest-stop fail never pass
test-armhf-armhf-xl-rtds 13 migrate-support-check fail never pass
test-armhf-armhf-xl-rtds 14 saverestore-support-check fail never pass
test-amd64-amd64-xl-qemut-ws16-amd64 17 guest-stop fail never pass
test-amd64-amd64-xl-qemut-win10-i386 10 windows-install fail never pass
test-amd64-amd64-xl-qemuu-win10-i386 10 windows-install fail never pass
test-amd64-i386-xl-qemuu-win10-i386 10 windows-install fail never pass
test-amd64-i386-xl-qemut-win10-i386 10 windows-install fail never pass
version targeted for testing:
linux c35c375efa4e2c832946a04e83155f928135e8f6
baseline version:
linux 2f95dcc30a114dae9c0e54cdb451050e9261fdc6
Last test of basis 116308 2017-11-18 10:20:01 Z 5 days
Testing same since 116394 2017-11-21 08:20:33 Z 2 days 3 attempts
------------------------------------------------------------
People who touched revisions under test:
Aaron Brown <aaron.f.brown@intel.com>
Aaron Sierra <asierra@xes-inc.com>
Alan Stern <stern@rowland.harvard.edu>
Alexander Duyck <alexander.h.duyck@intel.com>
Alexey Khoroshilov <khoroshilov@ispras.ru>
Andrew Bowers <andrewx.bowers@intel.com>
Andrey Konovalov <andreyknvl@google.com>
Arvind Yadav <arvind.yadav.cs@gmail.com>
Bernhard Rosenkraenzer <Bernhard.Rosenkranzer@linaro.org>
Chanwoo Choi <cw00.choi@samsung.com>
Chris J Arges <christopherarges@gmail.com>
Daniel Vetter <daniel.vetter@ffwll.ch>
David S. Miller <davem@davemloft.net>
Dick Kennedy <dick.kennedy@broadcom.com>
Dmitry V. Levin <ldv@altlinux.org>
Douglas Fischer <douglas.fischer@outlook.com>
Emil Tantilov <emil.s.tantilov@intel.com>
Galo Navarro <anglorvaroa@gmail.com>
Gary Guo <ghg@datera.io>
Geert Uytterhoeven <geert@linux-m68k.org>
Greg Kroah-Hartman <gregkh@linuxfoundation.org>
Hannu Lounento <hannu.lounento@ge.com>
James Smart <james.smart@broadcom.com>
Jeff Kirsher <jeffrey.t.kirsher@intel.com>
Johan Hovold <johan@kernel.org>
Lee Jones <lee.jones@linaro.org>
Marcin Nowakowski <marcin.nowakowski@imgtec.com>
Martin K. Petersen <martin.petersen@oracle.com>
Matwey V. Kornilov <matwey@sai.msu.ru>
Mauro Carvalho Chehab <mchehab@osg.samsung.com>
Mauro Carvalho Chehab <mchehab@s-opensource.com>
Michael Hennerich <michael.hennerich@analog.com>
Nicholas Bellinger <nab@linux-iscsi.org>
Paul Burton <paul.burton@imgtec.com>
Peter Senna Tschudin <peter.senna@collabora.com>
Ralf Baechle <ralf@linux-mips.org>
Roger Quadros <rogerq@ti.com>
Sasha Levin <alexander.levin@verizon.com>
Sean Young <sean@mess.org>
Takashi Iwai <tiwai@suse.de>
Tejun Heo <tj@kernel.org>
Todd Fujinaka <todd.fujinaka@intel.com>
Tony Lindgren <tony@atomide.com>
Uwe Kleine-König <u.kleine-koenig@pengutronix.de>
Vincent Abriou <vincent.abriou@st.com>
jobs:
build-amd64-xsm pass
build-armhf-xsm pass
build-i386-xsm pass
build-amd64 pass
build-armhf pass
build-i386 pass
build-amd64-libvirt pass
build-armhf-libvirt pass
build-i386-libvirt pass
build-amd64-pvops pass
build-armhf-pvops pass
build-i386-pvops pass
build-amd64-rumprun pass
build-i386-rumprun pass
test-amd64-amd64-xl pass
test-armhf-armhf-xl pass
test-amd64-i386-xl pass
test-amd64-amd64-xl-qemut-debianhvm-amd64-xsm pass
test-amd64-i386-xl-qemut-debianhvm-amd64-xsm pass
test-amd64-amd64-libvirt-qemuu-debianhvm-amd64-xsm pass
test-amd64-i386-libvirt-qemuu-debianhvm-amd64-xsm pass
test-amd64-amd64-xl-qemuu-debianhvm-amd64-xsm pass
test-amd64-i386-xl-qemuu-debianhvm-amd64-xsm pass
test-amd64-amd64-xl-qemut-stubdom-debianhvm-amd64-xsm pass
test-amd64-i386-xl-qemut-stubdom-debianhvm-amd64-xsm pass
test-amd64-amd64-libvirt-xsm pass
test-armhf-armhf-libvirt-xsm pass
test-amd64-i386-libvirt-xsm pass
test-amd64-amd64-xl-xsm pass
test-armhf-armhf-xl-xsm pass
test-amd64-i386-xl-xsm pass
test-amd64-amd64-qemuu-nested-amd fail
test-amd64-amd64-xl-pvhv2-amd fail
test-amd64-i386-qemut-rhel6hvm-amd pass
test-amd64-i386-qemuu-rhel6hvm-amd broken
test-amd64-amd64-xl-qemut-debianhvm-amd64 pass
test-amd64-i386-xl-qemut-debianhvm-amd64 pass
test-amd64-amd64-xl-qemuu-debianhvm-amd64 pass
test-amd64-i386-xl-qemuu-debianhvm-amd64 pass
test-amd64-i386-freebsd10-amd64 pass
test-amd64-amd64-xl-qemuu-ovmf-amd64 pass
test-amd64-i386-xl-qemuu-ovmf-amd64 pass
test-amd64-amd64-rumprun-amd64 pass
test-amd64-amd64-xl-qemut-win7-amd64 fail
test-amd64-i386-xl-qemut-win7-amd64 fail
test-amd64-amd64-xl-qemuu-win7-amd64 fail
test-amd64-i386-xl-qemuu-win7-amd64 fail
test-amd64-amd64-xl-qemut-ws16-amd64 fail
test-amd64-i386-xl-qemut-ws16-amd64 fail
test-amd64-amd64-xl-qemuu-ws16-amd64 broken
test-amd64-i386-xl-qemuu-ws16-amd64 fail
test-armhf-armhf-xl-arndale pass
test-amd64-amd64-xl-credit2 pass
test-armhf-armhf-xl-credit2 pass
test-armhf-armhf-xl-cubietruck pass
test-amd64-amd64-examine pass
test-armhf-armhf-examine pass
test-amd64-i386-examine pass
test-amd64-i386-freebsd10-i386 pass
test-amd64-i386-rumprun-i386 pass
test-amd64-amd64-xl-qemut-win10-i386 fail
test-amd64-i386-xl-qemut-win10-i386 fail
test-amd64-amd64-xl-qemuu-win10-i386 fail
test-amd64-i386-xl-qemuu-win10-i386 fail
test-amd64-amd64-qemuu-nested-intel fail
test-amd64-amd64-xl-pvhv2-intel fail
test-amd64-i386-qemut-rhel6hvm-intel pass
test-amd64-i386-qemuu-rhel6hvm-intel pass
test-amd64-amd64-libvirt pass
test-armhf-armhf-libvirt pass
test-amd64-i386-libvirt pass
test-amd64-amd64-xl-multivcpu pass
test-armhf-armhf-xl-multivcpu pass
test-amd64-amd64-pair pass
test-amd64-i386-pair pass
test-amd64-amd64-libvirt-pair pass
test-amd64-i386-libvirt-pair pass
test-amd64-amd64-amd64-pvgrub pass
test-amd64-amd64-i386-pvgrub pass
test-amd64-amd64-pygrub pass
test-amd64-i386-libvirt-qcow2 pass
test-amd64-amd64-xl-qcow2 pass
test-armhf-armhf-libvirt-raw pass
test-amd64-i386-xl-raw pass
test-amd64-amd64-xl-rtds pass
test-armhf-armhf-xl-rtds fail
test-amd64-amd64-libvirt-vhd pass
test-armhf-armhf-xl-vhd pass
------------------------------------------------------------
sg-report-flight on osstest.test-lab.xenproject.org
logs: /home/logs/logs
images: /home/logs/images
Logs, config files, etc. are available at
http://logs.test-lab.xenproject.org/osstest/logs
Explanation of these reports, and of osstest in general, is at
http://xenbits.xen.org/gitweb/?p=osstest.git;a=blob;f=README.email;hb=master
http://xenbits.xen.org/gitweb/?p=osstest.git;a=blob;f=README;hb=master
Test harness code can be found at
http://xenbits.xen.org/gitweb?p=osstest.git;a=summary
broken-job test-amd64-amd64-xl-qemuu-ws16-amd64 broken
broken-job test-amd64-i386-qemuu-rhel6hvm-amd broken
broken-step test-amd64-amd64-xl-qemuu-ws16-amd64 host-install(4)
broken-step test-amd64-i386-qemuu-rhel6hvm-amd host-install(4)
broken-job test-amd64-i386-freebsd10-i386 broken
broken-job test-amd64-i386-pair broken
broken-job test-amd64-amd64-xl-qemut-debianhvm-amd64-xsm broken
broken-job test-amd64-amd64-xl-qemuu-ws16-amd64 broken
broken-job test-amd64-i386-qemuu-rhel6hvm-amd broken
Not pushing.
(No revision log; it would be 1044 lines long.)
[-- Attachment #2: Type: text/plain, Size: 157 bytes --]
_______________________________________________
Xen-devel mailing list
Xen-devel@lists.xenproject.org
https://lists.xenproject.org/mailman/listinfo/xen-devel
^ permalink raw reply [flat|nested] only message in thread
only message in thread, other threads:[~2017-11-23 12:52 UTC | newest]
Thread overview: (only message) (download: mbox.gz follow: Atom feed
-- links below jump to the message on this page --
2017-11-23 12:52 [linux-3.18 test] 116448: trouble: broken/fail/pass osstest service owner
This is a public inbox, see mirroring instructions
for how to clone and mirror all data and code used for this inbox;
as well as URLs for NNTP newsgroup(s).