xen-devel.lists.xenproject.org archive mirror
 help / color / mirror / Atom feed
* [qemu-mainline test] 116471: tolerable FAIL - PUSHED
@ 2017-11-24  6:45 osstest service owner
  0 siblings, 0 replies; only message in thread
From: osstest service owner @ 2017-11-24  6:45 UTC (permalink / raw)
  To: xen-devel, osstest-admin

[-- Attachment #1: Type: text/plain, Size: 12067 bytes --]

flight 116471 qemu-mainline real [real]
http://logs.test-lab.xenproject.org/osstest/logs/116471/

Failures :-/ but no regressions.

Tests which are failing intermittently (not blocking):
 test-armhf-armhf-xl-xsm       6 xen-install      fail in 116440 pass in 116471
 test-amd64-i386-xl-qemuu-win7-amd64 13 guest-saverestore fail in 116440 pass in 116471
 test-armhf-armhf-xl-arndale  19 leak-check/check fail in 116440 pass in 116471
 test-armhf-armhf-xl-rtds     12 guest-start                fail pass in 116440

Tests which did not succeed, but are not blocking:
 test-armhf-armhf-xl-rtds    13 migrate-support-check fail in 116440 never pass
 test-armhf-armhf-xl-rtds 14 saverestore-support-check fail in 116440 never pass
 test-armhf-armhf-libvirt-xsm 14 saverestore-support-check    fail  like 116190
 test-amd64-amd64-xl-qemuu-ws16-amd64 17 guest-stop            fail like 116190
 test-amd64-amd64-xl-qemuu-win7-amd64 17 guest-stop            fail like 116190
 test-amd64-i386-xl-qemuu-win7-amd64 17 guest-stop             fail like 116190
 test-armhf-armhf-libvirt     14 saverestore-support-check    fail  like 116190
 test-armhf-armhf-libvirt-raw 13 saverestore-support-check    fail  like 116190
 test-amd64-amd64-xl-pvhv2-intel 12 guest-start                 fail never pass
 test-amd64-i386-libvirt-xsm  13 migrate-support-check        fail   never pass
 test-amd64-i386-libvirt      13 migrate-support-check        fail   never pass
 test-amd64-amd64-libvirt     13 migrate-support-check        fail   never pass
 test-amd64-amd64-xl-pvhv2-amd 12 guest-start                  fail  never pass
 test-amd64-amd64-libvirt-qemuu-debianhvm-amd64-xsm 11 migrate-support-check fail never pass
 test-amd64-i386-libvirt-qemuu-debianhvm-amd64-xsm 11 migrate-support-check fail never pass
 test-amd64-i386-libvirt-qcow2 12 migrate-support-check        fail  never pass
 test-amd64-amd64-libvirt-vhd 12 migrate-support-check        fail   never pass
 test-armhf-armhf-xl-arndale  13 migrate-support-check        fail   never pass
 test-armhf-armhf-xl-arndale  14 saverestore-support-check    fail   never pass
 test-amd64-amd64-qemuu-nested-amd 17 debian-hvm-install/l1/l2  fail never pass
 test-armhf-armhf-libvirt-xsm 13 migrate-support-check        fail   never pass
 test-armhf-armhf-xl-xsm      13 migrate-support-check        fail   never pass
 test-armhf-armhf-xl-credit2  13 migrate-support-check        fail   never pass
 test-armhf-armhf-xl-credit2  14 saverestore-support-check    fail   never pass
 test-armhf-armhf-xl-xsm      14 saverestore-support-check    fail   never pass
 test-armhf-armhf-xl-cubietruck 13 migrate-support-check        fail never pass
 test-armhf-armhf-xl-cubietruck 14 saverestore-support-check    fail never pass
 test-amd64-amd64-libvirt-xsm 13 migrate-support-check        fail   never pass
 test-armhf-armhf-libvirt     13 migrate-support-check        fail   never pass
 test-armhf-armhf-xl-multivcpu 13 migrate-support-check        fail  never pass
 test-armhf-armhf-xl          13 migrate-support-check        fail   never pass
 test-armhf-armhf-xl-multivcpu 14 saverestore-support-check    fail  never pass
 test-armhf-armhf-xl          14 saverestore-support-check    fail   never pass
 test-amd64-i386-xl-qemuu-ws16-amd64 17 guest-stop              fail never pass
 test-armhf-armhf-libvirt-raw 12 migrate-support-check        fail   never pass
 test-armhf-armhf-xl-vhd      12 migrate-support-check        fail   never pass
 test-armhf-armhf-xl-vhd      13 saverestore-support-check    fail   never pass
 test-amd64-i386-xl-qemuu-win10-i386 10 windows-install         fail never pass
 test-amd64-amd64-xl-qemuu-win10-i386 10 windows-install        fail never pass

version targeted for testing:
 qemuu                a15d835f00dce270fd3194e83d9910f4b5b44ac0
baseline version:
 qemuu                1fa0f627d03cd0d0755924247cafeb42969016bf

Last test of basis   116190  2017-11-15 06:53:12 Z    8 days
Failing since        116227  2017-11-16 13:17:17 Z    7 days    9 attempts
Testing same since   116440  2017-11-22 09:32:36 Z    1 days    2 attempts

------------------------------------------------------------
People who touched revisions under test:
  "Daniel P. Berrange" <berrange@redhat.com>
  Alberto Garcia <berto@igalia.com>
  Alex Bennée <alex.bennee@linaro.org>
  Alexey Kardashevskiy <aik@ozlabs.ru>
  Anton Nefedov <anton.nefedov@virtuozzo.com>
  BALATON Zoltan <balaton@eik.bme.hu>
  Christian Borntraeger <borntraeger@de.ibm.com>
  Cornelia Huck <cohuck@redhat.com>
  Daniel Henrique Barboza <danielhb@linux.vnet.ibm.com>
  Daniel P. Berrange <berrange@redhat.com>
  Dariusz Stojaczyk <dariuszx.stojaczyk@intel.com>
  David Gibson <david@gibson.dropbear.id.au>
  David Hildenbrand <david@redhat.com>
  Dou Liyang <douly.fnst@cn.fujitsu.com>
  Dr. David Alan Gilbert <dgilbert@redhat.com>
  Ed Swierk <eswierk@skyportsystems.com>
  Emilio G. Cota <cota@braap.org>
  Eric Blake <eblake@redhat.com>
  Gerd Hoffmann <kraxel@redhat.com>
  Greg Kurz <groug@kaod.org>
  Helge Deller <deller@gmx.de>
  James Clarke <jrtc27@jrtc27.com>
  James Cowgill <james.cowgill@mips.com>
  Jason Wang <jasowang@redhat.com>
  Jeff Cody <jcody@redhat.com>
  Jindrich Makovicka <makovick@gmail.com>
  Joel Stanley <joel@jms.id.au>
  John Paul Adrian Glaubitz <glaubitz@physik.fu-berlin.de>
  Kevin Wolf <kwolf@redhat.com>
  linzhecheng <linzhecheng@huawei.com>
  Mao Zhongyi <maozy.fnst@cn.fujitsu.com>
  Marc-André Lureau <marcandre.lureau@redhat.com>
  Marcel Apfelbaum <marcel@redhat.com>
  Maria Klimushenkova <maria.klimushenkova@ispras.ru>
  Max Reitz <mreitz@redhat.com>
  Michael Roth <mdroth@linux.vnet.ibm.com>
  Michael S. Tsirkin <mst@redhat.com>
  Mike Nawrocki <michael.nawrocki@gtri.gatech.edu>
  Paolo Bonzini <pbonzini@redhat.com>
  Pavel Dovgalyuk <pavel.dovgaluk@ispras.ru>
  Peter Maydell <peter.maydell@linaro.org>
  Philippe Mathieu-Daudé <f4bug@amsat.org>
  Richard Henderson <richard.henderson@linaro.org>
  Richard Henderson <rth@twiddle.net>
  Riku Voipio <riku.voipio@linaro.org>
  Stefan Berger <stefanb@linux.vnet.ibm.com>
  Stefan Hajnoczi <stefanha@redhat.com>
  Stefan Weil <sw@weilnetz.de>
  Stefano Stabellini <sstabellini@kernel.org>
  Suraj Jitindar Singh <sjitindarsingh@gmail.com>
  Thomas Huth <thuth@redhat.com>
  Vladimir Sementsov-Ogievskiy <vsementsov@virtuozzo.com>
  Wang Guang <wang.guang55@zte.com.cn>
  Wang Yong <wang.yong155@zte.com.cn>
  Wanpeng Li <wanpeng.li@hotmail.com>
  Wei Huang <wei@redhat.com>
  Yongbok Kim <yongbok.kim@mips.com>
  ZhiPeng Lu <lu.zhipeng@zte.com.cn>

jobs:
 build-amd64-xsm                                              pass    
 build-armhf-xsm                                              pass    
 build-i386-xsm                                               pass    
 build-amd64                                                  pass    
 build-armhf                                                  pass    
 build-i386                                                   pass    
 build-amd64-libvirt                                          pass    
 build-armhf-libvirt                                          pass    
 build-i386-libvirt                                           pass    
 build-amd64-pvops                                            pass    
 build-armhf-pvops                                            pass    
 build-i386-pvops                                             pass    
 test-amd64-amd64-xl                                          pass    
 test-armhf-armhf-xl                                          pass    
 test-amd64-i386-xl                                           pass    
 test-amd64-amd64-libvirt-qemuu-debianhvm-amd64-xsm           pass    
 test-amd64-i386-libvirt-qemuu-debianhvm-amd64-xsm            pass    
 test-amd64-amd64-xl-qemuu-debianhvm-amd64-xsm                pass    
 test-amd64-i386-xl-qemuu-debianhvm-amd64-xsm                 pass    
 test-amd64-amd64-libvirt-xsm                                 pass    
 test-armhf-armhf-libvirt-xsm                                 pass    
 test-amd64-i386-libvirt-xsm                                  pass    
 test-amd64-amd64-xl-xsm                                      pass    
 test-armhf-armhf-xl-xsm                                      pass    
 test-amd64-i386-xl-xsm                                       pass    
 test-amd64-amd64-qemuu-nested-amd                            fail    
 test-amd64-amd64-xl-pvhv2-amd                                fail    
 test-amd64-i386-qemuu-rhel6hvm-amd                           pass    
 test-amd64-amd64-xl-qemuu-debianhvm-amd64                    pass    
 test-amd64-i386-xl-qemuu-debianhvm-amd64                     pass    
 test-amd64-i386-freebsd10-amd64                              pass    
 test-amd64-amd64-xl-qemuu-ovmf-amd64                         pass    
 test-amd64-i386-xl-qemuu-ovmf-amd64                          pass    
 test-amd64-amd64-xl-qemuu-win7-amd64                         fail    
 test-amd64-i386-xl-qemuu-win7-amd64                          fail    
 test-amd64-amd64-xl-qemuu-ws16-amd64                         fail    
 test-amd64-i386-xl-qemuu-ws16-amd64                          fail    
 test-armhf-armhf-xl-arndale                                  pass    
 test-amd64-amd64-xl-credit2                                  pass    
 test-armhf-armhf-xl-credit2                                  pass    
 test-armhf-armhf-xl-cubietruck                               pass    
 test-amd64-i386-freebsd10-i386                               pass    
 test-amd64-amd64-xl-qemuu-win10-i386                         fail    
 test-amd64-i386-xl-qemuu-win10-i386                          fail    
 test-amd64-amd64-qemuu-nested-intel                          pass    
 test-amd64-amd64-xl-pvhv2-intel                              fail    
 test-amd64-i386-qemuu-rhel6hvm-intel                         pass    
 test-amd64-amd64-libvirt                                     pass    
 test-armhf-armhf-libvirt                                     pass    
 test-amd64-i386-libvirt                                      pass    
 test-amd64-amd64-xl-multivcpu                                pass    
 test-armhf-armhf-xl-multivcpu                                pass    
 test-amd64-amd64-pair                                        pass    
 test-amd64-i386-pair                                         pass    
 test-amd64-amd64-libvirt-pair                                pass    
 test-amd64-i386-libvirt-pair                                 pass    
 test-amd64-amd64-amd64-pvgrub                                pass    
 test-amd64-amd64-i386-pvgrub                                 pass    
 test-amd64-amd64-pygrub                                      pass    
 test-amd64-i386-libvirt-qcow2                                pass    
 test-amd64-amd64-xl-qcow2                                    pass    
 test-armhf-armhf-libvirt-raw                                 pass    
 test-amd64-i386-xl-raw                                       pass    
 test-amd64-amd64-xl-rtds                                     pass    
 test-armhf-armhf-xl-rtds                                     fail    
 test-amd64-amd64-libvirt-vhd                                 pass    
 test-armhf-armhf-xl-vhd                                      pass    


------------------------------------------------------------
sg-report-flight on osstest.test-lab.xenproject.org
logs: /home/logs/logs
images: /home/logs/images

Logs, config files, etc. are available at
    http://logs.test-lab.xenproject.org/osstest/logs

Explanation of these reports, and of osstest in general, is at
    http://xenbits.xen.org/gitweb/?p=osstest.git;a=blob;f=README.email;hb=master
    http://xenbits.xen.org/gitweb/?p=osstest.git;a=blob;f=README;hb=master

Test harness code can be found at
    http://xenbits.xen.org/gitweb?p=osstest.git;a=summary


Pushing revision :

To osstest@xenbits.xen.org:/home/xen/git/qemu-xen.git
   1fa0f62..a15d835  a15d835f00dce270fd3194e83d9910f4b5b44ac0 -> upstream-tested


[-- Attachment #2: Type: text/plain, Size: 157 bytes --]

_______________________________________________
Xen-devel mailing list
Xen-devel@lists.xenproject.org
https://lists.xenproject.org/mailman/listinfo/xen-devel

^ permalink raw reply	[flat|nested] only message in thread

only message in thread, other threads:[~2017-11-24  6:45 UTC | newest]

Thread overview: (only message) (download: mbox.gz follow: Atom feed
-- links below jump to the message on this page --
2017-11-24  6:45 [qemu-mainline test] 116471: tolerable FAIL - PUSHED osstest service owner

This is a public inbox, see mirroring instructions
for how to clone and mirror all data and code used for this inbox;
as well as URLs for NNTP newsgroup(s).