* [seabios test] 116524: regressions - FAIL
@ 2017-11-25 23:56 osstest service owner
0 siblings, 0 replies; only message in thread
From: osstest service owner @ 2017-11-25 23:56 UTC (permalink / raw)
To: xen-devel, osstest-admin
flight 116524 seabios real [real]
http://logs.test-lab.xenproject.org/osstest/logs/116524/
Regressions :-(
Tests which did not succeed and are blocking,
including tests which could not be run:
test-amd64-amd64-xl-qemuu-ws16-amd64 17 guest-stop fail REGR. vs. 115539
Tests which did not succeed, but are not blocking:
test-amd64-i386-xl-qemuu-win7-amd64 17 guest-stop fail like 115539
test-amd64-amd64-xl-qemuu-win7-amd64 17 guest-stop fail like 115539
test-amd64-i386-xl-qemuu-ws16-amd64 17 guest-stop fail like 115539
test-amd64-i386-libvirt-qemuu-debianhvm-amd64-xsm 11 migrate-support-check fail never pass
test-amd64-amd64-libvirt-qemuu-debianhvm-amd64-xsm 11 migrate-support-check fail never pass
test-amd64-amd64-qemuu-nested-amd 17 debian-hvm-install/l1/l2 fail never pass
test-amd64-i386-xl-qemuu-win10-i386 10 windows-install fail never pass
test-amd64-amd64-xl-qemuu-win10-i386 10 windows-install fail never pass
version targeted for testing:
seabios df46d10c8a7b88eb82f3ceb2aa31782dee15593d
baseline version:
seabios 0ca6d6277dfafc671a5b3718cbeb5c78e2a888ea
Last test of basis 115539 2017-11-03 20:48:58 Z 22 days
Failing since 115733 2017-11-10 17:19:59 Z 15 days 23 attempts
Testing same since 116211 2017-11-16 00:20:45 Z 9 days 13 attempts
------------------------------------------------------------
People who touched revisions under test:
Kevin O'Connor <kevin@koconnor.net>
Stefan Berger <stefanb@linux.vnet.ibm.com>
jobs:
build-amd64-xsm pass
build-i386-xsm pass
build-amd64 pass
build-i386 pass
build-amd64-libvirt pass
build-i386-libvirt pass
build-amd64-pvops pass
build-i386-pvops pass
test-amd64-amd64-libvirt-qemuu-debianhvm-amd64-xsm pass
test-amd64-i386-libvirt-qemuu-debianhvm-amd64-xsm pass
test-amd64-amd64-xl-qemuu-debianhvm-amd64-xsm pass
test-amd64-i386-xl-qemuu-debianhvm-amd64-xsm pass
test-amd64-amd64-qemuu-nested-amd fail
test-amd64-i386-qemuu-rhel6hvm-amd pass
test-amd64-amd64-xl-qemuu-debianhvm-amd64 pass
test-amd64-i386-xl-qemuu-debianhvm-amd64 pass
test-amd64-amd64-xl-qemuu-win7-amd64 fail
test-amd64-i386-xl-qemuu-win7-amd64 fail
test-amd64-amd64-xl-qemuu-ws16-amd64 fail
test-amd64-i386-xl-qemuu-ws16-amd64 fail
test-amd64-amd64-xl-qemuu-win10-i386 fail
test-amd64-i386-xl-qemuu-win10-i386 fail
test-amd64-amd64-qemuu-nested-intel pass
test-amd64-i386-qemuu-rhel6hvm-intel pass
------------------------------------------------------------
sg-report-flight on osstest.test-lab.xenproject.org
logs: /home/logs/logs
images: /home/logs/images
Logs, config files, etc. are available at
http://logs.test-lab.xenproject.org/osstest/logs
Explanation of these reports, and of osstest in general, is at
http://xenbits.xen.org/gitweb/?p=osstest.git;a=blob;f=README.email;hb=master
http://xenbits.xen.org/gitweb/?p=osstest.git;a=blob;f=README;hb=master
Test harness code can be found at
http://xenbits.xen.org/gitweb?p=osstest.git;a=summary
Not pushing.
------------------------------------------------------------
commit df46d10c8a7b88eb82f3ceb2aa31782dee15593d
Author: Stefan Berger <stefanb@linux.vnet.ibm.com>
Date: Tue Nov 14 15:03:47 2017 -0500
tpm: Add support for TPM2 ACPI table
Add support for the TPM2 ACPI table. If we find it and its
of the appropriate size, we can get the log_area_start_address
and log_area_minimum_size from it.
The latest version of the spec can be found here:
https://trustedcomputinggroup.org/tcg-acpi-specification/
Signed-off-by: Stefan Berger <stefanb@linux.vnet.ibm.com>
commit 0541f2f0f246e77d7c726926976920e8072d1119
Author: Kevin O'Connor <kevin@koconnor.net>
Date: Fri Nov 10 12:20:35 2017 -0500
paravirt: Only enable sercon in NOGRAPHIC mode if no other console specified
Signed-off-by: Kevin O'Connor <kevin@koconnor.net>
commit 9ce6778f08c632c52b25bc8f754291ef18710d53
Author: Kevin O'Connor <kevin@koconnor.net>
Date: Fri Nov 10 12:16:36 2017 -0500
docs: Add sercon-port to Runtime_config.md documentation
Signed-off-by: Kevin O'Connor <kevin@koconnor.net>
commit 63451fca13c75870e1703eb3e20584d91179aebc
Author: Kevin O'Connor <kevin@koconnor.net>
Date: Fri Nov 10 11:49:19 2017 -0500
docs: Note v1.11.0 release
Signed-off-by: Kevin O'Connor <kevin@koconnor.net>
_______________________________________________
Xen-devel mailing list
Xen-devel@lists.xenproject.org
https://lists.xenproject.org/mailman/listinfo/xen-devel
^ permalink raw reply [flat|nested] only message in thread
only message in thread, other threads:[~2017-11-25 23:56 UTC | newest]
Thread overview: (only message) (download: mbox.gz follow: Atom feed
-- links below jump to the message on this page --
2017-11-25 23:56 [seabios test] 116524: regressions - FAIL osstest service owner
This is a public inbox, see mirroring instructions
for how to clone and mirror all data and code used for this inbox;
as well as URLs for NNTP newsgroup(s).