* [xen-unstable test] 116596: trouble: broken/fail/pass
@ 2017-11-28 10:31 osstest service owner
0 siblings, 0 replies; only message in thread
From: osstest service owner @ 2017-11-28 10:31 UTC (permalink / raw)
To: xen-devel, osstest-admin
[-- Attachment #1: Type: text/plain, Size: 15928 bytes --]
flight 116596 xen-unstable real [real]
http://logs.test-lab.xenproject.org/osstest/logs/116596/
Failures and problems with tests :-(
Tests which did not succeed and are blocking,
including tests which could not be run:
test-amd64-i386-libvirt-xsm <job status> broken
test-amd64-i386-libvirt-xsm 3 syslog-server running
test-amd64-i386-libvirt-xsm 22 capture-logs(22) running
Tests which did not succeed, but are not blocking:
test-amd64-amd64-xl-qemut-win7-amd64 17 guest-stop fail like 116518
test-amd64-amd64-rumprun-amd64 17 rumprun-demo-xenstorels/xenstorels.repeat fail like 116571
test-armhf-armhf-libvirt-xsm 14 saverestore-support-check fail like 116571
test-amd64-amd64-xl-qemuu-win7-amd64 17 guest-stop fail like 116571
test-armhf-armhf-libvirt-raw 13 saverestore-support-check fail like 116571
test-amd64-i386-xl-qemuu-win7-amd64 17 guest-stop fail like 116571
test-amd64-i386-xl-qemuu-ws16-amd64 17 guest-stop fail like 116571
test-amd64-i386-xl-qemut-win7-amd64 17 guest-stop fail like 116571
test-armhf-armhf-libvirt 14 saverestore-support-check fail like 116571
test-amd64-amd64-xl-qemuu-ws16-amd64 17 guest-stop fail like 116571
test-amd64-amd64-xl-qemut-ws16-amd64 17 guest-stop fail like 116571
test-amd64-amd64-xl-pvhv2-intel 12 guest-start fail never pass
test-amd64-amd64-xl-pvhv2-amd 12 guest-start fail never pass
test-amd64-i386-libvirt-xsm 13 migrate-support-check fail never pass
test-amd64-amd64-libvirt-xsm 13 migrate-support-check fail never pass
test-amd64-amd64-libvirt 13 migrate-support-check fail never pass
test-amd64-i386-libvirt 13 migrate-support-check fail never pass
test-amd64-amd64-libvirt-qemuu-debianhvm-amd64-xsm 11 migrate-support-check fail never pass
test-amd64-i386-libvirt-qemuu-debianhvm-amd64-xsm 11 migrate-support-check fail never pass
test-armhf-armhf-xl-arndale 13 migrate-support-check fail never pass
test-armhf-armhf-xl-arndale 14 saverestore-support-check fail never pass
test-amd64-i386-libvirt-qcow2 12 migrate-support-check fail never pass
test-amd64-amd64-libvirt-vhd 12 migrate-support-check fail never pass
test-amd64-amd64-qemuu-nested-amd 17 debian-hvm-install/l1/l2 fail never pass
test-armhf-armhf-libvirt-xsm 13 migrate-support-check fail never pass
test-armhf-armhf-xl-xsm 13 migrate-support-check fail never pass
test-armhf-armhf-xl-xsm 14 saverestore-support-check fail never pass
test-armhf-armhf-xl 13 migrate-support-check fail never pass
test-armhf-armhf-xl 14 saverestore-support-check fail never pass
test-armhf-armhf-xl-credit2 13 migrate-support-check fail never pass
test-armhf-armhf-xl-credit2 14 saverestore-support-check fail never pass
test-armhf-armhf-xl-cubietruck 13 migrate-support-check fail never pass
test-armhf-armhf-xl-cubietruck 14 saverestore-support-check fail never pass
test-armhf-armhf-libvirt-raw 12 migrate-support-check fail never pass
test-armhf-armhf-libvirt 13 migrate-support-check fail never pass
test-armhf-armhf-xl-multivcpu 13 migrate-support-check fail never pass
test-armhf-armhf-xl-multivcpu 14 saverestore-support-check fail never pass
test-armhf-armhf-xl-rtds 13 migrate-support-check fail never pass
test-armhf-armhf-xl-rtds 14 saverestore-support-check fail never pass
test-armhf-armhf-xl-vhd 12 migrate-support-check fail never pass
test-armhf-armhf-xl-vhd 13 saverestore-support-check fail never pass
test-amd64-i386-xl-qemut-ws16-amd64 17 guest-stop fail never pass
test-amd64-i386-xl-qemut-win10-i386 10 windows-install fail never pass
test-amd64-i386-xl-qemuu-win10-i386 10 windows-install fail never pass
test-amd64-amd64-xl-qemuu-win10-i386 10 windows-install fail never pass
test-amd64-amd64-xl-qemut-win10-i386 10 windows-install fail never pass
version targeted for testing:
xen 345bb9cd634421f50b732d4f9c89a649a7a1d0db
baseline version:
xen bf87b7f7d91a25404216e0a0f3e628ce9bf1f82e
Last test of basis 116571 2017-11-27 02:08:19 Z 1 days
Testing same since 116596 2017-11-27 20:26:46 Z 0 days 1 attempts
------------------------------------------------------------
People who touched revisions under test:
George Dunlap <george.dunlap@citrix.com>
Jan Beulich <jbeulich@suse.com>
Julien Grall <julien.grall@linaro.org>
jobs:
build-amd64-xsm pass
build-armhf-xsm pass
build-i386-xsm pass
build-amd64-xtf pass
build-amd64 pass
build-armhf pass
build-i386 pass
build-amd64-libvirt pass
build-armhf-libvirt pass
build-i386-libvirt pass
build-amd64-prev pass
build-i386-prev pass
build-amd64-pvops pass
build-armhf-pvops pass
build-i386-pvops pass
build-amd64-rumprun pass
build-i386-rumprun pass
test-xtf-amd64-amd64-1 pass
test-xtf-amd64-amd64-2 pass
test-xtf-amd64-amd64-3 pass
test-xtf-amd64-amd64-4 pass
test-xtf-amd64-amd64-5 pass
test-amd64-amd64-xl pass
test-armhf-armhf-xl pass
test-amd64-i386-xl pass
test-amd64-amd64-xl-qemut-debianhvm-amd64-xsm pass
test-amd64-i386-xl-qemut-debianhvm-amd64-xsm pass
test-amd64-amd64-libvirt-qemuu-debianhvm-amd64-xsm pass
test-amd64-i386-libvirt-qemuu-debianhvm-amd64-xsm pass
test-amd64-amd64-xl-qemuu-debianhvm-amd64-xsm pass
test-amd64-i386-xl-qemuu-debianhvm-amd64-xsm pass
test-amd64-amd64-xl-qemut-stubdom-debianhvm-amd64-xsm pass
test-amd64-i386-xl-qemut-stubdom-debianhvm-amd64-xsm pass
test-amd64-amd64-libvirt-xsm pass
test-armhf-armhf-libvirt-xsm pass
test-amd64-i386-libvirt-xsm broken
test-amd64-amd64-xl-xsm pass
test-armhf-armhf-xl-xsm pass
test-amd64-i386-xl-xsm pass
test-amd64-amd64-qemuu-nested-amd fail
test-amd64-amd64-xl-pvhv2-amd fail
test-amd64-i386-qemut-rhel6hvm-amd pass
test-amd64-i386-qemuu-rhel6hvm-amd pass
test-amd64-amd64-xl-qemut-debianhvm-amd64 pass
test-amd64-i386-xl-qemut-debianhvm-amd64 pass
test-amd64-amd64-xl-qemuu-debianhvm-amd64 pass
test-amd64-i386-xl-qemuu-debianhvm-amd64 pass
test-amd64-i386-freebsd10-amd64 pass
test-amd64-amd64-xl-qemuu-ovmf-amd64 pass
test-amd64-i386-xl-qemuu-ovmf-amd64 pass
test-amd64-amd64-rumprun-amd64 fail
test-amd64-amd64-xl-qemut-win7-amd64 fail
test-amd64-i386-xl-qemut-win7-amd64 fail
test-amd64-amd64-xl-qemuu-win7-amd64 fail
test-amd64-i386-xl-qemuu-win7-amd64 fail
test-amd64-amd64-xl-qemut-ws16-amd64 fail
test-amd64-i386-xl-qemut-ws16-amd64 fail
test-amd64-amd64-xl-qemuu-ws16-amd64 fail
test-amd64-i386-xl-qemuu-ws16-amd64 fail
test-armhf-armhf-xl-arndale pass
test-amd64-amd64-xl-credit2 pass
test-armhf-armhf-xl-credit2 pass
test-armhf-armhf-xl-cubietruck pass
test-amd64-amd64-examine pass
test-armhf-armhf-examine pass
test-amd64-i386-examine pass
test-amd64-i386-freebsd10-i386 pass
test-amd64-i386-rumprun-i386 pass
test-amd64-amd64-xl-qemut-win10-i386 fail
test-amd64-i386-xl-qemut-win10-i386 fail
test-amd64-amd64-xl-qemuu-win10-i386 fail
test-amd64-i386-xl-qemuu-win10-i386 fail
test-amd64-amd64-qemuu-nested-intel pass
test-amd64-amd64-xl-pvhv2-intel fail
test-amd64-i386-qemut-rhel6hvm-intel pass
test-amd64-i386-qemuu-rhel6hvm-intel pass
test-amd64-amd64-libvirt pass
test-armhf-armhf-libvirt pass
test-amd64-i386-libvirt pass
test-amd64-amd64-livepatch pass
test-amd64-i386-livepatch pass
test-amd64-amd64-migrupgrade pass
test-amd64-i386-migrupgrade pass
test-amd64-amd64-xl-multivcpu pass
test-armhf-armhf-xl-multivcpu pass
test-amd64-amd64-pair pass
test-amd64-i386-pair pass
test-amd64-amd64-libvirt-pair pass
test-amd64-i386-libvirt-pair pass
test-amd64-amd64-amd64-pvgrub pass
test-amd64-amd64-i386-pvgrub pass
test-amd64-amd64-pygrub pass
test-amd64-i386-libvirt-qcow2 pass
test-amd64-amd64-xl-qcow2 pass
test-armhf-armhf-libvirt-raw pass
test-amd64-i386-xl-raw pass
test-amd64-amd64-xl-rtds pass
test-armhf-armhf-xl-rtds pass
test-amd64-amd64-libvirt-vhd pass
test-armhf-armhf-xl-vhd pass
------------------------------------------------------------
sg-report-flight on osstest.test-lab.xenproject.org
logs: /home/logs/logs
images: /home/logs/images
Logs, config files, etc. are available at
http://logs.test-lab.xenproject.org/osstest/logs
Explanation of these reports, and of osstest in general, is at
http://xenbits.xen.org/gitweb/?p=osstest.git;a=blob;f=README.email;hb=master
http://xenbits.xen.org/gitweb/?p=osstest.git;a=blob;f=README;hb=master
Test harness code can be found at
http://xenbits.xen.org/gitweb?p=osstest.git;a=summary
broken-job test-amd64-i386-libvirt-xsm broken
Not pushing.
------------------------------------------------------------
commit 345bb9cd634421f50b732d4f9c89a649a7a1d0db
Author: George Dunlap <george.dunlap@citrix.com>
Date: Wed Nov 22 19:19:04 2017 +0000
SUPPORT.md: Add statement on PCI passthrough
Signed-off-by: George Dunlap <george.dunlap@citrix.com>
Acked-by: Jan Beulich <jbeulich@suse.com>
commit 9d9ebd792ee3c07affa0e7b2b3ad57e37893c490
Author: George Dunlap <george.dunlap@citrix.com>
Date: Wed Nov 22 19:19:04 2017 +0000
SUPPORT.md: Add secondary memory management features
Signed-off-by: George Dunlap <george.dunlap@citrix.com>
Acked-by: Jan Beulich <jbeulich@suse.com>
commit 6a14f082c46250977c926cee56dd2f1ba6cf72ae
Author: George Dunlap <george.dunlap@citrix.com>
Date: Wed Nov 22 19:19:03 2017 +0000
SUPPORT.md: Add Security-releated features
With the exception of driver domains, which depend on PCI passthrough,
and will be introduced later.
Signed-off-by: George Dunlap <george.dunlap@citrix.com>
Reviewed-by: Konrad Rzeszutek Wilk <konrad.wilk@oracle.com>
commit fd92a62b488131ec29fc7d4df07419475268e585
Author: George Dunlap <george.dunlap@citrix.com>
Date: Wed Nov 22 19:19:03 2017 +0000
SUPPORT.md: Add 'easy' HA / FT features
Migration being one of the key 'non-easy' ones to be added later.
Signed-off-by: George Dunlap <george.dunlap@citrix.com>
Acked-by: Jan Beulich <jbeulich@suse.com>
commit 389792060b54e7361a2b668028379877994dca8d
Author: George Dunlap <george.dunlap@citrix.com>
Date: Wed Nov 22 19:19:03 2017 +0000
SUPPORT.md: Add Debugging, analysis, crash post-portem
Signed-off-by: George Dunlap <george.dunlap@citrix.com>
Acked-by: Jan Beulich <jbeulich@suse.com>
commit 065d586a96c3f0ee7c52038afd6a4b2fbf478500
Author: George Dunlap <george.dunlap@citrix.com>
Date: Wed Nov 22 19:19:02 2017 +0000
SUPPORT.md: Add ARM-specific virtual hardware
Signed-off-by: George Dunlap <george.dunlap@citrix.com>
Acked-by: Julien Grall <julien.grall@linaro.org>
commit 36716da2db52cdc03442af46a37e511543841057
Author: George Dunlap <george.dunlap@citrix.com>
Date: Wed Nov 22 19:19:02 2017 +0000
SUPPORT.md: Add x86-specific virtual hardware
x86-specific virtual hardware provided by the hypervisor, toolstack,
or QEMU.
Signed-off-by: George Dunlap <george.dunlap@citrix.com>
Acked-by: Jan Beulich <jbeulich@suse.com>
Reviewed-by: Anthony PERARD <anthony.perard@citrix.com>
commit a45c207e19c05d77c0056c6c0f3db32677ca2eb6
Author: George Dunlap <george.dunlap@citrix.com>
Date: Wed Nov 22 19:19:02 2017 +0000
SUPPORT.md: Add virtual devices common to ARM and x86
Mostly PV protocols.
Signed-off-by: George Dunlap <george.dunlap@citrix.com>
Reviewed-by: Paul Durrant <paul.durrant@citrix.com>
Acked-by: Jan Beulich <jbeulich@suse.com>
commit 535a819e5676b521d161d56fe54a565a11e21c97
Author: George Dunlap <george.dunlap@citrix.com>
Date: Wed Nov 22 19:19:01 2017 +0000
SUPPORT.md: Toolstack core
For now only include xl-specific features, or interaction with the
system. Feature support matrix will be added when features are
mentioned.
Signed-off-by: George Dunlap <george.dunlap@citrix.com>
Reviewed-by: Ian Jackson <ian.jackson@eu.citrix.com>
Reviewed-by: Roger Pau Monné <roger.pau@citrix.com>
(qemu changes not included)
[-- Attachment #2: Type: text/plain, Size: 157 bytes --]
_______________________________________________
Xen-devel mailing list
Xen-devel@lists.xenproject.org
https://lists.xenproject.org/mailman/listinfo/xen-devel
^ permalink raw reply [flat|nested] only message in thread
only message in thread, other threads:[~2017-11-28 10:31 UTC | newest]
Thread overview: (only message) (download: mbox.gz follow: Atom feed
-- links below jump to the message on this page --
2017-11-28 10:31 [xen-unstable test] 116596: trouble: broken/fail/pass osstest service owner
This is a public inbox, see mirroring instructions
for how to clone and mirror all data and code used for this inbox;
as well as URLs for NNTP newsgroup(s).