xen-devel.lists.xenproject.org archive mirror
 help / color / mirror / Atom feed
* [xen-unstable test] 11660: regressions - FAIL
@ 2012-01-28 10:46 xen.org
  2012-01-30 13:59 ` Ian Jackson
  0 siblings, 1 reply; 8+ messages in thread
From: xen.org @ 2012-01-28 10:46 UTC (permalink / raw)
  To: xen-devel; +Cc: ian.jackson

flight 11660 xen-unstable real [real]
http://www.chiark.greenend.org.uk/~xensrcts/logs/11660/

Regressions :-(

Tests which did not succeed and are blocking,
including tests which could not be run:
 test-i386-i386-xl            18 leak-check/check          fail REGR. vs. 11643
 test-amd64-i386-xl-credit2   18 leak-check/check          fail REGR. vs. 11643
 test-amd64-i386-xl-multivcpu 18 leak-check/check          fail REGR. vs. 11643
 test-amd64-i386-xl           18 leak-check/check          fail REGR. vs. 11643
 test-amd64-amd64-xl          18 leak-check/check          fail REGR. vs. 11643

Regressions which are regarded as allowable (not blocking):
 test-amd64-amd64-xl-sedf     18 leak-check/check          fail REGR. vs. 11643
 test-amd64-amd64-xl-sedf-pin 18 leak-check/check         fail blocked in 11643
 test-i386-i386-win           14 guest-start.2                fail   like 11643

Tests which did not succeed, but are not blocking:
 test-amd64-amd64-xl-pcipt-intel  9 guest-start                 fail never pass
 test-amd64-i386-rhel6hvm-intel 11 leak-check/check             fail never pass
 test-amd64-i386-rhel6hvm-amd 11 leak-check/check             fail   never pass
 test-amd64-amd64-xl-win7-amd64 13 guest-stop                   fail never pass
 test-amd64-i386-xend-winxpsp3 16 leak-check/check             fail  never pass
 test-amd64-amd64-xl-win      13 guest-stop                   fail   never pass
 test-i386-i386-xl-win        13 guest-stop                   fail   never pass
 test-amd64-i386-xl-win-vcpus1 13 guest-stop                   fail  never pass
 test-amd64-i386-win-vcpus1   16 leak-check/check             fail   never pass
 test-amd64-i386-win          16 leak-check/check             fail   never pass
 test-amd64-i386-xl-win7-amd64 13 guest-stop                   fail  never pass
 test-i386-i386-xl-winxpsp3   13 guest-stop                   fail   never pass
 test-amd64-amd64-win         16 leak-check/check             fail   never pass
 test-amd64-amd64-xl-winxpsp3 13 guest-stop                   fail   never pass
 test-amd64-i386-xl-winxpsp3-vcpus1 13 guest-stop               fail never pass

version targeted for testing:
 xen                  54000bca7a6a
baseline version:
 xen                  e2722b24dc09

------------------------------------------------------------
People who touched revisions under test:
  Adin Scannell <adin@scannell.ca>
  Andres Lagar-Cavilla <andres@lagarcavilla.org>
  Dario Faggioli <dario.faggioli@citrix.com>
  Ian Campbell <ian.campbell@citrix.com>
  Ian Jackson <ian.jackson@eu.citrix.com>
  Jan Beulich <jbeulich@suse.com>
  Jim Fehlig <jfehlig@suse.com>
  Olaf Hering <olaf@aepfle.de>
  Roger Pau Monne <roger.pau@entel.upc.edu>
  Stefano Stabellini <stefano.stabellini@eu.citrix.com>
------------------------------------------------------------

jobs:
 build-amd64                                                  pass    
 build-i386                                                   pass    
 build-amd64-oldkern                                          pass    
 build-i386-oldkern                                           pass    
 build-amd64-pvops                                            pass    
 build-i386-pvops                                             pass    
 test-amd64-amd64-xl                                          fail    
 test-amd64-i386-xl                                           fail    
 test-i386-i386-xl                                            fail    
 test-amd64-i386-rhel6hvm-amd                                 fail    
 test-amd64-amd64-xl-win7-amd64                               fail    
 test-amd64-i386-xl-win7-amd64                                fail    
 test-amd64-i386-xl-credit2                                   fail    
 test-amd64-amd64-xl-pcipt-intel                              fail    
 test-amd64-i386-rhel6hvm-intel                               fail    
 test-amd64-i386-xl-multivcpu                                 fail    
 test-amd64-amd64-pair                                        pass    
 test-amd64-i386-pair                                         pass    
 test-i386-i386-pair                                          pass    
 test-amd64-amd64-xl-sedf-pin                                 fail    
 test-amd64-amd64-pv                                          pass    
 test-amd64-i386-pv                                           pass    
 test-i386-i386-pv                                            pass    
 test-amd64-amd64-xl-sedf                                     fail    
 test-amd64-i386-win-vcpus1                                   fail    
 test-amd64-i386-xl-win-vcpus1                                fail    
 test-amd64-i386-xl-winxpsp3-vcpus1                           fail    
 test-amd64-amd64-win                                         fail    
 test-amd64-i386-win                                          fail    
 test-i386-i386-win                                           fail    
 test-amd64-amd64-xl-win                                      fail    
 test-i386-i386-xl-win                                        fail    
 test-amd64-i386-xend-winxpsp3                                fail    
 test-amd64-amd64-xl-winxpsp3                                 fail    
 test-i386-i386-xl-winxpsp3                                   fail    


------------------------------------------------------------
sg-report-flight on woking.cam.xci-test.com
logs: /home/xc_osstest/logs
images: /home/xc_osstest/images

Logs, config files, etc. are available at
    http://www.chiark.greenend.org.uk/~xensrcts/logs

Test harness code can be found at
    http://xenbits.xensource.com/gitweb?p=osstest.git;a=summary


Not pushing.

(No revision log; it would be 384 lines long.)

^ permalink raw reply	[flat|nested] 8+ messages in thread

end of thread, other threads:[~2012-01-30 15:24 UTC | newest]

Thread overview: 8+ messages (download: mbox.gz follow: Atom feed
-- links below jump to the message on this page --
2012-01-28 10:46 [xen-unstable test] 11660: regressions - FAIL xen.org
2012-01-30 13:59 ` Ian Jackson
2012-01-30 14:01   ` [PATCH 1/2] libxl: domain_death_xswatch_callback: add some debug logging Ian Jackson
2012-01-30 14:50     ` Ian Campbell
2012-01-30 14:01   ` [PATCH 2/2] libxl: treat "dying" domains as destroyed Ian Jackson
2012-01-30 15:02     ` Ian Campbell
2012-01-30 15:19       ` Ian Jackson
2012-01-30 15:24       ` Ian Jackson

This is a public inbox, see mirroring instructions
for how to clone and mirror all data and code used for this inbox;
as well as URLs for NNTP newsgroup(s).