xen-devel.lists.xenproject.org archive mirror
 help / color / mirror / Atom feed
* [linux-4.9 test] 116704: regressions - trouble: blocked/broken/fail/pass
@ 2017-11-30 22:57 osstest service owner
  0 siblings, 0 replies; only message in thread
From: osstest service owner @ 2017-11-30 22:57 UTC (permalink / raw)
  To: xen-devel, osstest-admin

[-- Attachment #1: Type: text/plain, Size: 33878 bytes --]

flight 116704 linux-4.9 real [real]
http://logs.test-lab.xenproject.org/osstest/logs/116704/

Regressions :-(

Tests which did not succeed and are blocking,
including tests which could not be run:
 test-amd64-i386-xl-qemuu-win10-i386    <job status>                 broken
 test-amd64-i386-xl              <job status>                 broken
 test-amd64-i386-rumprun-i386    <job status>                 broken
 test-amd64-amd64-xl-qemut-win10-i386    <job status>                 broken
 test-amd64-amd64-qemuu-nested-amd    <job status>                 broken
 test-amd64-amd64-libvirt-qemuu-debianhvm-amd64-xsm    <job status>      broken
 test-amd64-i386-pair            <job status>                 broken
 test-amd64-amd64-xl-qemut-debianhvm-amd64-xsm    <job status>           broken
 test-amd64-i386-xl-qemuu-debianhvm-amd64-xsm    <job status>            broken
 test-amd64-amd64-xl-qemuu-debianhvm-amd64-xsm    <job status>           broken
 test-amd64-i386-freebsd10-i386    <job status>                 broken
 test-amd64-i386-xl-raw          <job status>                 broken
 test-amd64-i386-xl-qemut-win7-amd64    <job status>                 broken
 test-amd64-amd64-xl-rtds        <job status>                 broken
 test-amd64-amd64-xl-qemut-win7-amd64    <job status>                 broken
 test-amd64-i386-xl-qemuu-ws16-amd64    <job status>                 broken
 test-amd64-amd64-xl-qemuu-win7-amd64    <job status>                 broken
 test-amd64-amd64-xl-credit2     <job status>                 broken
 test-amd64-amd64-libvirt-pair    <job status>                 broken
 test-amd64-i386-xl-qemut-debianhvm-amd64    <job status>                broken
 test-amd64-amd64-libvirt-xsm    <job status>                 broken
 test-amd64-amd64-xl-qemuu-win10-i386    <job status>                 broken
 test-amd64-amd64-xl-qemuu-ovmf-amd64    <job status>                 broken
 test-amd64-amd64-xl-qemut-debianhvm-amd64    <job status>               broken
 test-amd64-i386-xl-xsm          <job status>                 broken
 test-amd64-amd64-xl-qcow2       <job status>                 broken
 test-amd64-i386-qemuu-rhel6hvm-amd    <job status>                 broken
 test-amd64-i386-xl-qemuu-debianhvm-amd64    <job status>                broken
 test-amd64-amd64-pair           <job status>                 broken
 test-amd64-amd64-libvirt-vhd    <job status>                 broken
 test-amd64-i386-libvirt-pair    <job status>                 broken
 test-amd64-i386-xl-qemut-win10-i386    <job status>                 broken
 test-amd64-amd64-xl-pvhv2-amd    <job status>                 broken
 test-amd64-i386-libvirt-qcow2    <job status>                 broken
 test-amd64-i386-qemut-rhel6hvm-intel    <job status>                 broken
 test-amd64-amd64-xl-qemuu-debianhvm-amd64    <job status>               broken
 test-amd64-i386-xl-qemut-debianhvm-amd64-xsm    <job status>            broken
 test-amd64-amd64-qemuu-nested-intel    <job status>                 broken
 test-amd64-amd64-xl-qemuu-ws16-amd64    <job status>                 broken
 test-amd64-i386-xl-qemut-ws16-amd64    <job status>                 broken
 test-amd64-i386-libvirt-qemuu-debianhvm-amd64-xsm    <job status>       broken
 test-amd64-amd64-pygrub         <job status>                 broken
 test-amd64-i386-qemuu-rhel6hvm-intel    <job status>                 broken
 test-amd64-i386-libvirt         <job status>                 broken
 test-amd64-i386-freebsd10-amd64    <job status>                 broken
 test-amd64-i386-qemut-rhel6hvm-amd    <job status>                 broken
 test-amd64-amd64-xl-pvhv2-intel    <job status>                 broken
 test-amd64-amd64-xl-xsm         <job status>                 broken
 test-amd64-i386-xl-qemut-stubdom-debianhvm-amd64-xsm    <job status>    broken
 test-amd64-amd64-xl-qemut-stubdom-debianhvm-amd64-xsm    <job status>   broken
 test-amd64-amd64-xl-qemut-ws16-amd64    <job status>                 broken
 test-amd64-i386-xl-qemuu-ovmf-amd64    <job status>                 broken
 test-amd64-amd64-i386-pvgrub    <job status>                 broken
 test-amd64-amd64-rumprun-amd64    <job status>                 broken
 test-amd64-amd64-libvirt        <job status>                 broken
 test-amd64-amd64-xl-multivcpu    <job status>                 broken
 test-amd64-i386-xl-qemuu-win7-amd64    <job status>                 broken
 test-amd64-amd64-xl             <job status>                 broken
 test-amd64-i386-libvirt-xsm     <job status>                 broken
 test-amd64-i386-libvirt       2 hosts-allocate         broken REGR. vs. 116531
 test-amd64-amd64-libvirt-qemuu-debianhvm-amd64-xsm 2 hosts-allocate broken REGR. vs. 116531
 test-amd64-amd64-xl-qemuu-win7-amd64  2 hosts-allocate broken REGR. vs. 116531
 test-amd64-amd64-xl-qcow2     2 hosts-allocate         broken REGR. vs. 116531
 test-amd64-amd64-xl-qemuu-ovmf-amd64  2 hosts-allocate broken REGR. vs. 116531
 test-amd64-amd64-xl-qemuu-win10-i386  2 hosts-allocate broken REGR. vs. 116531
 test-amd64-amd64-xl-credit2   2 hosts-allocate         broken REGR. vs. 116531
 test-amd64-i386-xl-qemut-win7-amd64  2 hosts-allocate  broken REGR. vs. 116531
 test-amd64-i386-examine       2 hosts-allocate         broken REGR. vs. 116531
 test-amd64-amd64-xl-qemut-debianhvm-amd64-xsm 2 hosts-allocate broken REGR. vs. 116531
 test-amd64-amd64-xl-qemut-ws16-amd64  2 hosts-allocate broken REGR. vs. 116531
 test-amd64-amd64-libvirt-xsm  2 hosts-allocate         broken REGR. vs. 116531
 test-amd64-amd64-xl-qemut-debianhvm-amd64 2 hosts-allocate broken REGR. vs. 116531
 test-amd64-amd64-libvirt      2 hosts-allocate         broken REGR. vs. 116531
 test-amd64-amd64-xl-xsm       2 hosts-allocate         broken REGR. vs. 116531
 test-amd64-amd64-libvirt-vhd  2 hosts-allocate         broken REGR. vs. 116531
 test-amd64-amd64-qemuu-nested-amd  2 hosts-allocate    broken REGR. vs. 116531
 test-amd64-amd64-xl-qemuu-ws16-amd64  2 hosts-allocate broken REGR. vs. 116531
 test-amd64-amd64-xl           2 hosts-allocate         broken REGR. vs. 116531
 test-amd64-amd64-xl-qemut-win7-amd64  2 hosts-allocate broken REGR. vs. 116531
 test-amd64-amd64-xl-qemuu-debianhvm-amd64 2 hosts-allocate broken REGR. vs. 116531
 test-amd64-amd64-xl-qemut-win10-i386  2 hosts-allocate broken REGR. vs. 116531
 test-amd64-amd64-pygrub       2 hosts-allocate         broken REGR. vs. 116531
 test-amd64-i386-libvirt-xsm   2 hosts-allocate         broken REGR. vs. 116531
 test-amd64-amd64-xl-pvhv2-amd  2 hosts-allocate        broken REGR. vs. 116531
 test-amd64-amd64-pair         2 hosts-allocate         broken REGR. vs. 116531
 test-amd64-amd64-i386-pvgrub  2 hosts-allocate         broken REGR. vs. 116531
 test-amd64-amd64-rumprun-amd64  2 hosts-allocate       broken REGR. vs. 116531
 test-amd64-amd64-qemuu-nested-intel  2 hosts-allocate  broken REGR. vs. 116531
 test-amd64-i386-xl-qemut-ws16-amd64  2 hosts-allocate  broken REGR. vs. 116531
 test-amd64-amd64-libvirt-pair  2 hosts-allocate        broken REGR. vs. 116531
 test-amd64-i386-xl-qemuu-ovmf-amd64  2 hosts-allocate  broken REGR. vs. 116531
 test-amd64-amd64-xl-qemut-stubdom-debianhvm-amd64-xsm 2 hosts-allocate broken REGR. vs. 116531
 test-amd64-amd64-xl-multivcpu  2 hosts-allocate        broken REGR. vs. 116531
 test-amd64-i386-xl-qemuu-ws16-amd64  2 hosts-allocate  broken REGR. vs. 116531
 test-amd64-i386-libvirt-qemuu-debianhvm-amd64-xsm 2 hosts-allocate broken REGR. vs. 116531
 test-amd64-i386-qemut-rhel6hvm-intel  2 hosts-allocate broken REGR. vs. 116531
 test-amd64-i386-xl-qemuu-win7-amd64  2 hosts-allocate  broken REGR. vs. 116531
 test-amd64-i386-xl-qemuu-win10-i386  2 hosts-allocate  broken REGR. vs. 116531
 test-amd64-amd64-examine      2 hosts-allocate         broken REGR. vs. 116531
 test-amd64-amd64-xl-qemuu-debianhvm-amd64-xsm 2 hosts-allocate broken REGR. vs. 116531
 test-amd64-amd64-xl-pvhv2-intel  2 hosts-allocate      broken REGR. vs. 116531
 test-amd64-i386-xl-qemut-win10-i386  2 hosts-allocate  broken REGR. vs. 116531
 test-amd64-i386-xl-xsm        2 hosts-allocate         broken REGR. vs. 116531
 test-amd64-i386-freebsd10-i386  2 hosts-allocate       broken REGR. vs. 116531
 test-amd64-i386-xl-raw        2 hosts-allocate         broken REGR. vs. 116531
 test-amd64-i386-xl            2 hosts-allocate         broken REGR. vs. 116531
 test-amd64-i386-libvirt-pair  2 hosts-allocate         broken REGR. vs. 116531
 test-amd64-i386-pair          2 hosts-allocate         broken REGR. vs. 116531
 test-amd64-i386-qemut-rhel6hvm-amd  2 hosts-allocate   broken REGR. vs. 116531
 test-amd64-i386-freebsd10-amd64  4 host-install(4)     broken REGR. vs. 116531
 test-amd64-i386-qemuu-rhel6hvm-intel 4 host-install(4) broken REGR. vs. 116531
 test-amd64-i386-libvirt-qcow2  4 host-install(4)       broken REGR. vs. 116531
 test-amd64-i386-xl-qemut-debianhvm-amd64 4 host-install(4) broken REGR. vs. 116531
 test-amd64-i386-xl-qemuu-debianhvm-amd64-xsm 4 host-install(4) broken REGR. vs. 116531
 test-amd64-i386-rumprun-i386  4 host-install(4)        broken REGR. vs. 116531
 test-amd64-i386-xl-qemuu-debianhvm-amd64 4 host-install(4) broken REGR. vs. 116531
 test-amd64-i386-xl-qemut-stubdom-debianhvm-amd64-xsm 4 host-install(4) broken REGR. vs. 116531
 test-amd64-i386-qemuu-rhel6hvm-amd  4 host-install(4)  broken REGR. vs. 116531
 test-amd64-i386-xl-qemut-debianhvm-amd64-xsm 4 host-install(4) broken REGR. vs. 116531
 test-amd64-i386-rumprun-i386  3 syslog-server          broken REGR. vs. 116531
 test-amd64-i386-qemuu-rhel6hvm-amd  3 syslog-server    broken REGR. vs. 116531
 test-amd64-i386-freebsd10-amd64  3 syslog-server       broken REGR. vs. 116531
 test-amd64-i386-xl-qemuu-debianhvm-amd64-xsm 3 syslog-server broken REGR. vs. 116531
 test-amd64-i386-libvirt-qcow2  3 syslog-server         broken REGR. vs. 116531
 test-amd64-i386-xl-qemut-debianhvm-amd64 3 syslog-server broken REGR. vs. 116531
 test-amd64-i386-xl-qemuu-debianhvm-amd64 3 syslog-server broken REGR. vs. 116531
 test-amd64-i386-xl-qemut-debianhvm-amd64-xsm 3 syslog-server broken REGR. vs. 116531
 test-amd64-i386-xl-qemut-stubdom-debianhvm-amd64-xsm 3 syslog-server broken REGR. vs. 116531
 build-armhf-pvops             6 kernel-build             fail REGR. vs. 116531
 test-armhf-armhf-libvirt-raw  1 build-check(1)               running
 test-armhf-armhf-examine      1 build-check(1)               running
 test-armhf-armhf-xl           1 build-check(1)               running
 test-armhf-armhf-xl-vhd       1 build-check(1)               running
 test-armhf-armhf-libvirt      1 build-check(1)               running
 test-armhf-armhf-xl-credit2   1 build-check(1)               running
 test-armhf-armhf-xl-arndale   1 build-check(1)               running
 test-armhf-armhf-libvirt-xsm  1 build-check(1)               running
 test-armhf-armhf-xl-multivcpu  1 build-check(1)               running
 test-armhf-armhf-xl-cubietruck  1 build-check(1)               running
 test-armhf-armhf-xl-rtds      1 build-check(1)               running
 test-armhf-armhf-xl-xsm       1 build-check(1)               running
 build-armhf-pvops             3 syslog-server                running

Regressions which are regarded as allowable (not blocking):
 test-amd64-amd64-xl-rtds      2 hosts-allocate         broken REGR. vs. 116531

Tests which did not succeed, but are not blocking:
 test-amd64-i386-xl-qemuu-debianhvm-amd64 5 capture-logs(5) broken blocked in 116531
 build-armhf-pvops             7 capture-logs          broken blocked in 116531
 test-amd64-i386-xl-qemuu-debianhvm-amd64-xsm 5 capture-logs(5) broken never pass
 test-amd64-i386-qemuu-rhel6hvm-amd  5 capture-logs(5)        broken never pass
 test-amd64-i386-xl-qemut-debianhvm-amd64-xsm 5 capture-logs(5) broken never pass
 test-amd64-i386-libvirt-qcow2  5 capture-logs(5)             broken never pass
 test-amd64-i386-xl-qemut-debianhvm-amd64  5 capture-logs(5)  broken never pass
 test-amd64-i386-xl-qemut-stubdom-debianhvm-amd64-xsm 5 capture-logs(5) broken never pass
 test-amd64-i386-qemuu-rhel6hvm-intel  5 capture-logs(5)      broken never pass
 test-amd64-i386-rumprun-i386  5 capture-logs(5)              broken never pass
 test-amd64-i386-freebsd10-amd64  5 capture-logs(5)           broken never pass

version targeted for testing:
 linux                8743ce3d7c9698285310920c443c086e337aef44
baseline version:
 linux                133e6ccf46f1704a4a680ef45565e970ac9a7f9c

Last test of basis   116531  2017-11-25 16:32:41 Z    5 days
Testing same since   116704  2017-11-30 09:15:59 Z    0 days    1 attempts

------------------------------------------------------------
People who touched revisions under test:
  Aaron Brown <aaron.f.brown@intel.com>
  Abhishek Sahu <absahu@codeaurora.org>
  Al Viro <viro@zeniv.linux.org.uk>
  Alexey Khoroshilov <khoroshilov@ispras.ru>
  Alistair Hamilton <ahpatent@gmail.com>
  Amit Pundir <amit.pundir@linaro.org>
  Amitkumar Karwar <akarwar@marvell.com>
  Andreas Rohner <andreas.rohner@gmx.net>
  Andrew Bowers <andrewx.bowers@intel.com>
  Andrew Elble <aweits@rit.edu>
  Andrew Morton <akpm@linux-foundation.org>
  Andrey Konovalov <andreyknvl@google.com>
  Andy Lutomirski <luto@kernel.org>
  Anna Schumaker <Anna.Schumaker@Netapp.com>
  Arnd Bergmann <arnd@arndb.de>
  Avinash Repaka <avinash.repaka@oracle.com>
  Bart Van Assche <bart.vanassche@wdc.com>
  Bartosz Golaszewski <bgolaszewski@baylibre.com>
  Bartosz Markowski <bartosz.markowski@tieto.com>
  Benjamin Poirier <bpoirier@suse.com>
  Bjorn Helgaas <bhelgaas@google.com>
  Boris Brezillon <boris.brezillon@free-electrons.com>
  Brent Taylor <motobud@gmail.com>
  Brian King <brking@linux.vnet.ibm.com>
  Catalin Marinas <catalin.marinas@arm.com>
  chenxiang (M) <chenxiang66@hisilicon.com>
  Chris Wilson <chris@chris-wilson.co.uk>
  Christian Lamparter <chunkeey@googlemail.com>
  Christoph Hellwig <hch@lst.de>
  Christophe JAILLET <christophe.jaillet@wanadoo.fr>
  Chuck Lever <chuck.lever@oracle.com>
  Colin Ian King <colin.king@canonical.com>
  Coly Li <colyli@suse.de>
  Cong Wang <xiyou.wangcong@gmail.com>
  Dan Carpenter <dan.carpenter@oracle.com>
  Dan Williams <dan.j.williams@intel.com>
  Daniel Verkamp <daniel.verkamp@intel.com>
  Daniel Vetter <daniel.vetter@ffwll.ch>
  Daniel Vetter <daniel.vetter@intel.com>
  David Ahern <dsa@cumulusnetworks.com>
  David Ahern <dsahern@gmail.com>
  David S. Miller <davem@davemloft.net>
  David Sterba <dsterba@suse.com>
  Doug Ledford <dledford@redhat.com>
  Eric Biggers <ebiggers@google.com>
  Florian Westphal <fw@strlen.de>
  Gabriele Mazzotta <gabriele.mzt@gmail.com>
  Geert Uytterhoeven <geert@linux-m68k.org>
  Greg Kroah-Hartman <gregkh@linuxfoundation.org>
  Hans Verkuil <hans.verkuil@cisco.com>
  Hans Verkuil <hansverk@cisco.com>
  Heiko Carstens <heiko.carstens@de.ibm.com>
  Helge Deller <deller@gmx.de>
  Henrik Eriksson <henrik.eriksson@axis.com>
  Herbert Xu <herbert@gondor.apana.org.au>
  Hou Tao <houtao1@huawei.com>
  Ian Kent <raven@themaw.net>
  Icenowy Zheng <icenowy@aosc.xyz>
  Ilya Dryomov <idryomov@gmail.com>
  Ingo Molnar <mingo@kernel.org>
  J. Bruce Fields <bfields@redhat.com>
  James Hogan <jhogan@kernel.org>
  Jan Kara <jack@suse.cz>
  Jeff Kirsher <jeffrey.t.kirsher@intel.com>
  Jens Axboe <axboe@kernel.dk>
  Jesse Brandeburg <jesse.brandeburg@intel.com>
  Johan Hovold <johan@kernel.org>
  Johannes Berg <johannes.berg@intel.com>
  John Crispin <john@phrozen.org>
  John David Anglin <dave.anglin@bell.net>
  Jonathan Cameron <jic23@kernel.org>
  Joshua Watt <JPEWhacker@gmail.com>
  Juergen Gross <jgross@suse.com>
  Kailang Yang <kailang@realtek.com>
  Kalle Valo <kvalo@codeaurora.org>
  Kalle Valo <kvalo@qca.qualcomm.com>
  Kuninori Morimoto <kuninori.morimoto.gx@renesas.com>
  Ladi Prosek <lprosek@redhat.com>
  Larry Finger <Larry.Finger@lwfinger.net>
  Laura Abbott <labbott@redhat.com>
  Linus Torvalds <torvalds@linux-foundation.org>
  Linus Walleij <linus.walleij@linaro.org>
  Lv Zheng <lv.zheng@intel.com>
  Maciej W. Rozycki <macro@mips.com>
  Marc Zyngier <marc.zyngier@arm.com>
  Marcus Cooper <codekipper@gmail.com>
  Mark Brown <broonie@kernel.org>
  Martin Schwidefsky <schwidefsky@de.ibm.com>
  Masahiro Yamada <yamada.masahiro@socionext.com>
  Masami Hiramatsu <mhiramat@kernel.org>
  Masashi Honma <masashi.honma@gmail.com>
  Mathias Kresin <dev@kresin.me>
  Mauro Carvalho Chehab <mchehab@osg.samsung.com>
  Mauro Carvalho Chehab <mchehab@s-opensource.com>
  Maxime Ripard <maxime.ripard@free-electrons.com>
  Michael Chan <michael.chan@broadcom.com>
  Michael Ellerman <mpe@ellerman.id.au>
  Michele Baldessari <michele@acksyn.org>
  Mike Snitzer <snitzer@redhat.com>
  Mikulas Patocka <mpatocka@redhat.com>
  Milan Stephan <milan.stephan+linux@fau.de>
  Mirko Parthey <mirko.parthey@web.de>
  Naveen N. Rao <naveen.n.rao@linux.vnet.ibm.com>
  Neil Dick <neil@cog.systems>
  NeilBrown <neilb@suse.com>
  Nicholas Bellinger <nab@linux-iscsi.org>
  Nick Sarnie <commendsarnex@gmail.com>
  Pablo Neira Ayuso <pablo@netfilter.org>
  Pan Bian <bianpan2016@163.com>
  Paolo Bonzini <pbonzini@redhat.com>
  Paul E. McKenney <paulmck@linux.vnet.ibm.com>
  Peter Ujfalusi <peter.ujfalusi@ti.com>
  Peter Zijlstra (Intel) <peterz@infradead.org>
  Philip Derrin <philip@cog.systems>
  Radim Krčmář <rkrcmar@redhat.com>
  Rafael J. Wysocki <rafael.j.wysocki@intel.com>
  Rameshwar Prasad Sahu <rsahu@apm.com>
  Ricardo Ribalda Delgado <ricardo.ribalda@gmail.com>
  Richard Fitzgerald <rf@opensource.wolfsonmicro.com>
  Richard Genoud <richard.genoud@gmail.com>
  Rob Herring <robh@kernel.org>
  Roger Quadros <rogerq@ti.com>
  Romain Perier <romain.perier@free-electrons.com>
  Russell King <rmk+kernel@armlinux.org.uk>
  Ryan Hsu <ryanhsu@qca.qualcomm.com>
  Ryusuke Konishi <konishi.ryusuke@lab.ntt.co.jp>
  Samuel Ortiz <sameo@linux.intel.com>
  Santosh Shilimkar <santosh.shilimkar@oracle.com>
  Sasha Levin <alexander.levin@verizon.com>
  Sean Young <sean@mess.org>
  Shawn Guo <shawn.guo@linaro.org>
  Stanislaw Gruszka <sgruszka@redhat.com>
  Stephen Boyd <sboyd@codeaurora.org>
  Steven Rostedt (Red Hat) <rostedt@goodmis.org>
  Steven Rostedt (VMware) <rostedt@goodmis.org>
  Takashi Iwai <tiwai@suse.de>
  Tejun Heo <tj@kernel.org>
  Theodore Ts'o <tytso@mit.edu>
  Thomas Preisner <thomas.preisner+linux@fau.de>
  Tobias Jordan <Tobias.Jordan@elektrobit.com>
  Trond Myklebust <trond.myklebust@primarydata.com>
  Tuomas Tynkkynen <tuomas@tuxera.com>
  Tyler Hicks <tyhicks@canonical.com>
  Vadim Lomovtsev <Vadim.Lomovtsev@cavium.com>
  Vasily Averin <vvs@virtuozzo.com>
  Vasily Gorbik <gor@linux.vnet.ibm.com>
  Vijendar Mukunda <Vijendar.Mukunda@amd.com>
  Vinod Koul <vinod.koul@intel.com>
  Viresh Kumar <viresh.kumar@linaro.org>
  Vlastimil Babka <vbabka@suse.cz>
  WANG Cong <xiyou.wangcong@gmail.com>
  Will Deacon <will.deacon@arm.com>
  Xiaolei Li <xiaolei.li@mediatek.com>

jobs:
 build-amd64-xsm                                              pass    
 build-armhf-xsm                                              pass    
 build-i386-xsm                                               pass    
 build-amd64                                                  pass    
 build-armhf                                                  pass    
 build-i386                                                   pass    
 build-amd64-libvirt                                          pass    
 build-armhf-libvirt                                          pass    
 build-i386-libvirt                                           pass    
 build-amd64-pvops                                            pass    
 build-armhf-pvops                                            fail    
 build-i386-pvops                                             pass    
 build-amd64-rumprun                                          pass    
 build-i386-rumprun                                           pass    
 test-amd64-amd64-xl                                          broken  
 test-armhf-armhf-xl                                          blocked 
 test-amd64-i386-xl                                           broken  
 test-amd64-amd64-xl-qemut-debianhvm-amd64-xsm                broken  
 test-amd64-i386-xl-qemut-debianhvm-amd64-xsm                 broken  
 test-amd64-amd64-libvirt-qemuu-debianhvm-amd64-xsm           broken  
 test-amd64-i386-libvirt-qemuu-debianhvm-amd64-xsm            broken  
 test-amd64-amd64-xl-qemuu-debianhvm-amd64-xsm                broken  
 test-amd64-i386-xl-qemuu-debianhvm-amd64-xsm                 broken  
 test-amd64-amd64-xl-qemut-stubdom-debianhvm-amd64-xsm        broken  
 test-amd64-i386-xl-qemut-stubdom-debianhvm-amd64-xsm         broken  
 test-amd64-amd64-libvirt-xsm                                 broken  
 test-armhf-armhf-libvirt-xsm                                 blocked 
 test-amd64-i386-libvirt-xsm                                  broken  
 test-amd64-amd64-xl-xsm                                      broken  
 test-armhf-armhf-xl-xsm                                      blocked 
 test-amd64-i386-xl-xsm                                       broken  
 test-amd64-amd64-qemuu-nested-amd                            broken  
 test-amd64-amd64-xl-pvhv2-amd                                broken  
 test-amd64-i386-qemut-rhel6hvm-amd                           broken  
 test-amd64-i386-qemuu-rhel6hvm-amd                           broken  
 test-amd64-amd64-xl-qemut-debianhvm-amd64                    broken  
 test-amd64-i386-xl-qemut-debianhvm-amd64                     broken  
 test-amd64-amd64-xl-qemuu-debianhvm-amd64                    broken  
 test-amd64-i386-xl-qemuu-debianhvm-amd64                     broken  
 test-amd64-i386-freebsd10-amd64                              broken  
 test-amd64-amd64-xl-qemuu-ovmf-amd64                         broken  
 test-amd64-i386-xl-qemuu-ovmf-amd64                          broken  
 test-amd64-amd64-rumprun-amd64                               broken  
 test-amd64-amd64-xl-qemut-win7-amd64                         broken  
 test-amd64-i386-xl-qemut-win7-amd64                          broken  
 test-amd64-amd64-xl-qemuu-win7-amd64                         broken  
 test-amd64-i386-xl-qemuu-win7-amd64                          broken  
 test-amd64-amd64-xl-qemut-ws16-amd64                         broken  
 test-amd64-i386-xl-qemut-ws16-amd64                          broken  
 test-amd64-amd64-xl-qemuu-ws16-amd64                         broken  
 test-amd64-i386-xl-qemuu-ws16-amd64                          broken  
 test-armhf-armhf-xl-arndale                                  blocked 
 test-amd64-amd64-xl-credit2                                  broken  
 test-armhf-armhf-xl-credit2                                  blocked 
 test-armhf-armhf-xl-cubietruck                               blocked 
 test-amd64-amd64-examine                                     fail    
 test-armhf-armhf-examine                                     blocked 
 test-amd64-i386-examine                                      fail    
 test-amd64-i386-freebsd10-i386                               broken  
 test-amd64-i386-rumprun-i386                                 broken  
 test-amd64-amd64-xl-qemut-win10-i386                         broken  
 test-amd64-i386-xl-qemut-win10-i386                          broken  
 test-amd64-amd64-xl-qemuu-win10-i386                         broken  
 test-amd64-i386-xl-qemuu-win10-i386                          broken  
 test-amd64-amd64-qemuu-nested-intel                          broken  
 test-amd64-amd64-xl-pvhv2-intel                              broken  
 test-amd64-i386-qemut-rhel6hvm-intel                         broken  
 test-amd64-i386-qemuu-rhel6hvm-intel                         broken  
 test-amd64-amd64-libvirt                                     broken  
 test-armhf-armhf-libvirt                                     blocked 
 test-amd64-i386-libvirt                                      broken  
 test-amd64-amd64-xl-multivcpu                                broken  
 test-armhf-armhf-xl-multivcpu                                blocked 
 test-amd64-amd64-pair                                        broken  
 test-amd64-i386-pair                                         broken  
 test-amd64-amd64-libvirt-pair                                broken  
 test-amd64-i386-libvirt-pair                                 broken  
 test-amd64-amd64-amd64-pvgrub                                pass    
 test-amd64-amd64-i386-pvgrub                                 broken  
 test-amd64-amd64-pygrub                                      broken  
 test-amd64-i386-libvirt-qcow2                                broken  
 test-amd64-amd64-xl-qcow2                                    broken  
 test-armhf-armhf-libvirt-raw                                 blocked 
 test-amd64-i386-xl-raw                                       broken  
 test-amd64-amd64-xl-rtds                                     broken  
 test-armhf-armhf-xl-rtds                                     blocked 
 test-amd64-amd64-libvirt-vhd                                 broken  
 test-armhf-armhf-xl-vhd                                      blocked 


------------------------------------------------------------
sg-report-flight on osstest.test-lab.xenproject.org
logs: /home/logs/logs
images: /home/logs/images

Logs, config files, etc. are available at
    http://logs.test-lab.xenproject.org/osstest/logs

Explanation of these reports, and of osstest in general, is at
    http://xenbits.xen.org/gitweb/?p=osstest.git;a=blob;f=README.email;hb=master
    http://xenbits.xen.org/gitweb/?p=osstest.git;a=blob;f=README;hb=master

Test harness code can be found at
    http://xenbits.xen.org/gitweb?p=osstest.git;a=summary

broken-job test-amd64-i386-xl-qemuu-win10-i386 broken
broken-job test-amd64-i386-xl broken
broken-job test-amd64-i386-rumprun-i386 broken
broken-job test-amd64-amd64-xl-qemut-win10-i386 broken
broken-job test-amd64-amd64-qemuu-nested-amd broken
broken-job test-amd64-amd64-libvirt-qemuu-debianhvm-amd64-xsm broken
broken-job test-amd64-i386-pair broken
broken-job test-amd64-amd64-xl-qemut-debianhvm-amd64-xsm broken
broken-job test-amd64-i386-xl-qemuu-debianhvm-amd64-xsm broken
broken-job test-amd64-amd64-xl-qemuu-debianhvm-amd64-xsm broken
broken-job test-amd64-i386-freebsd10-i386 broken
broken-job test-amd64-i386-xl-raw broken
broken-job test-amd64-i386-xl-qemut-win7-amd64 broken
broken-job test-amd64-amd64-xl-rtds broken
broken-job test-amd64-amd64-xl-qemut-win7-amd64 broken
broken-job test-amd64-i386-xl-qemuu-ws16-amd64 broken
broken-job test-amd64-amd64-xl-qemuu-win7-amd64 broken
broken-job test-amd64-amd64-xl-credit2 broken
broken-job test-amd64-amd64-libvirt-pair broken
broken-job test-amd64-i386-xl-qemut-debianhvm-amd64 broken
broken-job test-amd64-amd64-libvirt-xsm broken
broken-job test-amd64-amd64-xl-qemuu-win10-i386 broken
broken-job test-amd64-amd64-xl-qemuu-ovmf-amd64 broken
broken-job test-amd64-amd64-xl-qemut-debianhvm-amd64 broken
broken-job test-amd64-i386-xl-xsm broken
broken-job test-amd64-amd64-xl-qcow2 broken
broken-job test-amd64-i386-qemuu-rhel6hvm-amd broken
broken-job test-amd64-i386-xl-qemuu-debianhvm-amd64 broken
broken-job test-amd64-amd64-pair broken
broken-job test-amd64-amd64-libvirt-vhd broken
broken-job test-amd64-i386-libvirt-pair broken
broken-job test-amd64-i386-xl-qemut-win10-i386 broken
broken-job test-amd64-amd64-xl-pvhv2-amd broken
broken-job test-amd64-i386-libvirt-qcow2 broken
broken-job test-amd64-i386-qemut-rhel6hvm-intel broken
broken-job test-amd64-amd64-xl-qemuu-debianhvm-amd64 broken
broken-job test-amd64-i386-xl-qemut-debianhvm-amd64-xsm broken
broken-job test-amd64-amd64-qemuu-nested-intel broken
broken-job test-amd64-amd64-xl-qemuu-ws16-amd64 broken
broken-job test-amd64-i386-xl-qemut-ws16-amd64 broken
broken-job test-amd64-i386-libvirt-qemuu-debianhvm-amd64-xsm broken
broken-job test-amd64-amd64-pygrub broken
broken-job test-amd64-i386-qemuu-rhel6hvm-intel broken
broken-job test-amd64-i386-libvirt broken
broken-job test-amd64-i386-freebsd10-amd64 broken
broken-job test-amd64-i386-qemut-rhel6hvm-amd broken
broken-job test-amd64-amd64-xl-pvhv2-intel broken
broken-job test-amd64-amd64-xl-xsm broken
broken-job test-amd64-i386-xl-qemut-stubdom-debianhvm-amd64-xsm broken
broken-job test-amd64-amd64-xl-qemut-stubdom-debianhvm-amd64-xsm broken
broken-job test-amd64-amd64-xl-qemut-ws16-amd64 broken
broken-job test-amd64-i386-xl-qemuu-ovmf-amd64 broken
broken-job test-amd64-amd64-i386-pvgrub broken
broken-job test-amd64-amd64-rumprun-amd64 broken
broken-job test-amd64-amd64-libvirt broken
broken-job test-amd64-amd64-xl-multivcpu broken
broken-job test-amd64-i386-xl-qemuu-win7-amd64 broken
broken-job test-amd64-amd64-xl broken
broken-job test-amd64-i386-libvirt-xsm broken
broken-step test-amd64-i386-libvirt hosts-allocate
broken-step test-amd64-amd64-libvirt-qemuu-debianhvm-amd64-xsm hosts-allocate
broken-step test-amd64-amd64-xl-qemuu-win7-amd64 hosts-allocate
broken-step test-amd64-amd64-xl-rtds hosts-allocate
broken-step test-amd64-amd64-xl-qcow2 hosts-allocate
broken-step test-amd64-amd64-xl-qemuu-ovmf-amd64 hosts-allocate
broken-step test-amd64-amd64-xl-qemuu-win10-i386 hosts-allocate
broken-step test-amd64-amd64-xl-credit2 hosts-allocate
broken-step test-amd64-i386-xl-qemut-win7-amd64 hosts-allocate
broken-step test-amd64-i386-examine hosts-allocate
broken-step test-amd64-amd64-xl-qemut-debianhvm-amd64-xsm hosts-allocate
broken-step test-amd64-amd64-xl-qemut-ws16-amd64 hosts-allocate
broken-step test-amd64-amd64-libvirt-xsm hosts-allocate
broken-step test-amd64-amd64-xl-qemut-debianhvm-amd64 hosts-allocate
broken-step test-amd64-amd64-libvirt hosts-allocate
broken-step test-amd64-amd64-xl-xsm hosts-allocate
broken-step test-amd64-amd64-libvirt-vhd hosts-allocate
broken-step test-amd64-amd64-qemuu-nested-amd hosts-allocate
broken-step test-amd64-amd64-xl-qemuu-ws16-amd64 hosts-allocate
broken-step test-amd64-amd64-xl hosts-allocate
broken-step test-amd64-amd64-xl-qemut-win7-amd64 hosts-allocate
broken-step test-amd64-amd64-xl-qemuu-debianhvm-amd64 hosts-allocate
broken-step test-amd64-i386-xl-qemuu-debianhvm-amd64-xsm capture-logs(5)
broken-step test-amd64-amd64-xl-qemut-win10-i386 hosts-allocate
broken-step test-amd64-amd64-pygrub hosts-allocate
broken-step test-amd64-i386-libvirt-xsm hosts-allocate
broken-step test-amd64-amd64-xl-pvhv2-amd hosts-allocate
broken-step test-amd64-amd64-pair hosts-allocate
broken-step test-amd64-amd64-i386-pvgrub hosts-allocate
broken-step test-amd64-amd64-rumprun-amd64 hosts-allocate
broken-step test-amd64-amd64-qemuu-nested-intel hosts-allocate
broken-step test-amd64-i386-xl-qemut-ws16-amd64 hosts-allocate
broken-step test-amd64-i386-qemuu-rhel6hvm-amd capture-logs(5)
broken-step test-amd64-i386-xl-qemut-debianhvm-amd64-xsm capture-logs(5)
broken-step test-amd64-amd64-libvirt-pair hosts-allocate
broken-step test-amd64-i386-xl-qemuu-ovmf-amd64 hosts-allocate
broken-step test-amd64-i386-libvirt-qcow2 capture-logs(5)
broken-step test-amd64-amd64-xl-qemut-stubdom-debianhvm-amd64-xsm hosts-allocate
broken-step test-amd64-amd64-xl-multivcpu hosts-allocate
broken-step test-amd64-i386-xl-qemuu-ws16-amd64 hosts-allocate
broken-step test-amd64-i386-libvirt-qemuu-debianhvm-amd64-xsm hosts-allocate
broken-step test-amd64-i386-qemut-rhel6hvm-intel hosts-allocate
broken-step test-amd64-i386-xl-qemuu-win7-amd64 hosts-allocate
broken-step test-amd64-i386-xl-qemuu-win10-i386 hosts-allocate
broken-step test-amd64-i386-xl-qemut-debianhvm-amd64 capture-logs(5)
broken-step test-amd64-i386-xl-qemut-stubdom-debianhvm-amd64-xsm capture-logs(5)
broken-step test-amd64-amd64-examine hosts-allocate
broken-step test-amd64-amd64-xl-qemuu-debianhvm-amd64-xsm hosts-allocate
broken-step test-amd64-amd64-xl-pvhv2-intel hosts-allocate
broken-step test-amd64-i386-xl-qemut-win10-i386 hosts-allocate
broken-step test-amd64-i386-xl-xsm hosts-allocate
broken-step test-amd64-i386-freebsd10-i386 hosts-allocate
broken-step test-amd64-i386-xl-raw hosts-allocate
broken-step test-amd64-i386-xl hosts-allocate
broken-step test-amd64-i386-libvirt-pair hosts-allocate
broken-step test-amd64-i386-pair hosts-allocate
broken-step test-amd64-i386-qemut-rhel6hvm-amd hosts-allocate
broken-step test-amd64-i386-qemuu-rhel6hvm-intel capture-logs(5)
broken-step test-amd64-i386-rumprun-i386 capture-logs(5)
broken-step test-amd64-i386-freebsd10-amd64 capture-logs(5)
broken-step test-amd64-i386-freebsd10-amd64 host-install(4)
broken-step test-amd64-i386-qemuu-rhel6hvm-intel host-install(4)
broken-step test-amd64-i386-libvirt-qcow2 host-install(4)
broken-step test-amd64-i386-xl-qemut-debianhvm-amd64 host-install(4)
broken-step test-amd64-i386-xl-qemuu-debianhvm-amd64-xsm host-install(4)
broken-step test-amd64-i386-rumprun-i386 host-install(4)
broken-step test-amd64-i386-xl-qemuu-debianhvm-amd64 host-install(4)
broken-step test-amd64-i386-xl-qemut-stubdom-debianhvm-amd64-xsm host-install(4)
broken-step test-amd64-i386-qemuu-rhel6hvm-amd host-install(4)
broken-step test-amd64-i386-xl-qemut-debianhvm-amd64-xsm host-install(4)
broken-step test-amd64-i386-xl-qemuu-debianhvm-amd64 capture-logs(5)
broken-step test-amd64-i386-rumprun-i386 syslog-server
broken-step test-amd64-i386-qemuu-rhel6hvm-amd syslog-server
broken-step test-amd64-i386-freebsd10-amd64 syslog-server
broken-step test-amd64-i386-xl-qemuu-debianhvm-amd64-xsm syslog-server
broken-step test-amd64-i386-libvirt-qcow2 syslog-server
broken-step test-amd64-i386-xl-qemut-debianhvm-amd64 syslog-server
broken-step test-amd64-i386-xl-qemuu-debianhvm-amd64 syslog-server
broken-step test-amd64-i386-xl-qemut-debianhvm-amd64-xsm syslog-server
broken-step test-amd64-i386-xl-qemut-stubdom-debianhvm-amd64-xsm syslog-server
broken-step build-armhf-pvops capture-logs

Not pushing.

(No revision log; it would be 3714 lines long.)


[-- Attachment #2: Type: text/plain, Size: 157 bytes --]

_______________________________________________
Xen-devel mailing list
Xen-devel@lists.xenproject.org
https://lists.xenproject.org/mailman/listinfo/xen-devel

^ permalink raw reply	[flat|nested] only message in thread

only message in thread, other threads:[~2017-11-30 22:57 UTC | newest]

Thread overview: (only message) (download: mbox.gz follow: Atom feed
-- links below jump to the message on this page --
2017-11-30 22:57 [linux-4.9 test] 116704: regressions - trouble: blocked/broken/fail/pass osstest service owner

This is a public inbox, see mirroring instructions
for how to clone and mirror all data and code used for this inbox;
as well as URLs for NNTP newsgroup(s).