From mboxrd@z Thu Jan 1 00:00:00 1970 From: osstest service owner Subject: [linux-3.18 test] 116707: regressions - trouble: blocked/broken/fail/pass Date: Fri, 01 Dec 2017 02:18:03 +0000 Message-ID: Mime-Version: 1.0 Content-Type: multipart/mixed; boundary="===============7990756229489216956==" Return-path: List-Unsubscribe: , List-Post: List-Help: List-Subscribe: , Errors-To: xen-devel-bounces@lists.xenproject.org Sender: "Xen-devel" To: xen-devel@lists.xensource.com, osstest-admin@xenproject.org List-Id: xen-devel@lists.xenproject.org --===============7990756229489216956== Content-Type: text/plain flight 116707 linux-3.18 real [real] http://logs.test-lab.xenproject.org/osstest/logs/116707/ Regressions :-( Tests which did not succeed and are blocking, including tests which could not be run: test-amd64-i386-xl-qemuu-win10-i386 broken test-amd64-i386-rumprun-i386 broken test-amd64-amd64-xl-qemut-win10-i386 broken test-amd64-amd64-xl-qemut-debianhvm-amd64-xsm broken test-amd64-i386-xl-qemuu-debianhvm-amd64-xsm broken test-amd64-amd64-xl-qemuu-debianhvm-amd64-xsm broken test-amd64-i386-xl-raw broken test-amd64-i386-xl-qemut-win7-amd64 broken test-amd64-amd64-xl-rtds broken test-amd64-amd64-xl-qemut-win7-amd64 broken test-amd64-i386-xl-qemuu-ws16-amd64 broken test-amd64-amd64-xl-qemuu-win7-amd64 broken test-amd64-amd64-xl-credit2 broken test-amd64-i386-xl-qemut-debianhvm-amd64 broken test-amd64-amd64-xl-qemuu-win10-i386 broken test-amd64-amd64-xl-qemuu-ovmf-amd64 broken test-amd64-amd64-amd64-pvgrub broken test-amd64-amd64-xl-qemut-debianhvm-amd64 broken test-amd64-i386-xl-xsm broken test-amd64-amd64-xl-qcow2 broken test-amd64-i386-qemuu-rhel6hvm-amd broken test-amd64-i386-xl-qemuu-debianhvm-amd64 broken test-amd64-i386-xl-qemut-win10-i386 broken test-amd64-amd64-xl-qemuu-debianhvm-amd64 broken test-amd64-amd64-xl-qemuu-ws16-amd64 broken test-amd64-i386-xl-qemut-ws16-amd64 broken test-amd64-i386-qemut-rhel6hvm-amd broken test-amd64-amd64-xl-xsm broken test-amd64-i386-xl-qemut-stubdom-debianhvm-amd64-xsm broken test-amd64-amd64-xl-qemut-stubdom-debianhvm-amd64-xsm broken test-amd64-amd64-xl-qemut-ws16-amd64 broken test-amd64-i386-xl-qemuu-ovmf-amd64 broken test-amd64-amd64-xl-multivcpu broken test-amd64-i386-xl-qemuu-win7-amd64 broken test-amd64-amd64-xl-qemuu-win7-amd64 2 hosts-allocate broken REGR. vs. 116501 test-amd64-i386-xl-qemuu-win7-amd64 2 hosts-allocate broken REGR. vs. 116501 test-amd64-i386-xl-xsm 2 hosts-allocate broken REGR. vs. 116501 test-amd64-amd64-xl-qemut-ws16-amd64 2 hosts-allocate broken REGR. vs. 116501 test-amd64-amd64-xl-qemuu-ws16-amd64 2 hosts-allocate broken REGR. vs. 116501 test-amd64-amd64-xl-qemuu-debianhvm-amd64-xsm 2 hosts-allocate broken REGR. vs. 116501 test-amd64-amd64-xl-qemut-win7-amd64 2 hosts-allocate broken REGR. vs. 116501 test-amd64-amd64-xl-qemuu-debianhvm-amd64 2 hosts-allocate broken REGR. vs. 116501 test-amd64-i386-xl-qemut-ws16-amd64 2 hosts-allocate broken REGR. vs. 116501 test-amd64-amd64-xl-qemut-win10-i386 4 host-install(4) broken REGR. vs. 116501 test-amd64-amd64-xl-qemuu-win10-i386 4 host-install(4) broken REGR. vs. 116501 test-amd64-amd64-amd64-pvgrub 4 host-install(4) broken REGR. vs. 116501 test-amd64-amd64-xl-qcow2 4 host-install(4) broken REGR. vs. 116501 test-amd64-i386-xl-qemut-win7-amd64 4 host-install(4) broken REGR. vs. 116501 test-amd64-amd64-xl-qemut-debianhvm-amd64-xsm 4 host-install(4) broken REGR. vs. 116501 test-amd64-i386-qemut-rhel6hvm-amd 4 host-install(4) broken REGR. vs. 116501 test-amd64-amd64-xl-xsm 4 host-install(4) broken REGR. vs. 116501 test-amd64-i386-xl-qemut-win10-i386 4 host-install(4) broken REGR. vs. 116501 test-amd64-amd64-xl-xsm 3 syslog-server broken REGR. vs. 116501 test-amd64-amd64-amd64-pvgrub 3 syslog-server broken REGR. vs. 116501 test-amd64-amd64-xl-qcow2 3 syslog-server broken REGR. vs. 116501 test-amd64-i386-xl-raw 3 syslog-server broken REGR. vs. 116501 test-amd64-i386-xl-qemut-win7-amd64 3 syslog-server broken REGR. vs. 116501 test-amd64-i386-xl-qemuu-debianhvm-amd64 3 syslog-server broken REGR. vs. 116501 test-amd64-amd64-xl-qemut-debianhvm-amd64 3 syslog-server broken REGR. vs. 116501 test-amd64-amd64-xl-qemut-win10-i386 3 syslog-server broken REGR. vs. 116501 test-amd64-amd64-xl-qemuu-win10-i386 3 syslog-server broken REGR. vs. 116501 test-amd64-i386-xl-qemut-win10-i386 3 syslog-server broken REGR. vs. 116501 test-amd64-i386-xl-qemuu-ws16-amd64 8 host-ping-check-xen fail REGR. vs. 116501 test-amd64-i386-xl-qemuu-win10-i386 6 xen-install fail REGR. vs. 116501 test-amd64-amd64-xl-qemuu-ovmf-amd64 6 xen-install fail REGR. vs. 116501 test-amd64-i386-xl-qemuu-ovmf-amd64 8 host-ping-check-xen fail REGR. vs. 116501 test-amd64-amd64-xl-qemut-stubdom-debianhvm-amd64-xsm 7 xen-boot fail REGR. vs. 116501 test-amd64-amd64-xl-credit2 18 guest-localmigrate/x10 fail REGR. vs. 116501 test-amd64-i386-xl-qemuu-debianhvm-amd64 10 debian-hvm-install fail REGR. vs. 116501 test-amd64-amd64-xl-qemut-debianhvm-amd64 10 debian-hvm-install fail REGR. vs. 116501 test-amd64-i386-xl-raw 10 debian-di-install fail REGR. vs. 116501 test-amd64-i386-qemuu-rhel6hvm-amd 12 guest-start/redhat.repeat fail REGR. vs. 116501 test-amd64-amd64-xl-multivcpu 20 guest-start/debian.repeat fail REGR. vs. 116501 test-amd64-i386-xl-qemut-debianhvm-amd64 18 guest-start/debianhvm.repeat fail REGR. vs. 116501 build-armhf-libvirt 6 libvirt-build fail REGR. vs. 116501 test-amd64-i386-xl-qemuu-debianhvm-amd64-xsm 18 guest-start/debianhvm.repeat fail REGR. vs. 116501 test-amd64-i386-xl-qemut-stubdom-debianhvm-amd64-xsm 18 guest-start/debianhvm.repeat fail REGR. vs. 116501 build-armhf-libvirt 3 syslog-server running Regressions which are regarded as allowable (not blocking): test-amd64-amd64-xl-rtds 4 host-install(4) broken REGR. vs. 116501 test-amd64-amd64-xl-rtds 3 syslog-server broken REGR. vs. 116501 test-amd64-i386-rumprun-i386 17 rumprun-demo-xenstorels/xenstorels.repeat fail REGR. vs. 116501 Tests which did not succeed, but are not blocking: test-armhf-armhf-libvirt-raw 1 build-check(1) blocked n/a test-armhf-armhf-libvirt 1 build-check(1) blocked n/a test-armhf-armhf-libvirt-xsm 1 build-check(1) blocked n/a test-amd64-amd64-xl-qemuu-ovmf-amd64 7 capture-logs(7) broken blocked in 116501 test-amd64-amd64-xl-qemut-debianhvm-amd64-xsm 5 capture-logs(5) broken blocked in 116501 test-amd64-amd64-xl-xsm 5 capture-logs(5) broken blocked in 116501 build-armhf-libvirt 7 capture-logs broken blocked in 116501 test-amd64-i386-xl-qemuu-debianhvm-amd64-xsm 19 capture-logs(19) broken blocked in 116501 test-amd64-i386-qemuu-rhel6hvm-amd 13 capture-logs(13) broken blocked in 116501 test-amd64-i386-rumprun-i386 18 capture-logs(18) broken blocked in 116501 test-amd64-i386-xl-qemut-win7-amd64 5 capture-logs(5) broken never pass test-amd64-amd64-xl-qemuu-win10-i386 5 capture-logs(5) broken never pass test-amd64-amd64-amd64-pvgrub 5 capture-logs(5) broken never pass test-amd64-amd64-xl-rtds 5 capture-logs(5) broken never pass test-amd64-amd64-xl-qemut-win10-i386 5 capture-logs(5) broken never pass test-amd64-i386-xl-qemuu-ws16-amd64 9 capture-logs(9) broken never pass test-amd64-i386-xl-qemuu-win10-i386 7 capture-logs(7) broken never pass test-amd64-i386-qemut-rhel6hvm-amd 5 capture-logs(5) broken never pass test-amd64-amd64-xl-qcow2 5 capture-logs(5) broken never pass test-amd64-i386-xl-qemut-win10-i386 5 capture-logs(5) broken never pass test-amd64-i386-xl-qemuu-ovmf-amd64 9 capture-logs(9) broken never pass test-amd64-amd64-xl-qemut-debianhvm-amd64 11 capture-logs(11) broken never pass test-amd64-amd64-xl-qemut-stubdom-debianhvm-amd64-xsm 8 capture-logs(8) broken never pass test-amd64-amd64-xl-credit2 19 capture-logs(19) broken never pass test-amd64-amd64-xl-multivcpu 21 capture-logs(21) broken never pass test-amd64-i386-xl-qemuu-debianhvm-amd64 11 capture-logs(11) broken never pass test-amd64-i386-xl-raw 11 capture-logs(11) broken never pass test-amd64-i386-xl-qemut-stubdom-debianhvm-amd64-xsm 19 capture-logs(19) broken never pass test-amd64-i386-xl-qemut-debianhvm-amd64 19 capture-logs(19) broken never pass test-amd64-amd64-xl-pvhv2-intel 12 guest-start fail never pass test-amd64-amd64-libvirt-xsm 13 migrate-support-check fail never pass test-amd64-amd64-xl-pvhv2-amd 12 guest-start fail never pass test-amd64-i386-libvirt-xsm 13 migrate-support-check fail never pass test-amd64-i386-libvirt 13 migrate-support-check fail never pass test-amd64-amd64-libvirt 13 migrate-support-check fail never pass test-amd64-amd64-libvirt-qemuu-debianhvm-amd64-xsm 11 migrate-support-check fail never pass test-amd64-i386-libvirt-qemuu-debianhvm-amd64-xsm 11 migrate-support-check fail never pass test-amd64-i386-libvirt-qcow2 12 migrate-support-check fail never pass test-amd64-amd64-libvirt-vhd 12 migrate-support-check fail never pass test-amd64-amd64-qemuu-nested-amd 17 debian-hvm-install/l1/l2 fail never pass test-armhf-armhf-xl-credit2 13 migrate-support-check fail never pass test-armhf-armhf-xl-credit2 14 saverestore-support-check fail never pass test-armhf-armhf-xl-xsm 13 migrate-support-check fail never pass test-armhf-armhf-xl 13 migrate-support-check fail never pass test-armhf-armhf-xl 14 saverestore-support-check fail never pass test-armhf-armhf-xl-xsm 14 saverestore-support-check fail never pass test-armhf-armhf-xl-cubietruck 13 migrate-support-check fail never pass test-armhf-armhf-xl-cubietruck 14 saverestore-support-check fail never pass test-armhf-armhf-xl-vhd 12 migrate-support-check fail never pass test-armhf-armhf-xl-vhd 13 saverestore-support-check fail never pass test-armhf-armhf-xl-arndale 13 migrate-support-check fail never pass test-armhf-armhf-xl-arndale 14 saverestore-support-check fail never pass test-armhf-armhf-xl-multivcpu 13 migrate-support-check fail never pass test-armhf-armhf-xl-multivcpu 14 saverestore-support-check fail never pass test-armhf-armhf-xl-rtds 13 migrate-support-check fail never pass test-armhf-armhf-xl-rtds 14 saverestore-support-check fail never pass version targeted for testing: linux b42518053ffd221d79cff2df8c0257db88a71334 baseline version: linux 7166ceea0a4eba3f8c86925ad60e6f0543db6234 Last test of basis 116501 2017-11-24 09:56:28 Z 6 days Testing same since 116707 2017-11-30 09:15:35 Z 0 days 1 attempts ------------------------------------------------------------ People who touched revisions under test: Aaron Brown Al Viro Amit Pundir Andreas Rohner Andrew Bowers Andrew Elble Andrew Morton Anna Schumaker Arnd Bergmann Bart Van Assche Ben Hutchings Benjamin Poirier Bjorn Helgaas Boris Brezillon Brent Taylor Brian King Chuck Lever Coly Li Cong Wang Dan Carpenter Daniel Vetter Daniel Vetter David Ahern David S. Miller David Sterba Doug Ledford Eric Biggers Florian Westphal Gabriele Mazzotta Greg Kroah-Hartman Hans Verkuil Harsh Shandilya Heiko Carstens Helge Deller Herbert Xu Hou Tao Ian Kent Ingo Molnar J. Bruce Fields James Hogan Jan Kara Jeff Kirsher Jens Axboe Jesse Brandeburg Johan Hovold Johannes Berg John David Anglin John Stultz Jonathan Cameron Joshua Watt Juergen Gross Ladi Prosek Linus Torvalds Maciej W. Rozycki Mark Brown Martin Schwidefsky Masami Hiramatsu Masashi Honma Mauro Carvalho Chehab Michael Ellerman Michele Baldessari Mike Snitzer Milan Stephan Mirko Parthey Naveen N. Rao Neil Dick NeilBrown Nicholas Bellinger Nick Sarnie Nishanth Menon Oliver Neukum Pablo Neira Ayuso Pan Bian Paolo Bonzini Paul E. McKenney Peter Ujfalusi Peter Zijlstra (Intel) Philip Derrin Radim Krčmář Ricardo Ribalda Delgado Richard Fitzgerald Russell King Ryusuke Konishi Samuel Ortiz Santosh Shilimkar Sasha Levin Sean Young Stephen Boyd Steven Rostedt (VMware) Takashi Iwai Theodore Ts'o Thomas Preisner Tuomas Tynkkynen Tyler Hicks Vasily Gorbik Vijendar Mukunda WANG Cong Wang YanQing jobs: build-amd64-xsm pass build-armhf-xsm pass build-i386-xsm pass build-amd64 pass build-armhf pass build-i386 pass build-amd64-libvirt pass build-armhf-libvirt fail build-i386-libvirt pass build-amd64-pvops pass build-armhf-pvops pass build-i386-pvops pass build-amd64-rumprun pass build-i386-rumprun pass test-amd64-amd64-xl pass test-armhf-armhf-xl pass test-amd64-i386-xl pass test-amd64-amd64-xl-qemut-debianhvm-amd64-xsm broken test-amd64-i386-xl-qemut-debianhvm-amd64-xsm pass test-amd64-amd64-libvirt-qemuu-debianhvm-amd64-xsm pass test-amd64-i386-libvirt-qemuu-debianhvm-amd64-xsm pass test-amd64-amd64-xl-qemuu-debianhvm-amd64-xsm broken test-amd64-i386-xl-qemuu-debianhvm-amd64-xsm broken test-amd64-amd64-xl-qemut-stubdom-debianhvm-amd64-xsm broken test-amd64-i386-xl-qemut-stubdom-debianhvm-amd64-xsm broken test-amd64-amd64-libvirt-xsm pass test-armhf-armhf-libvirt-xsm blocked test-amd64-i386-libvirt-xsm pass test-amd64-amd64-xl-xsm broken test-armhf-armhf-xl-xsm pass test-amd64-i386-xl-xsm broken test-amd64-amd64-qemuu-nested-amd fail test-amd64-amd64-xl-pvhv2-amd fail test-amd64-i386-qemut-rhel6hvm-amd broken test-amd64-i386-qemuu-rhel6hvm-amd broken test-amd64-amd64-xl-qemut-debianhvm-amd64 broken test-amd64-i386-xl-qemut-debianhvm-amd64 broken test-amd64-amd64-xl-qemuu-debianhvm-amd64 broken test-amd64-i386-xl-qemuu-debianhvm-amd64 broken test-amd64-i386-freebsd10-amd64 pass test-amd64-amd64-xl-qemuu-ovmf-amd64 broken test-amd64-i386-xl-qemuu-ovmf-amd64 broken test-amd64-amd64-rumprun-amd64 pass test-amd64-amd64-xl-qemut-win7-amd64 broken test-amd64-i386-xl-qemut-win7-amd64 broken test-amd64-amd64-xl-qemuu-win7-amd64 broken test-amd64-i386-xl-qemuu-win7-amd64 broken test-amd64-amd64-xl-qemut-ws16-amd64 broken test-amd64-i386-xl-qemut-ws16-amd64 broken test-amd64-amd64-xl-qemuu-ws16-amd64 broken test-amd64-i386-xl-qemuu-ws16-amd64 broken test-armhf-armhf-xl-arndale pass test-amd64-amd64-xl-credit2 broken test-armhf-armhf-xl-credit2 pass test-armhf-armhf-xl-cubietruck pass test-amd64-amd64-examine pass test-armhf-armhf-examine pass test-amd64-i386-examine pass test-amd64-i386-freebsd10-i386 pass test-amd64-i386-rumprun-i386 broken test-amd64-amd64-xl-qemut-win10-i386 broken test-amd64-i386-xl-qemut-win10-i386 broken test-amd64-amd64-xl-qemuu-win10-i386 broken test-amd64-i386-xl-qemuu-win10-i386 broken test-amd64-amd64-qemuu-nested-intel pass test-amd64-amd64-xl-pvhv2-intel fail test-amd64-i386-qemut-rhel6hvm-intel pass test-amd64-i386-qemuu-rhel6hvm-intel pass test-amd64-amd64-libvirt pass test-armhf-armhf-libvirt blocked test-amd64-i386-libvirt pass test-amd64-amd64-xl-multivcpu broken test-armhf-armhf-xl-multivcpu pass test-amd64-amd64-pair pass test-amd64-i386-pair pass test-amd64-amd64-libvirt-pair pass test-amd64-i386-libvirt-pair pass test-amd64-amd64-amd64-pvgrub broken test-amd64-amd64-i386-pvgrub pass test-amd64-amd64-pygrub pass test-amd64-i386-libvirt-qcow2 pass test-amd64-amd64-xl-qcow2 broken test-armhf-armhf-libvirt-raw blocked test-amd64-i386-xl-raw broken test-amd64-amd64-xl-rtds broken test-armhf-armhf-xl-rtds pass test-amd64-amd64-libvirt-vhd pass test-armhf-armhf-xl-vhd pass ------------------------------------------------------------ sg-report-flight on osstest.test-lab.xenproject.org logs: /home/logs/logs images: /home/logs/images Logs, config files, etc. are available at http://logs.test-lab.xenproject.org/osstest/logs Explanation of these reports, and of osstest in general, is at http://xenbits.xen.org/gitweb/?p=osstest.git;a=blob;f=README.email;hb=master http://xenbits.xen.org/gitweb/?p=osstest.git;a=blob;f=README;hb=master Test harness code can be found at http://xenbits.xen.org/gitweb?p=osstest.git;a=summary broken-job test-amd64-i386-xl-qemuu-win10-i386 broken broken-job test-amd64-i386-rumprun-i386 broken broken-job test-amd64-amd64-xl-qemut-win10-i386 broken broken-job test-amd64-amd64-xl-qemut-debianhvm-amd64-xsm broken broken-job test-amd64-i386-xl-qemuu-debianhvm-amd64-xsm broken broken-job test-amd64-amd64-xl-qemuu-debianhvm-amd64-xsm broken broken-job test-amd64-i386-xl-raw broken broken-job test-amd64-i386-xl-qemut-win7-amd64 broken broken-job test-amd64-amd64-xl-rtds broken broken-job test-amd64-amd64-xl-qemut-win7-amd64 broken broken-job test-amd64-i386-xl-qemuu-ws16-amd64 broken broken-job test-amd64-amd64-xl-qemuu-win7-amd64 broken broken-job test-amd64-amd64-xl-credit2 broken broken-job test-amd64-i386-xl-qemut-debianhvm-amd64 broken broken-job test-amd64-amd64-xl-qemuu-win10-i386 broken broken-job test-amd64-amd64-xl-qemuu-ovmf-amd64 broken broken-job test-amd64-amd64-amd64-pvgrub broken broken-job test-amd64-amd64-xl-qemut-debianhvm-amd64 broken broken-job test-amd64-i386-xl-xsm broken broken-job test-amd64-amd64-xl-qcow2 broken broken-job test-amd64-i386-qemuu-rhel6hvm-amd broken broken-job test-amd64-i386-xl-qemuu-debianhvm-amd64 broken broken-job test-amd64-i386-xl-qemut-win10-i386 broken broken-job test-amd64-amd64-xl-qemuu-debianhvm-amd64 broken broken-job test-amd64-amd64-xl-qemuu-ws16-amd64 broken broken-job test-amd64-i386-xl-qemut-ws16-amd64 broken broken-job test-amd64-i386-qemut-rhel6hvm-amd broken broken-job test-amd64-amd64-xl-xsm broken broken-job test-amd64-i386-xl-qemut-stubdom-debianhvm-amd64-xsm broken broken-job test-amd64-amd64-xl-qemut-stubdom-debianhvm-amd64-xsm broken broken-job test-amd64-amd64-xl-qemut-ws16-amd64 broken broken-job test-amd64-i386-xl-qemuu-ovmf-amd64 broken broken-job test-amd64-amd64-xl-multivcpu broken broken-job test-amd64-i386-xl-qemuu-win7-amd64 broken broken-step test-amd64-amd64-xl-qemuu-win7-amd64 hosts-allocate broken-step test-amd64-i386-xl-qemuu-win7-amd64 hosts-allocate broken-step test-amd64-i386-xl-xsm hosts-allocate broken-step test-amd64-amd64-xl-qemut-ws16-amd64 hosts-allocate broken-step test-amd64-amd64-xl-qemuu-ws16-amd64 hosts-allocate broken-step test-amd64-amd64-xl-qemuu-debianhvm-amd64-xsm hosts-allocate broken-step test-amd64-amd64-xl-qemut-win7-amd64 hosts-allocate broken-step test-amd64-amd64-xl-qemuu-debianhvm-amd64 hosts-allocate broken-step test-amd64-i386-xl-qemut-ws16-amd64 hosts-allocate broken-step test-amd64-i386-xl-qemut-win7-amd64 capture-logs(5) broken-step test-amd64-amd64-xl-qemuu-win10-i386 capture-logs(5) broken-step test-amd64-amd64-amd64-pvgrub capture-logs(5) broken-step test-amd64-amd64-xl-rtds capture-logs(5) broken-step test-amd64-amd64-xl-qemut-win10-i386 capture-logs(5) broken-step test-amd64-amd64-xl-qemut-win10-i386 host-install(4) broken-step test-amd64-amd64-xl-qemuu-ovmf-amd64 capture-logs(7) broken-step test-amd64-i386-xl-qemuu-ws16-amd64 capture-logs(9) broken-step test-amd64-i386-xl-qemuu-win10-i386 capture-logs(7) broken-step test-amd64-amd64-xl-qemuu-win10-i386 host-install(4) broken-step test-amd64-i386-qemut-rhel6hvm-amd capture-logs(5) broken-step test-amd64-amd64-xl-rtds host-install(4) broken-step test-amd64-amd64-amd64-pvgrub host-install(4) broken-step test-amd64-amd64-xl-qcow2 host-install(4) broken-step test-amd64-i386-xl-qemut-win7-amd64 host-install(4) broken-step test-amd64-amd64-xl-qcow2 capture-logs(5) broken-step test-amd64-amd64-xl-qemut-debianhvm-amd64-xsm host-install(4) broken-step test-amd64-i386-qemut-rhel6hvm-amd host-install(4) broken-step test-amd64-i386-xl-qemut-win10-i386 capture-logs(5) broken-step test-amd64-amd64-xl-xsm host-install(4) broken-step test-amd64-i386-xl-qemut-win10-i386 host-install(4) broken-step test-amd64-i386-xl-qemuu-ovmf-amd64 capture-logs(9) broken-step test-amd64-amd64-xl-qemut-debianhvm-amd64 capture-logs(11) broken-step test-amd64-amd64-xl-qemut-stubdom-debianhvm-amd64-xsm capture-logs(8) broken-step test-amd64-amd64-xl-credit2 capture-logs(19) broken-step test-amd64-amd64-xl-qemut-debianhvm-amd64-xsm capture-logs(5) broken-step test-amd64-amd64-xl-xsm capture-logs(5) broken-step build-armhf-libvirt capture-logs broken-step test-amd64-amd64-xl-multivcpu capture-logs(21) broken-step test-amd64-i386-xl-qemuu-debianhvm-amd64 capture-logs(11) broken-step test-amd64-i386-xl-qemuu-debianhvm-amd64-xsm capture-logs(19) broken-step test-amd64-i386-qemuu-rhel6hvm-amd capture-logs(13) broken-step test-amd64-amd64-xl-rtds syslog-server broken-step test-amd64-i386-xl-raw capture-logs(11) broken-step test-amd64-amd64-xl-xsm syslog-server broken-step test-amd64-i386-xl-qemut-stubdom-debianhvm-amd64-xsm capture-logs(19) broken-step test-amd64-i386-xl-qemut-debianhvm-amd64 capture-logs(19) broken-step test-amd64-i386-rumprun-i386 capture-logs(18) broken-step test-amd64-amd64-amd64-pvgrub syslog-server broken-step test-amd64-amd64-xl-qcow2 syslog-server broken-step test-amd64-i386-xl-raw syslog-server broken-step test-amd64-i386-xl-qemut-win7-amd64 syslog-server broken-step test-amd64-i386-xl-qemuu-debianhvm-amd64 syslog-server broken-step test-amd64-amd64-xl-qemut-debianhvm-amd64 syslog-server broken-step test-amd64-amd64-xl-qemut-win10-i386 syslog-server broken-step test-amd64-amd64-xl-qemuu-win10-i386 syslog-server broken-step test-amd64-i386-xl-qemut-win10-i386 syslog-server Not pushing. (No revision log; it would be 1847 lines long.) --===============7990756229489216956== Content-Type: text/plain; charset="utf-8" MIME-Version: 1.0 Content-Transfer-Encoding: base64 Content-Disposition: inline X19fX19fX19fX19fX19fX19fX19fX19fX19fX19fX19fX19fX19fX19fX19fX18KWGVuLWRldmVs IG1haWxpbmcgbGlzdApYZW4tZGV2ZWxAbGlzdHMueGVucHJvamVjdC5vcmcKaHR0cHM6Ly9saXN0 cy54ZW5wcm9qZWN0Lm9yZy9tYWlsbWFuL2xpc3RpbmZvL3hlbi1kZXZlbA== --===============7990756229489216956==--