From mboxrd@z Thu Jan 1 00:00:00 1970 From: osstest service owner Subject: [linux-4.9 test] 116754: tolerable FAIL - PUSHED Date: Sun, 03 Dec 2017 02:19:36 +0000 Message-ID: Mime-Version: 1.0 Content-Type: multipart/mixed; boundary="===============6286651989227618463==" Return-path: List-Unsubscribe: , List-Post: List-Help: List-Subscribe: , Errors-To: xen-devel-bounces@lists.xenproject.org Sender: "Xen-devel" To: xen-devel@lists.xensource.com, osstest-admin@xenproject.org List-Id: xen-devel@lists.xenproject.org --===============6286651989227618463== Content-Type: text/plain flight 116754 linux-4.9 real [real] http://logs.test-lab.xenproject.org/osstest/logs/116754/ Failures :-/ but no regressions. Tests which are failing intermittently (not blocking): test-armhf-armhf-xl-vhd 15 guest-start/debian.repeat fail in 116725 pass in 116754 test-amd64-i386-xl-qemut-stubdom-debianhvm-amd64-xsm 16 guest-localmigrate/x10 fail pass in 116725 Tests which did not succeed, but are not blocking: test-amd64-amd64-xl-qemuu-win7-amd64 17 guest-stop fail blocked in 116531 test-amd64-i386-xl-qemut-win7-amd64 17 guest-stop fail like 116531 test-amd64-i386-xl-qemuu-win7-amd64 17 guest-stop fail like 116531 test-amd64-amd64-xl-qemuu-ws16-amd64 17 guest-stop fail like 116531 test-amd64-amd64-xl-qemut-win7-amd64 17 guest-stop fail like 116531 test-amd64-amd64-xl-pvhv2-intel 12 guest-start fail never pass test-amd64-amd64-xl-pvhv2-amd 12 guest-start fail never pass test-amd64-i386-libvirt-xsm 13 migrate-support-check fail never pass test-amd64-i386-libvirt 13 migrate-support-check fail never pass test-amd64-amd64-libvirt-xsm 13 migrate-support-check fail never pass test-amd64-amd64-libvirt 13 migrate-support-check fail never pass test-amd64-i386-libvirt-qemuu-debianhvm-amd64-xsm 11 migrate-support-check fail never pass test-amd64-amd64-libvirt-qemuu-debianhvm-amd64-xsm 11 migrate-support-check fail never pass test-amd64-i386-libvirt-qcow2 12 migrate-support-check fail never pass test-armhf-armhf-xl-arndale 13 migrate-support-check fail never pass test-armhf-armhf-xl-arndale 14 saverestore-support-check fail never pass test-amd64-amd64-qemuu-nested-amd 17 debian-hvm-install/l1/l2 fail never pass test-amd64-amd64-libvirt-vhd 12 migrate-support-check fail never pass test-armhf-armhf-xl-credit2 13 migrate-support-check fail never pass test-armhf-armhf-xl-rtds 13 migrate-support-check fail never pass test-armhf-armhf-xl-credit2 14 saverestore-support-check fail never pass test-armhf-armhf-xl-rtds 14 saverestore-support-check fail never pass test-armhf-armhf-libvirt-xsm 13 migrate-support-check fail never pass test-armhf-armhf-libvirt-xsm 14 saverestore-support-check fail never pass test-armhf-armhf-xl-xsm 13 migrate-support-check fail never pass test-armhf-armhf-xl-xsm 14 saverestore-support-check fail never pass test-armhf-armhf-xl 13 migrate-support-check fail never pass test-armhf-armhf-xl 14 saverestore-support-check fail never pass test-armhf-armhf-xl-multivcpu 13 migrate-support-check fail never pass test-armhf-armhf-xl-multivcpu 14 saverestore-support-check fail never pass test-armhf-armhf-xl-cubietruck 13 migrate-support-check fail never pass test-armhf-armhf-xl-cubietruck 14 saverestore-support-check fail never pass test-armhf-armhf-libvirt-raw 12 migrate-support-check fail never pass test-armhf-armhf-libvirt-raw 13 saverestore-support-check fail never pass test-armhf-armhf-xl-vhd 12 migrate-support-check fail never pass test-armhf-armhf-xl-vhd 13 saverestore-support-check fail never pass test-amd64-i386-xl-qemuu-ws16-amd64 17 guest-stop fail never pass test-armhf-armhf-libvirt 13 migrate-support-check fail never pass test-armhf-armhf-libvirt 14 saverestore-support-check fail never pass test-amd64-amd64-xl-qemut-ws16-amd64 17 guest-stop fail never pass test-amd64-i386-xl-qemut-ws16-amd64 17 guest-stop fail never pass test-amd64-i386-xl-qemut-win10-i386 10 windows-install fail never pass test-amd64-amd64-xl-qemut-win10-i386 10 windows-install fail never pass test-amd64-i386-xl-qemuu-win10-i386 10 windows-install fail never pass test-amd64-amd64-xl-qemuu-win10-i386 10 windows-install fail never pass version targeted for testing: linux 8743ce3d7c9698285310920c443c086e337aef44 baseline version: linux 133e6ccf46f1704a4a680ef45565e970ac9a7f9c Last test of basis 116531 2017-11-25 16:32:41 Z 7 days Testing same since 116704 2017-11-30 09:15:59 Z 2 days 3 attempts ------------------------------------------------------------ People who touched revisions under test: Aaron Brown Abhishek Sahu Al Viro Alexey Khoroshilov Alistair Hamilton Amit Pundir Amitkumar Karwar Andreas Rohner Andrew Bowers Andrew Elble Andrew Morton Andrey Konovalov Andy Lutomirski Anna Schumaker Arnd Bergmann Avinash Repaka Bart Van Assche Bartosz Golaszewski Bartosz Markowski Benjamin Poirier Bjorn Helgaas Boris Brezillon Brent Taylor Brian King Catalin Marinas chenxiang (M) Chris Wilson Christian Lamparter Christoph Hellwig Christophe JAILLET Chuck Lever Colin Ian King Coly Li Cong Wang Dan Carpenter Dan Williams Daniel Verkamp Daniel Vetter Daniel Vetter David Ahern David Ahern David S. Miller David Sterba Doug Ledford Eric Biggers Florian Westphal Gabriele Mazzotta Geert Uytterhoeven Greg Kroah-Hartman Hans Verkuil Hans Verkuil Heiko Carstens Helge Deller Henrik Eriksson Herbert Xu Hou Tao Ian Kent Icenowy Zheng Ilya Dryomov Ingo Molnar J. Bruce Fields James Hogan Jan Kara Jeff Kirsher Jens Axboe Jesse Brandeburg Johan Hovold Johannes Berg John Crispin John David Anglin Jonathan Cameron Joshua Watt Juergen Gross Kailang Yang Kalle Valo Kalle Valo Kuninori Morimoto Ladi Prosek Larry Finger Laura Abbott Linus Torvalds Linus Walleij Lv Zheng Maciej W. Rozycki Marc Zyngier Marcus Cooper Mark Brown Martin Schwidefsky Masahiro Yamada Masami Hiramatsu Masashi Honma Mathias Kresin Mauro Carvalho Chehab Mauro Carvalho Chehab Maxime Ripard Michael Chan Michael Ellerman Michele Baldessari Mike Snitzer Mikulas Patocka Milan Stephan Mirko Parthey Naveen N. Rao Neil Dick NeilBrown Nicholas Bellinger Nick Sarnie Pablo Neira Ayuso Pan Bian Paolo Bonzini Paul E. McKenney Peter Ujfalusi Peter Zijlstra (Intel) Philip Derrin Radim Krčmář Rafael J. Wysocki Rameshwar Prasad Sahu Ricardo Ribalda Delgado Richard Fitzgerald Richard Genoud Rob Herring Roger Quadros Romain Perier Russell King Ryan Hsu Ryusuke Konishi Samuel Ortiz Santosh Shilimkar Sasha Levin Sean Young Shawn Guo Stanislaw Gruszka Stephen Boyd Steven Rostedt (Red Hat) Steven Rostedt (VMware) Takashi Iwai Tejun Heo Theodore Ts'o Thomas Preisner Tobias Jordan Trond Myklebust Tuomas Tynkkynen Tyler Hicks Vadim Lomovtsev Vasily Averin Vasily Gorbik Vijendar Mukunda Vinod Koul Viresh Kumar Vlastimil Babka WANG Cong Will Deacon Xiaolei Li jobs: build-amd64-xsm pass build-armhf-xsm pass build-i386-xsm pass build-amd64 pass build-armhf pass build-i386 pass build-amd64-libvirt pass build-armhf-libvirt pass build-i386-libvirt pass build-amd64-pvops pass build-armhf-pvops pass build-i386-pvops pass build-amd64-rumprun pass build-i386-rumprun pass test-amd64-amd64-xl pass test-armhf-armhf-xl pass test-amd64-i386-xl pass test-amd64-amd64-xl-qemut-debianhvm-amd64-xsm pass test-amd64-i386-xl-qemut-debianhvm-amd64-xsm pass test-amd64-amd64-libvirt-qemuu-debianhvm-amd64-xsm pass test-amd64-i386-libvirt-qemuu-debianhvm-amd64-xsm pass test-amd64-amd64-xl-qemuu-debianhvm-amd64-xsm pass test-amd64-i386-xl-qemuu-debianhvm-amd64-xsm pass test-amd64-amd64-xl-qemut-stubdom-debianhvm-amd64-xsm pass test-amd64-i386-xl-qemut-stubdom-debianhvm-amd64-xsm fail test-amd64-amd64-libvirt-xsm pass test-armhf-armhf-libvirt-xsm pass test-amd64-i386-libvirt-xsm pass test-amd64-amd64-xl-xsm pass test-armhf-armhf-xl-xsm pass test-amd64-i386-xl-xsm pass test-amd64-amd64-qemuu-nested-amd fail test-amd64-amd64-xl-pvhv2-amd fail test-amd64-i386-qemut-rhel6hvm-amd pass test-amd64-i386-qemuu-rhel6hvm-amd pass test-amd64-amd64-xl-qemut-debianhvm-amd64 pass test-amd64-i386-xl-qemut-debianhvm-amd64 pass test-amd64-amd64-xl-qemuu-debianhvm-amd64 pass test-amd64-i386-xl-qemuu-debianhvm-amd64 pass test-amd64-i386-freebsd10-amd64 pass test-amd64-amd64-xl-qemuu-ovmf-amd64 pass test-amd64-i386-xl-qemuu-ovmf-amd64 pass test-amd64-amd64-rumprun-amd64 pass test-amd64-amd64-xl-qemut-win7-amd64 fail test-amd64-i386-xl-qemut-win7-amd64 fail test-amd64-amd64-xl-qemuu-win7-amd64 fail test-amd64-i386-xl-qemuu-win7-amd64 fail test-amd64-amd64-xl-qemut-ws16-amd64 fail test-amd64-i386-xl-qemut-ws16-amd64 fail test-amd64-amd64-xl-qemuu-ws16-amd64 fail test-amd64-i386-xl-qemuu-ws16-amd64 fail test-armhf-armhf-xl-arndale pass test-amd64-amd64-xl-credit2 pass test-armhf-armhf-xl-credit2 pass test-armhf-armhf-xl-cubietruck pass test-amd64-amd64-examine pass test-armhf-armhf-examine pass test-amd64-i386-examine pass test-amd64-i386-freebsd10-i386 pass test-amd64-i386-rumprun-i386 pass test-amd64-amd64-xl-qemut-win10-i386 fail test-amd64-i386-xl-qemut-win10-i386 fail test-amd64-amd64-xl-qemuu-win10-i386 fail test-amd64-i386-xl-qemuu-win10-i386 fail test-amd64-amd64-qemuu-nested-intel pass test-amd64-amd64-xl-pvhv2-intel fail test-amd64-i386-qemut-rhel6hvm-intel pass test-amd64-i386-qemuu-rhel6hvm-intel pass test-amd64-amd64-libvirt pass test-armhf-armhf-libvirt pass test-amd64-i386-libvirt pass test-amd64-amd64-xl-multivcpu pass test-armhf-armhf-xl-multivcpu pass test-amd64-amd64-pair pass test-amd64-i386-pair pass test-amd64-amd64-libvirt-pair pass test-amd64-i386-libvirt-pair pass test-amd64-amd64-amd64-pvgrub pass test-amd64-amd64-i386-pvgrub pass test-amd64-amd64-pygrub pass test-amd64-i386-libvirt-qcow2 pass test-amd64-amd64-xl-qcow2 pass test-armhf-armhf-libvirt-raw pass test-amd64-i386-xl-raw pass test-amd64-amd64-xl-rtds pass test-armhf-armhf-xl-rtds pass test-amd64-amd64-libvirt-vhd pass test-armhf-armhf-xl-vhd pass ------------------------------------------------------------ sg-report-flight on osstest.test-lab.xenproject.org logs: /home/logs/logs images: /home/logs/images Logs, config files, etc. are available at http://logs.test-lab.xenproject.org/osstest/logs Explanation of these reports, and of osstest in general, is at http://xenbits.xen.org/gitweb/?p=osstest.git;a=blob;f=README.email;hb=master http://xenbits.xen.org/gitweb/?p=osstest.git;a=blob;f=README;hb=master Test harness code can be found at http://xenbits.xen.org/gitweb?p=osstest.git;a=summary Pushing revision : To osstest@xenbits.xen.org:/home/xen/git/linux-pvops.git 133e6cc..8743ce3 8743ce3d7c9698285310920c443c086e337aef44 -> tested/linux-4.9 --===============6286651989227618463== Content-Type: text/plain; charset="utf-8" MIME-Version: 1.0 Content-Transfer-Encoding: base64 Content-Disposition: inline X19fX19fX19fX19fX19fX19fX19fX19fX19fX19fX19fX19fX19fX19fX19fX18KWGVuLWRldmVs IG1haWxpbmcgbGlzdApYZW4tZGV2ZWxAbGlzdHMueGVucHJvamVjdC5vcmcKaHR0cHM6Ly9saXN0 cy54ZW5wcm9qZWN0Lm9yZy9tYWlsbWFuL2xpc3RpbmZvL3hlbi1kZXZlbA== --===============6286651989227618463==--