* [xen-unstable-smoke test] 116757: tolerable all pass - PUSHED
@ 2017-12-01 21:41 osstest service owner
0 siblings, 0 replies; only message in thread
From: osstest service owner @ 2017-12-01 21:41 UTC (permalink / raw)
To: xen-devel, osstest-admin
flight 116757 xen-unstable-smoke real [real]
http://logs.test-lab.xenproject.org/osstest/logs/116757/
Failures :-/ but no regressions.
Tests which did not succeed, but are not blocking:
test-amd64-amd64-libvirt 13 migrate-support-check fail never pass
test-armhf-armhf-xl 13 migrate-support-check fail never pass
test-armhf-armhf-xl 14 saverestore-support-check fail never pass
version targeted for testing:
xen 1002f1a21bfb67bcca27532e7f7c35b1ac8ee1dd
baseline version:
xen 6da091d95dfcbe00daf91308d044ee5151b1ac9e
Last test of basis 116673 2017-11-29 13:02:46 Z 2 days
Testing same since 116752 2017-12-01 16:02:04 Z 0 days 2 attempts
------------------------------------------------------------
People who touched revisions under test:
Ian Jackson <Ian.Jackson@eu.citrix.com>
jobs:
build-amd64 pass
build-armhf pass
build-amd64-libvirt pass
build-amd64-pvops pass
build-armhf-pvops pass
test-armhf-armhf-xl pass
test-amd64-amd64-xl-qemuu-debianhvm-i386 pass
test-amd64-amd64-libvirt pass
------------------------------------------------------------
sg-report-flight on osstest.test-lab.xenproject.org
logs: /home/logs/logs
images: /home/logs/images
Logs, config files, etc. are available at
http://logs.test-lab.xenproject.org/osstest/logs
Explanation of these reports, and of osstest in general, is at
http://xenbits.xen.org/gitweb/?p=osstest.git;a=blob;f=README.email;hb=master
http://xenbits.xen.org/gitweb/?p=osstest.git;a=blob;f=README;hb=master
Test harness code can be found at
http://xenbits.xen.org/gitweb?p=osstest.git;a=summary
Pushing revision :
To osstest@xenbits.xen.org:/home/xen/git/xen.git
6da091d..1002f1a 1002f1a21bfb67bcca27532e7f7c35b1ac8ee1dd -> smoke
_______________________________________________
Xen-devel mailing list
Xen-devel@lists.xenproject.org
https://lists.xenproject.org/mailman/listinfo/xen-devel
^ permalink raw reply [flat|nested] only message in thread
only message in thread, other threads:[~2017-12-01 21:41 UTC | newest]
Thread overview: (only message) (download: mbox.gz follow: Atom feed
-- links below jump to the message on this page --
2017-12-01 21:41 [xen-unstable-smoke test] 116757: tolerable all pass - PUSHED osstest service owner
This is a public inbox, see mirroring instructions
for how to clone and mirror all data and code used for this inbox;
as well as URLs for NNTP newsgroup(s).