From mboxrd@z Thu Jan 1 00:00:00 1970 From: xen.org Subject: [xen-unstable test] 11748: regressions - FAIL Date: Wed, 1 Feb 2012 03:57:32 +0000 Message-ID: Mime-Version: 1.0 Content-Type: text/plain; charset="us-ascii" Content-Transfer-Encoding: 7bit Return-path: List-Unsubscribe: , List-Post: List-Help: List-Subscribe: , Sender: xen-devel-bounces@lists.xensource.com Errors-To: xen-devel-bounces@lists.xensource.com To: xen-devel@lists.xensource.com Cc: ian.jackson@eu.citrix.com List-Id: xen-devel@lists.xenproject.org flight 11748 xen-unstable real [real] http://www.chiark.greenend.org.uk/~xensrcts/logs/11748/ Regressions :-( Tests which did not succeed and are blocking, including tests which could not be run: test-amd64-i386-xl-credit2 7 debian-install fail REGR. vs. 11643 test-amd64-i386-xl-win-vcpus1 7 windows-install fail REGR. vs. 11643 Regressions which are regarded as allowable (not blocking): test-i386-i386-win 14 guest-start.2 fail like 11643 Tests which did not succeed, but are not blocking: test-amd64-amd64-xl-pcipt-intel 9 guest-start fail never pass test-amd64-i386-rhel6hvm-intel 11 leak-check/check fail never pass test-amd64-i386-rhel6hvm-amd 11 leak-check/check fail never pass test-amd64-amd64-xl-win 13 guest-stop fail never pass test-amd64-i386-win-vcpus1 16 leak-check/check fail never pass test-amd64-amd64-xl-win7-amd64 13 guest-stop fail never pass test-amd64-i386-xend-winxpsp3 16 leak-check/check fail never pass test-i386-i386-xl-win 13 guest-stop fail never pass test-amd64-i386-win 16 leak-check/check fail never pass test-amd64-i386-xl-win7-amd64 13 guest-stop fail never pass test-i386-i386-xl-winxpsp3 13 guest-stop fail never pass test-amd64-amd64-win 16 leak-check/check fail never pass test-amd64-amd64-xl-winxpsp3 13 guest-stop fail never pass test-amd64-i386-xl-winxpsp3-vcpus1 13 guest-stop fail never pass version targeted for testing: xen 6c9a73817770 baseline version: xen e2722b24dc09 ------------------------------------------------------------ People who touched revisions under test: Adin Scannell Alex Zeffertt Andres Lagar-Cavilla Andrew Cooper Daniel De Graaf Dario Faggioli Diego Ongaro Ian Campbell Ian Jackson Jan Beulich Jim Fehlig Keir Fraser Olaf Hering Paulian Bogdan Marinca Roger Pau Monne Stefano Stabellini Tim Deegan Wei Wang ------------------------------------------------------------ jobs: build-amd64 pass build-i386 pass build-amd64-oldkern pass build-i386-oldkern pass build-amd64-pvops pass build-i386-pvops pass test-amd64-amd64-xl pass test-amd64-i386-xl pass test-i386-i386-xl pass test-amd64-i386-rhel6hvm-amd fail test-amd64-amd64-xl-win7-amd64 fail test-amd64-i386-xl-win7-amd64 fail test-amd64-i386-xl-credit2 fail test-amd64-amd64-xl-pcipt-intel fail test-amd64-i386-rhel6hvm-intel fail test-amd64-i386-xl-multivcpu pass test-amd64-amd64-pair pass test-amd64-i386-pair pass test-i386-i386-pair pass test-amd64-amd64-xl-sedf-pin pass test-amd64-amd64-pv pass test-amd64-i386-pv pass test-i386-i386-pv pass test-amd64-amd64-xl-sedf pass test-amd64-i386-win-vcpus1 fail test-amd64-i386-xl-win-vcpus1 fail test-amd64-i386-xl-winxpsp3-vcpus1 fail test-amd64-amd64-win fail test-amd64-i386-win fail test-i386-i386-win fail test-amd64-amd64-xl-win fail test-i386-i386-xl-win fail test-amd64-i386-xend-winxpsp3 fail test-amd64-amd64-xl-winxpsp3 fail test-i386-i386-xl-winxpsp3 fail ------------------------------------------------------------ sg-report-flight on woking.cam.xci-test.com logs: /home/xc_osstest/logs images: /home/xc_osstest/images Logs, config files, etc. are available at http://www.chiark.greenend.org.uk/~xensrcts/logs Test harness code can be found at http://xenbits.xensource.com/gitweb?p=osstest.git;a=summary Not pushing. (No revision log; it would be 715 lines long.)