xen-devel.lists.xenproject.org archive mirror
 help / color / mirror / Atom feed
From: xen.org <ian.jackson@eu.citrix.com>
To: xen-devel@lists.xensource.com
Cc: ian.jackson@eu.citrix.com
Subject: [linux test] 11749: regressions - FAIL
Date: Wed, 1 Feb 2012 05:52:30 +0000	[thread overview]
Message-ID: <osstest-11749-mainreport@xen.org> (raw)

flight 11749 linux real [real]
http://www.chiark.greenend.org.uk/~xensrcts/logs/11749/

Regressions :-(

Tests which did not succeed and are blocking,
including tests which could not be run:
 test-amd64-i386-xl-credit2    7 debian-install            fail REGR. vs. 10764

Regressions which are regarded as allowable (not blocking):
 test-i386-i386-win           14 guest-start.2            fail blocked in 10764

Tests which did not succeed, but are not blocking:
 test-amd64-i386-rhel6hvm-amd 11 leak-check/check             fail   never pass
 test-amd64-i386-rhel6hvm-intel 11 leak-check/check             fail never pass
 test-amd64-i386-xl-win-vcpus1 13 guest-stop                   fail  never pass
 test-amd64-i386-win          16 leak-check/check             fail   never pass
 test-amd64-i386-xl-win7-amd64 13 guest-stop                   fail  never pass
 test-amd64-i386-win-vcpus1   16 leak-check/check             fail   never pass
 test-i386-i386-xl-winxpsp3   13 guest-stop                   fail   never pass
 test-amd64-i386-xl-winxpsp3-vcpus1 13 guest-stop               fail never pass
 test-amd64-amd64-xl-winxpsp3 13 guest-stop                   fail   never pass
 test-amd64-amd64-xl-win      13 guest-stop                   fail   never pass
 test-amd64-i386-xend-winxpsp3 16 leak-check/check             fail  never pass
 test-amd64-amd64-win         16 leak-check/check             fail   never pass
 test-amd64-amd64-xl-pcipt-intel  9 guest-start                 fail never pass
 test-amd64-amd64-xl-win7-amd64 13 guest-stop                   fail never pass
 test-i386-i386-xl-win        13 guest-stop                   fail   never pass

version targeted for testing:
 linux                1aaf53ee291d9e71d6ec05c0ebdb2854fea175ad
baseline version:
 linux                8664c694e49d4d095706524a27b1fc734b9881ce

------------------------------------------------------------
People who touched revisions under test:
------------------------------------------------------------

jobs:
 build-amd64                                                  pass    
 build-i386                                                   pass    
 build-amd64-pvops                                            pass    
 build-i386-pvops                                             pass    
 test-amd64-amd64-xl                                          pass    
 test-amd64-i386-xl                                           pass    
 test-i386-i386-xl                                            pass    
 test-amd64-i386-rhel6hvm-amd                                 fail    
 test-amd64-amd64-xl-win7-amd64                               fail    
 test-amd64-i386-xl-win7-amd64                                fail    
 test-amd64-i386-xl-credit2                                   fail    
 test-amd64-amd64-xl-pcipt-intel                              fail    
 test-amd64-i386-rhel6hvm-intel                               fail    
 test-amd64-i386-xl-multivcpu                                 pass    
 test-amd64-amd64-pair                                        pass    
 test-amd64-i386-pair                                         pass    
 test-i386-i386-pair                                          pass    
 test-amd64-amd64-xl-sedf-pin                                 pass    
 test-amd64-amd64-pv                                          pass    
 test-amd64-i386-pv                                           pass    
 test-i386-i386-pv                                            pass    
 test-amd64-amd64-xl-sedf                                     pass    
 test-amd64-i386-win-vcpus1                                   fail    
 test-amd64-i386-xl-win-vcpus1                                fail    
 test-amd64-i386-xl-winxpsp3-vcpus1                           fail    
 test-amd64-amd64-win                                         fail    
 test-amd64-i386-win                                          fail    
 test-i386-i386-win                                           fail    
 test-amd64-amd64-xl-win                                      fail    
 test-i386-i386-xl-win                                        fail    
 test-amd64-i386-xend-winxpsp3                                fail    
 test-amd64-amd64-xl-winxpsp3                                 fail    
 test-i386-i386-xl-winxpsp3                                   fail    


------------------------------------------------------------
sg-report-flight on woking.cam.xci-test.com
logs: /home/xc_osstest/logs
images: /home/xc_osstest/images

Logs, config files, etc. are available at
    http://www.chiark.greenend.org.uk/~xensrcts/logs

Test harness code can be found at
    http://xenbits.xensource.com/gitweb?p=osstest.git;a=summary


Not pushing.

------------------------------------------------------------
commit 1aaf53ee291d9e71d6ec05c0ebdb2854fea175ad
Merge: 8664c69... b16a92f...
Author: Jeremy Fitzhardinge <jeremy@goop.org>
Date:   Thu Jan 26 13:19:51 2012 -0800

    Merge commit 'v2.6.32.55' into xen/next-2.6.32
    
    * commit 'v2.6.32.55': (28 commits)
      Linux 2.6.32.55
      kprobes: initialize before using a hlist
      score: fix off-by-one index into syscall table
      sym53c8xx: Fix NULL pointer dereference in slave_destroy
      ALSA: HDA: Fix internal microphone on Dell Studio 16 XPS 1645
      kernel.h: add printk_ratelimited and pr_<level>_rl
      block: add and use scsi_blk_cmd_ioctl
      USB: Fix 'bad dma' problem on WDM device disconnect
      fix cputime overflow in uptime_proc_show
      USB: cdc-wdm: fix misuse of logical operation in place of bitop
      nfsd: Fix oops when parsing a 0 length export
      svcrpc: destroy server sockets all at once
      svcrpc: fix double-free on shutdown of nfsd after changing pool mode
      V4L/DVB: v4l2-ioctl: integer overflow in video_usercopy()
      i2c: Fix error value returned by several bus drivers
      UBI: fix nameless volumes handling
      x86: Fix mmap random address range
      PNP: work around Dell 1536/1546 BIOS MMCONFIG bug that breaks USB
      ima: free duplicate measurement memory
      xen/xenbus: Reject replies with payload > XENSTORE_PAYLOAD_MAX.
      ...

                 reply	other threads:[~2012-02-01  5:52 UTC|newest]

Thread overview: [no followups] expand[flat|nested]  mbox.gz  Atom feed

Reply instructions:

You may reply publicly to this message via plain-text email
using any one of the following methods:

* Save the following mbox file, import it into your mail client,
  and reply-to-all from there: mbox

  Avoid top-posting and favor interleaved quoting:
  https://en.wikipedia.org/wiki/Posting_style#Interleaved_style

* Reply using the --to, --cc, and --in-reply-to
  switches of git-send-email(1):

  git send-email \
    --in-reply-to=osstest-11749-mainreport@xen.org \
    --to=ian.jackson@eu.citrix.com \
    --cc=xen-devel@lists.xensource.com \
    /path/to/YOUR_REPLY

  https://kernel.org/pub/software/scm/git/docs/git-send-email.html

* If your mail client supports setting the In-Reply-To header
  via mailto: links, try the mailto: link
Be sure your reply has a Subject: header at the top and a blank line before the message body.
This is a public inbox, see mirroring instructions
for how to clone and mirror all data and code used for this inbox;
as well as URLs for NNTP newsgroup(s).