* [qemu-mainline test] 118308: trouble: broken/fail/pass
@ 2018-01-25 19:01 osstest service owner
0 siblings, 0 replies; only message in thread
From: osstest service owner @ 2018-01-25 19:01 UTC (permalink / raw)
To: xen-devel, osstest-admin
flight 118308 qemu-mainline real [real]
http://logs.test-lab.xenproject.org/osstest/logs/118308/
Failures and problems with tests :-(
Tests which did not succeed and are blocking,
including tests which could not be run:
test-armhf-armhf-xl-multivcpu <job status> broken
test-armhf-armhf-xl-multivcpu 4 host-install(4) broken REGR. vs. 118287
Tests which did not succeed, but are not blocking:
test-amd64-amd64-xl-qemuu-win7-amd64 17 guest-stop fail like 118287
test-armhf-armhf-libvirt 14 saverestore-support-check fail like 118287
test-amd64-i386-xl-qemuu-win7-amd64 17 guest-stop fail like 118287
test-armhf-armhf-libvirt-raw 13 saverestore-support-check fail like 118287
test-armhf-armhf-libvirt-xsm 14 saverestore-support-check fail like 118287
test-amd64-amd64-xl-qemuu-ws16-amd64 17 guest-stop fail like 118287
test-amd64-amd64-xl-pvhv2-intel 12 guest-start fail never pass
test-amd64-amd64-xl-pvhv2-amd 12 guest-start fail never pass
test-amd64-i386-libvirt-xsm 13 migrate-support-check fail never pass
test-amd64-amd64-libvirt 13 migrate-support-check fail never pass
test-amd64-amd64-libvirt-xsm 13 migrate-support-check fail never pass
test-amd64-i386-libvirt 13 migrate-support-check fail never pass
test-arm64-arm64-xl-credit2 13 migrate-support-check fail never pass
test-arm64-arm64-xl-credit2 14 saverestore-support-check fail never pass
test-arm64-arm64-xl 13 migrate-support-check fail never pass
test-arm64-arm64-xl 14 saverestore-support-check fail never pass
test-arm64-arm64-xl-xsm 13 migrate-support-check fail never pass
test-arm64-arm64-xl-xsm 14 saverestore-support-check fail never pass
test-arm64-arm64-libvirt-xsm 13 migrate-support-check fail never pass
test-arm64-arm64-libvirt-xsm 14 saverestore-support-check fail never pass
test-amd64-amd64-libvirt-qemuu-debianhvm-amd64-xsm 11 migrate-support-check fail never pass
test-amd64-i386-libvirt-qemuu-debianhvm-amd64-xsm 11 migrate-support-check fail never pass
test-amd64-amd64-qemuu-nested-amd 17 debian-hvm-install/l1/l2 fail never pass
test-amd64-amd64-libvirt-vhd 12 migrate-support-check fail never pass
test-armhf-armhf-xl-xsm 13 migrate-support-check fail never pass
test-armhf-armhf-xl-xsm 14 saverestore-support-check fail never pass
test-armhf-armhf-xl-rtds 13 migrate-support-check fail never pass
test-armhf-armhf-xl-rtds 14 saverestore-support-check fail never pass
test-armhf-armhf-xl-credit2 13 migrate-support-check fail never pass
test-armhf-armhf-xl-credit2 14 saverestore-support-check fail never pass
test-armhf-armhf-libvirt 13 migrate-support-check fail never pass
test-armhf-armhf-xl-cubietruck 13 migrate-support-check fail never pass
test-armhf-armhf-xl-cubietruck 14 saverestore-support-check fail never pass
test-armhf-armhf-xl 13 migrate-support-check fail never pass
test-armhf-armhf-xl 14 saverestore-support-check fail never pass
test-armhf-armhf-libvirt-raw 12 migrate-support-check fail never pass
test-armhf-armhf-xl-vhd 12 migrate-support-check fail never pass
test-armhf-armhf-xl-vhd 13 saverestore-support-check fail never pass
test-armhf-armhf-xl-arndale 13 migrate-support-check fail never pass
test-armhf-armhf-xl-arndale 14 saverestore-support-check fail never pass
test-armhf-armhf-libvirt-xsm 13 migrate-support-check fail never pass
test-amd64-i386-xl-qemuu-ws16-amd64 17 guest-stop fail never pass
test-amd64-i386-xl-qemuu-win10-i386 10 windows-install fail never pass
test-amd64-amd64-xl-qemuu-win10-i386 10 windows-install fail never pass
version targeted for testing:
qemuu 238e2d93c9ddc9bc6b5392289bed38a4ebff004d
baseline version:
qemuu 52483b067cce4a88ffbf8fbeea26de7549d2ad23
Last test of basis 118287 2018-01-23 16:14:02 Z 2 days
Testing same since 118308 2018-01-24 15:44:37 Z 1 days 1 attempts
------------------------------------------------------------
People who touched revisions under test:
Alistair Francis <alistair.francis@xilinx.com>
Christian Borntraeger <borntraeger@de.ibm.com>
Claudio Imbrenda <imbrenda@linux.vnet.ibm.com>
Cornelia Huck <cohuck@redhat.com>
David Hildenbrand <david@redhat.com>
Peter Maydell <peter.maydell@linaro.org>
jobs:
build-amd64-xsm pass
build-arm64-xsm pass
build-armhf-xsm pass
build-i386-xsm pass
build-amd64 pass
build-arm64 pass
build-armhf pass
build-i386 pass
build-amd64-libvirt pass
build-arm64-libvirt pass
build-armhf-libvirt pass
build-i386-libvirt pass
build-amd64-pvops pass
build-arm64-pvops pass
build-armhf-pvops pass
build-i386-pvops pass
test-amd64-amd64-xl pass
test-arm64-arm64-xl pass
test-armhf-armhf-xl pass
test-amd64-i386-xl pass
test-amd64-amd64-libvirt-qemuu-debianhvm-amd64-xsm pass
test-amd64-i386-libvirt-qemuu-debianhvm-amd64-xsm pass
test-amd64-amd64-xl-qemuu-debianhvm-amd64-xsm pass
test-amd64-i386-xl-qemuu-debianhvm-amd64-xsm pass
test-amd64-amd64-libvirt-xsm pass
test-arm64-arm64-libvirt-xsm pass
test-armhf-armhf-libvirt-xsm pass
test-amd64-i386-libvirt-xsm pass
test-amd64-amd64-xl-xsm pass
test-arm64-arm64-xl-xsm pass
test-armhf-armhf-xl-xsm pass
test-amd64-i386-xl-xsm pass
test-amd64-amd64-qemuu-nested-amd fail
test-amd64-amd64-xl-pvhv2-amd fail
test-amd64-i386-qemuu-rhel6hvm-amd pass
test-amd64-amd64-xl-qemuu-debianhvm-amd64 pass
test-amd64-i386-xl-qemuu-debianhvm-amd64 pass
test-amd64-i386-freebsd10-amd64 pass
test-amd64-amd64-xl-qemuu-ovmf-amd64 pass
test-amd64-i386-xl-qemuu-ovmf-amd64 pass
test-amd64-amd64-xl-qemuu-win7-amd64 fail
test-amd64-i386-xl-qemuu-win7-amd64 fail
test-amd64-amd64-xl-qemuu-ws16-amd64 fail
test-amd64-i386-xl-qemuu-ws16-amd64 fail
test-armhf-armhf-xl-arndale pass
test-amd64-amd64-xl-credit2 pass
test-arm64-arm64-xl-credit2 pass
test-armhf-armhf-xl-credit2 pass
test-armhf-armhf-xl-cubietruck pass
test-amd64-i386-freebsd10-i386 pass
test-amd64-amd64-xl-qemuu-win10-i386 fail
test-amd64-i386-xl-qemuu-win10-i386 fail
test-amd64-amd64-qemuu-nested-intel pass
test-amd64-amd64-xl-pvhv2-intel fail
test-amd64-i386-qemuu-rhel6hvm-intel pass
test-amd64-amd64-libvirt pass
test-armhf-armhf-libvirt pass
test-amd64-i386-libvirt pass
test-amd64-amd64-xl-multivcpu pass
test-armhf-armhf-xl-multivcpu broken
test-amd64-amd64-pair pass
test-amd64-i386-pair pass
test-amd64-amd64-libvirt-pair pass
test-amd64-i386-libvirt-pair pass
test-amd64-amd64-amd64-pvgrub pass
test-amd64-amd64-i386-pvgrub pass
test-amd64-amd64-pygrub pass
test-amd64-amd64-xl-qcow2 pass
test-armhf-armhf-libvirt-raw pass
test-amd64-i386-xl-raw pass
test-amd64-amd64-xl-rtds pass
test-armhf-armhf-xl-rtds pass
test-amd64-amd64-libvirt-vhd pass
test-armhf-armhf-xl-vhd pass
------------------------------------------------------------
sg-report-flight on osstest.test-lab.xenproject.org
logs: /home/logs/logs
images: /home/logs/images
Logs, config files, etc. are available at
http://logs.test-lab.xenproject.org/osstest/logs
Explanation of these reports, and of osstest in general, is at
http://xenbits.xen.org/gitweb/?p=osstest.git;a=blob;f=README.email;hb=master
http://xenbits.xen.org/gitweb/?p=osstest.git;a=blob;f=README;hb=master
Test harness code can be found at
http://xenbits.xen.org/gitweb?p=osstest.git;a=summary
broken-job test-armhf-armhf-xl-multivcpu broken
broken-step test-armhf-armhf-xl-multivcpu host-install(4)
Not pushing.
------------------------------------------------------------
commit 238e2d93c9ddc9bc6b5392289bed38a4ebff004d
Merge: 52483b067c 9f0d13f4f1
Author: Peter Maydell <peter.maydell@linaro.org>
Date: Tue Jan 23 13:10:24 2018 +0000
Merge remote-tracking branch 'remotes/cohuck/tags/s390x-20180122' into staging
Various fixes/improvements, and support for the new 81/82
facility bits.
# gpg: Signature made Mon 22 Jan 2018 11:54:46 GMT
# gpg: using RSA key 0xDECF6B93C6F02FAF
# gpg: Good signature from "Cornelia Huck <conny@cornelia-huck.de>"
# gpg: aka "Cornelia Huck <huckc@linux.vnet.ibm.com>"
# gpg: aka "Cornelia Huck <cornelia.huck@de.ibm.com>"
# gpg: aka "Cornelia Huck <cohuck@kernel.org>"
# gpg: aka "Cornelia Huck <cohuck@redhat.com>"
# Primary key fingerprint: C3D0 D66D C362 4FF6 A8C0 18CE DECF 6B93 C6F0 2FAF
* remotes/cohuck/tags/s390x-20180122:
s390x/kvm: provide stfle.81
s390x/kvm: Handle bpb feature
linux-headers: update
s390x/tcg: fixup TEST PROTECTION
s390x: fix storage attributes migration for non-small guests
hw/s390x: Replace fprintf(stderr, "*\n" with qemu_log_mask()
s390x/sclp: fix missing be conversion
s390x/tcg: implement TEST PROTECTION
s390x/sclp: fixup highest CPU address
Signed-off-by: Peter Maydell <peter.maydell@linaro.org>
commit 9f0d13f4f1de3cf9b70435cc4e87a301ee12471f
Author: Christian Borntraeger <borntraeger@de.ibm.com>
Date: Thu Jan 18 09:56:28 2018 +0100
s390x/kvm: provide stfle.81
stfle.81 (ppa15) is a transparent facility that can be passed to the
guest without the need to implement hypervisor support. As this feature
can be provided by firmware we add it to all full models.
Cc: qemu-stable@nongnu.org
Signed-off-by: Christian Borntraeger <borntraeger@de.ibm.com>
Message-Id: <20180118085628.40798-4-borntraeger@de.ibm.com>
Reviewed-by: Halil Pasic <pasic@linux.vnet.ibm.com>
Reviewed-by: David Hildenbrand <david@redhat.com>
Reviewed-by: Thomas Huth <thuth@redhat.com>
Signed-off-by: Cornelia Huck <cohuck@redhat.com>
commit b073c87517d4d348c7bac0f0b35e8e83e6354d82
Author: Christian Borntraeger <borntraeger@de.ibm.com>
Date: Thu Jan 18 09:56:27 2018 +0100
s390x/kvm: Handle bpb feature
We need to handle the bpb control on reset and migration. Normally
stfle.82 is transparent (and the normal guest part works without
hypervisor activity). To prevent any issues we require full
host kernel support for this feature.
Cc: qemu-stable@nongnu.org
Signed-off-by: Christian Borntraeger <borntraeger@de.ibm.com>
Message-Id: <20180118085628.40798-3-borntraeger@de.ibm.com>
Reviewed-by: Thomas Huth <thuth@redhat.com>
Reviewed-by: David Hildenbrand <david@redhat.com>
[CH: 'Branch Prediction Blocking' -> 'Branch prediction blocking']
Signed-off-by: Cornelia Huck <cohuck@redhat.com>
commit 9cbb636270b4df6f0a548e5c34b895330db5df8b
Author: Cornelia Huck <cohuck@redhat.com>
Date: Mon Jan 22 11:07:47 2018 +0100
linux-headers: update
Update headers against 4.15-rc9.
Signed-off-by: Cornelia Huck <cohuck@redhat.com>
commit b5e85329026115b5a679849f45e7c19c2714e4fd
Author: David Hildenbrand <david@redhat.com>
Date: Fri Jan 12 13:54:52 2018 +0100
s390x/tcg: fixup TEST PROTECTION
CC == 2 can only happen due to a protection exception, not if memory is
not available (PGM_ADDRESSING). So all PGM_ADDRESSING exceptions have to
be forwarded to the guest.
Since the initial definition of TEST PROTECTION, we now read globals
(e.g. PSW mask), so we have to correctly mark the instruction
(otherwise, e.g. booting fedora 27 fails).
Also, the architecture explicitly specifies which exceptions are
forwarded to the guest, this makes the code a little nicer.
Signed-off-by: David Hildenbrand <david@redhat.com>
Message-Id: <20180112125452.8569-1-david@redhat.com>
Signed-off-by: Cornelia Huck <cohuck@redhat.com>
commit 46fa893355e0bd88f3c59b886f0d75cbd5f0bbbe
Author: Claudio Imbrenda <imbrenda@linux.vnet.ibm.com>
Date: Thu Jan 18 18:51:44 2018 +0100
s390x: fix storage attributes migration for non-small guests
Fix storage attribute migration so that it does not fail for guests
with more than a few GB of RAM.
With such guests, the index in the buffer would go out of bounds,
usually by large amounts, thus receiving -EFAULT from the kernel.
Migration itself would be successful, but storage attributes would then
not be migrated completely.
This patch fixes the out of bounds access, and thus migration of all
storage attributes when the guest have large amounts of memory.
Cc: qemu-stable@nongnu.org
Signed-off-by: Claudio Imbrenda <imbrenda@linux.vnet.ibm.com>
Fixes: 903fd80b03243476 ("s390x/migration: Storage attributes device")
Message-Id: <1516297904-18188-1-git-send-email-imbrenda@linux.vnet.ibm.com>
Reviewed-by: Christian Borntraeger <borntraeger@de.ibm.com>
Signed-off-by: Cornelia Huck <cohuck@redhat.com>
commit 74a69e03c11412f4f3356f8ebc14339e5b1130ca
Author: Alistair Francis <alistair.francis@xilinx.com>
Date: Wed Dec 20 09:24:41 2017 -0800
hw/s390x: Replace fprintf(stderr, "*\n" with qemu_log_mask()
One fprintf(stderr, was manually converted to a
qemu_log_mask(LOG_GUEST_ERROR,
Signed-off-by: Alistair Francis <alistair.francis@xilinx.com>
Reviewed-by: Thomas Huth <thuth@redhat.com>
Message-Id: <3f49c0ff601f27534d4536c87c00d01c233e067f.1513790495.git.alistair.francis@xilinx.com>
[CH: tweaked commit message]
Signed-off-by: Cornelia Huck <cohuck@redhat.com>
commit e537112b418306229eb74c53de93751dd7b484d0
Author: David Hildenbrand <david@redhat.com>
Date: Mon Dec 18 23:46:16 2017 +0100
s390x/sclp: fix missing be conversion
Linux crashes right now if maxmem > mem is specified on the command line.
On s390x, the guest can hotplug memory itself right now - very weird -
and e.g. Fedora 27 will simply add all memory it can when booting.
So now, we have at least the same behavior on TCG and KVM.
Signed-off-by: David Hildenbrand <david@redhat.com>
Message-Id: <20171218224616.21030-3-david@redhat.com>
Reviewed-by: Thomas Huth <thuth@redhat.com>
Signed-off-by: Cornelia Huck <cohuck@redhat.com>
commit bb8794307252be791f1723eae47983f815882376
Author: David Hildenbrand <david@redhat.com>
Date: Mon Dec 18 23:46:15 2017 +0100
s390x/tcg: implement TEST PROTECTION
Linux uses TEST PROTECTION to sense for available memory locations.
Let's implement what we can for now (just as for the other instructions,
excluding AR mode and special protection mechanisms).
Signed-off-by: David Hildenbrand <david@redhat.com>
Message-Id: <20171218224616.21030-2-david@redhat.com>
Reviewed-by: Thomas Huth <thuth@redhat.com>
Signed-off-by: Cornelia Huck <cohuck@redhat.com>
commit e2d9f902378cc0b8de9bacfc9406e6c63bc236d7
Author: Christian Borntraeger <borntraeger@de.ibm.com>
Date: Tue Dec 19 09:28:07 2017 +0100
s390x/sclp: fixup highest CPU address
The highest cpu address is not the same as max_cpus. max_cpus
counts from 1 while the cpu address starts at 0.
Signed-off-by: Christian Borntraeger <borntraeger@de.ibm.com>
Reviewed-by: Jason J. Herne <jjherne@linux.vnet.ibm.com>
Message-Id: <20171219082807.84494-1-borntraeger@de.ibm.com>
Reviewed-by: David Hildenbrand <david@redhat.com>
Signed-off-by: Cornelia Huck <cohuck@redhat.com>
_______________________________________________
Xen-devel mailing list
Xen-devel@lists.xenproject.org
https://lists.xenproject.org/mailman/listinfo/xen-devel
^ permalink raw reply [flat|nested] only message in thread
only message in thread, other threads:[~2018-01-25 19:01 UTC | newest]
Thread overview: (only message) (download: mbox.gz follow: Atom feed
-- links below jump to the message on this page --
2018-01-25 19:01 [qemu-mainline test] 118308: trouble: broken/fail/pass osstest service owner
This is a public inbox, see mirroring instructions
for how to clone and mirror all data and code used for this inbox;
as well as URLs for NNTP newsgroup(s).