* [xen-unstable test] 11831: regressions - FAIL
@ 2012-02-03 6:22 xen.org
2012-02-03 9:55 ` Jan Beulich
0 siblings, 1 reply; 3+ messages in thread
From: xen.org @ 2012-02-03 6:22 UTC (permalink / raw)
To: xen-devel; +Cc: ian.jackson
flight 11831 xen-unstable real [real]
http://www.chiark.greenend.org.uk/~xensrcts/logs/11831/
Regressions :-(
Tests which did not succeed and are blocking,
including tests which could not be run:
test-amd64-i386-pair 6 xen-install/dst_host fail REGR. vs. 11643
test-amd64-i386-pair 5 xen-install/src_host fail REGR. vs. 11643
test-amd64-i386-xl-credit2 4 xen-install fail REGR. vs. 11643
test-amd64-i386-pv 4 xen-install fail REGR. vs. 11643
test-amd64-i386-rhel6hvm-intel 4 xen-install fail REGR. vs. 11643
test-amd64-i386-rhel6hvm-amd 4 xen-install fail REGR. vs. 11643
test-amd64-i386-xl 4 xen-install fail REGR. vs. 11643
test-amd64-i386-xl-multivcpu 4 xen-install fail REGR. vs. 11643
test-amd64-i386-xl-winxpsp3-vcpus1 4 xen-install fail REGR. vs. 11643
test-amd64-i386-win 4 xen-install fail REGR. vs. 11643
test-amd64-i386-win-vcpus1 4 xen-install fail REGR. vs. 11643
test-amd64-i386-xend-winxpsp3 4 xen-install fail REGR. vs. 11643
test-amd64-i386-xl-win7-amd64 4 xen-install fail REGR. vs. 11643
test-amd64-i386-xl-win-vcpus1 4 xen-install fail REGR. vs. 11643
Regressions which are regarded as allowable (not blocking):
build-i386 4 xen-build fail like 11637
build-i386-oldkern 4 xen-build fail like 11637
Tests which did not succeed, but are not blocking:
test-amd64-amd64-xl-pcipt-intel 9 guest-start fail never pass
test-i386-i386-xl 1 xen-build-check(1) blocked n/a
test-i386-i386-pv 1 xen-build-check(1) blocked n/a
test-amd64-amd64-xl-win7-amd64 13 guest-stop fail never pass
test-i386-i386-pair 1 xen-build-check(1) blocked n/a
test-i386-i386-xl-win 1 xen-build-check(1) blocked n/a
test-amd64-amd64-xl-win 13 guest-stop fail never pass
test-i386-i386-win 1 xen-build-check(1) blocked n/a
test-i386-i386-xl-winxpsp3 1 xen-build-check(1) blocked n/a
test-amd64-amd64-win 16 leak-check/check fail never pass
test-amd64-amd64-xl-winxpsp3 13 guest-stop fail never pass
version targeted for testing:
xen fcc071c31e3a
baseline version:
xen e2722b24dc09
------------------------------------------------------------
People who touched revisions under test:
Adin Scannell <adin@scannell.ca>
Alex Zeffertt <alex.zeffertt@eu.citrix.com>
Andres Lagar-Cavilla <andres@lagarcavilla.org>
Andrew Cooper <andrew.cooper3@citrix.com>
Anthony Liguori <aliguori@us.ibm.com>
Daniel De Graaf <dgdegra@tycho.nsa.gov>
Dario Faggioli <dario.faggioli@citrix.com>
Diego Ongaro <diego.ongaro@citrix.com>
Dietmar Hahn <dietmar.hahn@ts.fujitsu.com>
Ian Campbell <Ian.Campbell@citrix.com>
Ian Jackson <ian.jackson@eu.citrix.com>
Jan Beulich <jbeulich@suse.com>
Jim Fehlig <jfehlig@suse.com>
juergen.gross@ts.fujitsu.com
Keir Fraser <keir@xen.org>
Olaf Hering <olaf@aepfle.de>
Paulian Bogdan Marinca <paulian@marinca.net>
Roger Pau Monne <roger.pau@entel.upc.edu>
Stefano Stabellini <stefano.stabellini@eu.citrix.com>
Tim Deegan <tim@xen.org>
Wei Wang <wei.wang2@amd.com>
------------------------------------------------------------
jobs:
build-amd64 pass
build-i386 fail
build-amd64-oldkern pass
build-i386-oldkern fail
build-amd64-pvops pass
build-i386-pvops pass
test-amd64-amd64-xl pass
test-amd64-i386-xl fail
test-i386-i386-xl blocked
test-amd64-i386-rhel6hvm-amd fail
test-amd64-amd64-xl-win7-amd64 fail
test-amd64-i386-xl-win7-amd64 fail
test-amd64-i386-xl-credit2 fail
test-amd64-amd64-xl-pcipt-intel fail
test-amd64-i386-rhel6hvm-intel fail
test-amd64-i386-xl-multivcpu fail
test-amd64-amd64-pair pass
test-amd64-i386-pair fail
test-i386-i386-pair blocked
test-amd64-amd64-xl-sedf-pin pass
test-amd64-amd64-pv pass
test-amd64-i386-pv fail
test-i386-i386-pv blocked
test-amd64-amd64-xl-sedf pass
test-amd64-i386-win-vcpus1 fail
test-amd64-i386-xl-win-vcpus1 fail
test-amd64-i386-xl-winxpsp3-vcpus1 fail
test-amd64-amd64-win fail
test-amd64-i386-win fail
test-i386-i386-win blocked
test-amd64-amd64-xl-win fail
test-i386-i386-xl-win blocked
test-amd64-i386-xend-winxpsp3 fail
test-amd64-amd64-xl-winxpsp3 fail
test-i386-i386-xl-winxpsp3 blocked
------------------------------------------------------------
sg-report-flight on woking.cam.xci-test.com
logs: /home/xc_osstest/logs
images: /home/xc_osstest/images
Logs, config files, etc. are available at
http://www.chiark.greenend.org.uk/~xensrcts/logs
Test harness code can be found at
http://xenbits.xensource.com/gitweb?p=osstest.git;a=summary
Not pushing.
(No revision log; it would be 1355 lines long.)
^ permalink raw reply [flat|nested] 3+ messages in thread
* Re: [xen-unstable test] 11831: regressions - FAIL
2012-02-03 6:22 [xen-unstable test] 11831: regressions - FAIL xen.org
@ 2012-02-03 9:55 ` Jan Beulich
2012-02-03 15:47 ` Ian Jackson
0 siblings, 1 reply; 3+ messages in thread
From: Jan Beulich @ 2012-02-03 9:55 UTC (permalink / raw)
To: ian.jackson; +Cc: xen-devel
>>> On 03.02.12 at 07:22, xen.org <ian.jackson@eu.citrix.com> wrote:
> Regressions which are regarded as allowable (not blocking):
> build-i386 4 xen-build fail like 11637
> build-i386-oldkern 4 xen-build fail like 11637
Is that really the way things should work?
Jan
^ permalink raw reply [flat|nested] 3+ messages in thread
* Re: [xen-unstable test] 11831: regressions - FAIL
2012-02-03 9:55 ` Jan Beulich
@ 2012-02-03 15:47 ` Ian Jackson
0 siblings, 0 replies; 3+ messages in thread
From: Ian Jackson @ 2012-02-03 15:47 UTC (permalink / raw)
To: Jan Beulich; +Cc: xen-devel@lists.xensource.com
Jan Beulich writes ("Re: [Xen-devel] [xen-unstable test] 11831: regressions - FAIL"):
> >>> On 03.02.12 at 07:22, xen.org <ian.jackson@eu.citrix.com> wrote:
> > Regressions which are regarded as allowable (not blocking):
> > build-i386 4 xen-build fail like 11637
> > build-i386-oldkern 4 xen-build fail like 11637
>
> Is that really the way things should work?
11637 broke because of a bug in the test harness relating to the new
qemu-upstream-unstable build. I fixed that, but from the system's
point of view that means that 11637's builds weren't reliable either.
So this is a bug because we shouldn't be tolerating heisenbugs in the
build; any baseline passed build should be enough to block a push if
the corresponding staging build failed. I've made what I think is a
suitable change, which is now undergoing testing to check that it
works.
There's also a separate bug which is that it failed to notice for many
tests that they were blocked by lack of the build:
> > test-amd64-i386-xl 4 xen-install fail REGR. vs. 11643
But happily this blocked the push of the broken build. I will push a
fix for this other bug when the first bugfix has made it through the
tester.
Ian.
^ permalink raw reply [flat|nested] 3+ messages in thread
end of thread, other threads:[~2012-02-03 15:47 UTC | newest]
Thread overview: 3+ messages (download: mbox.gz follow: Atom feed
-- links below jump to the message on this page --
2012-02-03 6:22 [xen-unstable test] 11831: regressions - FAIL xen.org
2012-02-03 9:55 ` Jan Beulich
2012-02-03 15:47 ` Ian Jackson
This is a public inbox, see mirroring instructions
for how to clone and mirror all data and code used for this inbox;
as well as URLs for NNTP newsgroup(s).