From mboxrd@z Thu Jan 1 00:00:00 1970 From: xen.org Subject: [xen-unstable test] 11831: regressions - FAIL Date: Fri, 3 Feb 2012 06:22:40 +0000 Message-ID: Mime-Version: 1.0 Content-Type: text/plain; charset="us-ascii" Content-Transfer-Encoding: 7bit Return-path: List-Unsubscribe: , List-Post: List-Help: List-Subscribe: , Sender: xen-devel-bounces@lists.xensource.com Errors-To: xen-devel-bounces@lists.xensource.com To: xen-devel@lists.xensource.com Cc: ian.jackson@eu.citrix.com List-Id: xen-devel@lists.xenproject.org flight 11831 xen-unstable real [real] http://www.chiark.greenend.org.uk/~xensrcts/logs/11831/ Regressions :-( Tests which did not succeed and are blocking, including tests which could not be run: test-amd64-i386-pair 6 xen-install/dst_host fail REGR. vs. 11643 test-amd64-i386-pair 5 xen-install/src_host fail REGR. vs. 11643 test-amd64-i386-xl-credit2 4 xen-install fail REGR. vs. 11643 test-amd64-i386-pv 4 xen-install fail REGR. vs. 11643 test-amd64-i386-rhel6hvm-intel 4 xen-install fail REGR. vs. 11643 test-amd64-i386-rhel6hvm-amd 4 xen-install fail REGR. vs. 11643 test-amd64-i386-xl 4 xen-install fail REGR. vs. 11643 test-amd64-i386-xl-multivcpu 4 xen-install fail REGR. vs. 11643 test-amd64-i386-xl-winxpsp3-vcpus1 4 xen-install fail REGR. vs. 11643 test-amd64-i386-win 4 xen-install fail REGR. vs. 11643 test-amd64-i386-win-vcpus1 4 xen-install fail REGR. vs. 11643 test-amd64-i386-xend-winxpsp3 4 xen-install fail REGR. vs. 11643 test-amd64-i386-xl-win7-amd64 4 xen-install fail REGR. vs. 11643 test-amd64-i386-xl-win-vcpus1 4 xen-install fail REGR. vs. 11643 Regressions which are regarded as allowable (not blocking): build-i386 4 xen-build fail like 11637 build-i386-oldkern 4 xen-build fail like 11637 Tests which did not succeed, but are not blocking: test-amd64-amd64-xl-pcipt-intel 9 guest-start fail never pass test-i386-i386-xl 1 xen-build-check(1) blocked n/a test-i386-i386-pv 1 xen-build-check(1) blocked n/a test-amd64-amd64-xl-win7-amd64 13 guest-stop fail never pass test-i386-i386-pair 1 xen-build-check(1) blocked n/a test-i386-i386-xl-win 1 xen-build-check(1) blocked n/a test-amd64-amd64-xl-win 13 guest-stop fail never pass test-i386-i386-win 1 xen-build-check(1) blocked n/a test-i386-i386-xl-winxpsp3 1 xen-build-check(1) blocked n/a test-amd64-amd64-win 16 leak-check/check fail never pass test-amd64-amd64-xl-winxpsp3 13 guest-stop fail never pass version targeted for testing: xen fcc071c31e3a baseline version: xen e2722b24dc09 ------------------------------------------------------------ People who touched revisions under test: Adin Scannell Alex Zeffertt Andres Lagar-Cavilla Andrew Cooper Anthony Liguori Daniel De Graaf Dario Faggioli Diego Ongaro Dietmar Hahn Ian Campbell Ian Jackson Jan Beulich Jim Fehlig juergen.gross@ts.fujitsu.com Keir Fraser Olaf Hering Paulian Bogdan Marinca Roger Pau Monne Stefano Stabellini Tim Deegan Wei Wang ------------------------------------------------------------ jobs: build-amd64 pass build-i386 fail build-amd64-oldkern pass build-i386-oldkern fail build-amd64-pvops pass build-i386-pvops pass test-amd64-amd64-xl pass test-amd64-i386-xl fail test-i386-i386-xl blocked test-amd64-i386-rhel6hvm-amd fail test-amd64-amd64-xl-win7-amd64 fail test-amd64-i386-xl-win7-amd64 fail test-amd64-i386-xl-credit2 fail test-amd64-amd64-xl-pcipt-intel fail test-amd64-i386-rhel6hvm-intel fail test-amd64-i386-xl-multivcpu fail test-amd64-amd64-pair pass test-amd64-i386-pair fail test-i386-i386-pair blocked test-amd64-amd64-xl-sedf-pin pass test-amd64-amd64-pv pass test-amd64-i386-pv fail test-i386-i386-pv blocked test-amd64-amd64-xl-sedf pass test-amd64-i386-win-vcpus1 fail test-amd64-i386-xl-win-vcpus1 fail test-amd64-i386-xl-winxpsp3-vcpus1 fail test-amd64-amd64-win fail test-amd64-i386-win fail test-i386-i386-win blocked test-amd64-amd64-xl-win fail test-i386-i386-xl-win blocked test-amd64-i386-xend-winxpsp3 fail test-amd64-amd64-xl-winxpsp3 fail test-i386-i386-xl-winxpsp3 blocked ------------------------------------------------------------ sg-report-flight on woking.cam.xci-test.com logs: /home/xc_osstest/logs images: /home/xc_osstest/images Logs, config files, etc. are available at http://www.chiark.greenend.org.uk/~xensrcts/logs Test harness code can be found at http://xenbits.xensource.com/gitweb?p=osstest.git;a=summary Not pushing. (No revision log; it would be 1355 lines long.)