xen-devel.lists.xenproject.org archive mirror
 help / color / mirror / Atom feed
* [xen-unstable test] 118393: regressions - FAIL
@ 2018-01-28 16:06 ` osstest service owner
  2018-01-29 13:45   ` Andrew Cooper
  0 siblings, 1 reply; 4+ messages in thread
From: osstest service owner @ 2018-01-28 16:06 UTC (permalink / raw)
  To: xen-devel, osstest-admin

[-- Attachment #1: Type: text/plain, Size: 14435 bytes --]

flight 118393 xen-unstable real [real]
http://logs.test-lab.xenproject.org/osstest/logs/118393/

Regressions :-(

Tests which did not succeed and are blocking,
including tests which could not be run:
 test-armhf-armhf-xl-credit2 16 guest-start/debian.repeat fail REGR. vs. 118174

Tests which did not succeed, but are not blocking:
 test-armhf-armhf-libvirt     14 saverestore-support-check    fail  like 118174
 test-amd64-amd64-xl-qemuu-win7-amd64 17 guest-stop            fail like 118174
 test-amd64-i386-xl-qemut-win7-amd64 17 guest-stop             fail like 118174
 test-amd64-i386-xl-qemuu-win7-amd64 17 guest-stop             fail like 118174
 test-amd64-amd64-xl-qemuu-ws16-amd64 17 guest-stop            fail like 118174
 test-amd64-amd64-xl-qemut-win7-amd64 17 guest-stop            fail like 118174
 test-armhf-armhf-libvirt-raw 13 saverestore-support-check    fail  like 118174
 test-amd64-i386-xl-qemuu-ws16-amd64 17 guest-stop             fail like 118174
 test-armhf-armhf-libvirt-xsm 14 saverestore-support-check    fail  like 118174
 test-amd64-amd64-xl-qemut-ws16-amd64 17 guest-stop            fail like 118174
 test-amd64-amd64-xl-pvhv2-intel 12 guest-start                 fail never pass
 test-amd64-amd64-xl-pvhv2-amd 12 guest-start                  fail  never pass
 test-amd64-i386-libvirt-xsm  13 migrate-support-check        fail   never pass
 test-amd64-i386-libvirt      13 migrate-support-check        fail   never pass
 test-arm64-arm64-xl-credit2  13 migrate-support-check        fail   never pass
 test-arm64-arm64-xl          13 migrate-support-check        fail   never pass
 test-arm64-arm64-xl-credit2  14 saverestore-support-check    fail   never pass
 test-arm64-arm64-xl          14 saverestore-support-check    fail   never pass
 test-arm64-arm64-xl-xsm      13 migrate-support-check        fail   never pass
 test-arm64-arm64-xl-xsm      14 saverestore-support-check    fail   never pass
 test-arm64-arm64-libvirt-xsm 13 migrate-support-check        fail   never pass
 test-arm64-arm64-libvirt-xsm 14 saverestore-support-check    fail   never pass
 test-amd64-amd64-libvirt-xsm 13 migrate-support-check        fail   never pass
 test-amd64-amd64-libvirt     13 migrate-support-check        fail   never pass
 test-amd64-amd64-libvirt-qemuu-debianhvm-amd64-xsm 11 migrate-support-check fail never pass
 test-amd64-i386-libvirt-qemuu-debianhvm-amd64-xsm 11 migrate-support-check fail never pass
 test-amd64-amd64-qemuu-nested-amd 17 debian-hvm-install/l1/l2  fail never pass
 test-amd64-amd64-libvirt-vhd 12 migrate-support-check        fail   never pass
 test-armhf-armhf-xl          13 migrate-support-check        fail   never pass
 test-armhf-armhf-xl          14 saverestore-support-check    fail   never pass
 test-armhf-armhf-xl-credit2  13 migrate-support-check        fail   never pass
 test-armhf-armhf-xl-credit2  14 saverestore-support-check    fail   never pass
 test-armhf-armhf-xl-multivcpu 13 migrate-support-check        fail  never pass
 test-armhf-armhf-xl-multivcpu 14 saverestore-support-check    fail  never pass
 test-armhf-armhf-libvirt     13 migrate-support-check        fail   never pass
 test-armhf-armhf-xl-rtds     13 migrate-support-check        fail   never pass
 test-armhf-armhf-xl-rtds     14 saverestore-support-check    fail   never pass
 test-armhf-armhf-xl-cubietruck 13 migrate-support-check        fail never pass
 test-armhf-armhf-xl-xsm      13 migrate-support-check        fail   never pass
 test-armhf-armhf-xl-cubietruck 14 saverestore-support-check    fail never pass
 test-armhf-armhf-xl-xsm      14 saverestore-support-check    fail   never pass
 test-armhf-armhf-libvirt-raw 12 migrate-support-check        fail   never pass
 test-armhf-armhf-xl-arndale  13 migrate-support-check        fail   never pass
 test-armhf-armhf-xl-arndale  14 saverestore-support-check    fail   never pass
 test-armhf-armhf-libvirt-xsm 13 migrate-support-check        fail   never pass
 test-amd64-i386-xl-qemut-ws16-amd64 17 guest-stop              fail never pass
 test-amd64-i386-xl-qemuu-win10-i386 10 windows-install         fail never pass
 test-amd64-amd64-xl-qemuu-win10-i386 10 windows-install        fail never pass
 test-amd64-amd64-xl-qemut-win10-i386 10 windows-install        fail never pass
 test-amd64-i386-xl-qemut-win10-i386 10 windows-install         fail never pass
 test-armhf-armhf-xl-vhd      12 migrate-support-check        fail   never pass
 test-armhf-armhf-xl-vhd      13 saverestore-support-check    fail   never pass

version targeted for testing:
 xen                  4c7e478d597b0346eef3a256cfd6794ac778b608
baseline version:
 xen                  e871e80c38547d9faefc6604532ba3e985e65873

Last test of basis   118174  2018-01-17 17:13:00 Z   10 days
Failing since        118230  2018-01-19 14:22:44 Z    9 days   10 attempts
Testing same since   118393  2018-01-27 16:25:36 Z    0 days    1 attempts

------------------------------------------------------------
People who touched revisions under test:
  Andrew Cooper <andrew.cooper3@citrix.com>
  Anthony Liguori <aliguori@amazon.com>
  Bob Moore <robert.moore@intel.com>
  Daniel De Graaf <dgdegra@tycho.nsa.gov>
  Daniel Kiper <daniel.kiper@oracle.com>
  David Scott <dave@recoil.org>
  Doug Goldstein <cardoe@cardoe.com>
  George Dunlap <george.dunlap@citrix.com>
  Ian Jackson <Ian.Jackson@eu.citrix.com>
  Jan Beulich <jbeulich@suse.com>
  Jon Ludlam <jonathan.ludlam@citrix.com>
  Jonathan Ludlam <jonathan.ludlam@citrix.com>
  Juergen Gross <jgross@suse.com>
  Julien Grall <julien.grall@linaro.org>
  Kevin Tian <kevin.tian@intel.com>
  Lv Zheng <lv.zheng@intel.com>
  Michael Young <m.a.young@durham.ac.uk>
  Oleksandr Grytsov <oleksandr_grytsov@epam.com>
  Paul Durrant <paul.durrant@citrix.com>
  Rafael J. Wysocki <rafael.j.wysocki@intel.com>
  Roger Pau Monne <roger.pau@citrix.com>
  Roger Pau Monné <roger.pau@citrix.com>
  Ross Lagerwall <ross.lagerwall@citrix.com>
  Sergey Dyasli <sergey.dyasli@citrix.com>
  Stefano Stabellini <sstabellini@kernel.org>
  Tim Deegan <tim@xen.org>
  Wei Liu <wei.liu2@citrix.com>
  Yi Sun <yi.y.sun@linux.intel.com>

jobs:
 build-amd64-xsm                                              pass    
 build-arm64-xsm                                              pass    
 build-armhf-xsm                                              pass    
 build-i386-xsm                                               pass    
 build-amd64-xtf                                              pass    
 build-amd64                                                  pass    
 build-arm64                                                  pass    
 build-armhf                                                  pass    
 build-i386                                                   pass    
 build-amd64-libvirt                                          pass    
 build-arm64-libvirt                                          pass    
 build-armhf-libvirt                                          pass    
 build-i386-libvirt                                           pass    
 build-amd64-prev                                             pass    
 build-i386-prev                                              pass    
 build-amd64-pvops                                            pass    
 build-arm64-pvops                                            pass    
 build-armhf-pvops                                            pass    
 build-i386-pvops                                             pass    
 build-amd64-rumprun                                          pass    
 build-i386-rumprun                                           pass    
 test-xtf-amd64-amd64-1                                       pass    
 test-xtf-amd64-amd64-2                                       pass    
 test-xtf-amd64-amd64-3                                       pass    
 test-xtf-amd64-amd64-4                                       pass    
 test-xtf-amd64-amd64-5                                       pass    
 test-amd64-amd64-xl                                          pass    
 test-arm64-arm64-xl                                          pass    
 test-armhf-armhf-xl                                          pass    
 test-amd64-i386-xl                                           pass    
 test-amd64-amd64-xl-qemut-debianhvm-amd64-xsm                pass    
 test-amd64-i386-xl-qemut-debianhvm-amd64-xsm                 pass    
 test-amd64-amd64-libvirt-qemuu-debianhvm-amd64-xsm           pass    
 test-amd64-i386-libvirt-qemuu-debianhvm-amd64-xsm            pass    
 test-amd64-amd64-xl-qemuu-debianhvm-amd64-xsm                pass    
 test-amd64-i386-xl-qemuu-debianhvm-amd64-xsm                 pass    
 test-amd64-amd64-xl-qemut-stubdom-debianhvm-amd64-xsm        pass    
 test-amd64-i386-xl-qemut-stubdom-debianhvm-amd64-xsm         pass    
 test-amd64-amd64-libvirt-xsm                                 pass    
 test-arm64-arm64-libvirt-xsm                                 pass    
 test-armhf-armhf-libvirt-xsm                                 pass    
 test-amd64-i386-libvirt-xsm                                  pass    
 test-amd64-amd64-xl-xsm                                      pass    
 test-arm64-arm64-xl-xsm                                      pass    
 test-armhf-armhf-xl-xsm                                      pass    
 test-amd64-i386-xl-xsm                                       pass    
 test-amd64-amd64-qemuu-nested-amd                            fail    
 test-amd64-amd64-xl-pvhv2-amd                                fail    
 test-amd64-i386-qemut-rhel6hvm-amd                           pass    
 test-amd64-i386-qemuu-rhel6hvm-amd                           pass    
 test-amd64-amd64-xl-qemut-debianhvm-amd64                    pass    
 test-amd64-i386-xl-qemut-debianhvm-amd64                     pass    
 test-amd64-amd64-xl-qemuu-debianhvm-amd64                    pass    
 test-amd64-i386-xl-qemuu-debianhvm-amd64                     pass    
 test-amd64-i386-freebsd10-amd64                              pass    
 test-amd64-amd64-xl-qemuu-ovmf-amd64                         pass    
 test-amd64-i386-xl-qemuu-ovmf-amd64                          pass    
 test-amd64-amd64-rumprun-amd64                               pass    
 test-amd64-amd64-xl-qemut-win7-amd64                         fail    
 test-amd64-i386-xl-qemut-win7-amd64                          fail    
 test-amd64-amd64-xl-qemuu-win7-amd64                         fail    
 test-amd64-i386-xl-qemuu-win7-amd64                          fail    
 test-amd64-amd64-xl-qemut-ws16-amd64                         fail    
 test-amd64-i386-xl-qemut-ws16-amd64                          fail    
 test-amd64-amd64-xl-qemuu-ws16-amd64                         fail    
 test-amd64-i386-xl-qemuu-ws16-amd64                          fail    
 test-armhf-armhf-xl-arndale                                  pass    
 test-amd64-amd64-xl-credit2                                  pass    
 test-arm64-arm64-xl-credit2                                  pass    
 test-armhf-armhf-xl-credit2                                  fail    
 test-armhf-armhf-xl-cubietruck                               pass    
 test-amd64-amd64-examine                                     pass    
 test-arm64-arm64-examine                                     pass    
 test-armhf-armhf-examine                                     pass    
 test-amd64-i386-examine                                      pass    
 test-amd64-i386-freebsd10-i386                               pass    
 test-amd64-i386-rumprun-i386                                 pass    
 test-amd64-amd64-xl-qemut-win10-i386                         fail    
 test-amd64-i386-xl-qemut-win10-i386                          fail    
 test-amd64-amd64-xl-qemuu-win10-i386                         fail    
 test-amd64-i386-xl-qemuu-win10-i386                          fail    
 test-amd64-amd64-qemuu-nested-intel                          pass    
 test-amd64-amd64-xl-pvhv2-intel                              fail    
 test-amd64-i386-qemut-rhel6hvm-intel                         pass    
 test-amd64-i386-qemuu-rhel6hvm-intel                         pass    
 test-amd64-amd64-libvirt                                     pass    
 test-armhf-armhf-libvirt                                     pass    
 test-amd64-i386-libvirt                                      pass    
 test-amd64-amd64-livepatch                                   pass    
 test-amd64-i386-livepatch                                    pass    
 test-amd64-amd64-migrupgrade                                 pass    
 test-amd64-i386-migrupgrade                                  pass    
 test-amd64-amd64-xl-multivcpu                                pass    
 test-armhf-armhf-xl-multivcpu                                pass    
 test-amd64-amd64-pair                                        pass    
 test-amd64-i386-pair                                         pass    
 test-amd64-amd64-libvirt-pair                                pass    
 test-amd64-i386-libvirt-pair                                 pass    
 test-amd64-amd64-amd64-pvgrub                                pass    
 test-amd64-amd64-i386-pvgrub                                 pass    
 test-amd64-amd64-pygrub                                      pass    
 test-amd64-amd64-xl-qcow2                                    pass    
 test-armhf-armhf-libvirt-raw                                 pass    
 test-amd64-i386-xl-raw                                       pass    
 test-amd64-amd64-xl-rtds                                     pass    
 test-armhf-armhf-xl-rtds                                     pass    
 test-amd64-amd64-libvirt-vhd                                 pass    
 test-armhf-armhf-xl-vhd                                      pass    


------------------------------------------------------------
sg-report-flight on osstest.test-lab.xenproject.org
logs: /home/logs/logs
images: /home/logs/images

Logs, config files, etc. are available at
    http://logs.test-lab.xenproject.org/osstest/logs

Explanation of these reports, and of osstest in general, is at
    http://xenbits.xen.org/gitweb/?p=osstest.git;a=blob;f=README.email;hb=master
    http://xenbits.xen.org/gitweb/?p=osstest.git;a=blob;f=README;hb=master

Test harness code can be found at
    http://xenbits.xen.org/gitweb?p=osstest.git;a=summary


Not pushing.

(No revision log; it would be 2521 lines long.)


[-- Attachment #2: Type: text/plain, Size: 157 bytes --]

_______________________________________________
Xen-devel mailing list
Xen-devel@lists.xenproject.org
https://lists.xenproject.org/mailman/listinfo/xen-devel

^ permalink raw reply	[flat|nested] 4+ messages in thread

* Re: [xen-unstable test] 118393: regressions - FAIL
  2018-01-28 16:06 ` [xen-unstable test] 118393: " osstest service owner
@ 2018-01-29 13:45   ` Andrew Cooper
  2018-01-29 16:04     ` [xen-unstable test] 118393: regressions - FAIL [and 1 more messages] Ian Jackson
  0 siblings, 1 reply; 4+ messages in thread
From: Andrew Cooper @ 2018-01-29 13:45 UTC (permalink / raw)
  To: osstest service owner, xen-devel; +Cc: Juergen Gross, Julien Grall, Ian Jackson


[-- Attachment #1.1: Type: text/plain, Size: 15185 bytes --]

On 28/01/18 16:06, osstest service owner wrote:
> flight 118393 xen-unstable real [real]
> http://logs.test-lab.xenproject.org/osstest/logs/118393/
>
> Regressions :-(
>
> Tests which did not succeed and are blocking,
> including tests which could not be run:
>  test-armhf-armhf-xl-credit2 16 guest-start/debian.repeat fail REGR. vs. 118174

Force push candidate?  This looks to be the known set/way issue.

~Andrew

>
> Tests which did not succeed, but are not blocking:
>  test-armhf-armhf-libvirt     14 saverestore-support-check    fail  like 118174
>  test-amd64-amd64-xl-qemuu-win7-amd64 17 guest-stop            fail like 118174
>  test-amd64-i386-xl-qemut-win7-amd64 17 guest-stop             fail like 118174
>  test-amd64-i386-xl-qemuu-win7-amd64 17 guest-stop             fail like 118174
>  test-amd64-amd64-xl-qemuu-ws16-amd64 17 guest-stop            fail like 118174
>  test-amd64-amd64-xl-qemut-win7-amd64 17 guest-stop            fail like 118174
>  test-armhf-armhf-libvirt-raw 13 saverestore-support-check    fail  like 118174
>  test-amd64-i386-xl-qemuu-ws16-amd64 17 guest-stop             fail like 118174
>  test-armhf-armhf-libvirt-xsm 14 saverestore-support-check    fail  like 118174
>  test-amd64-amd64-xl-qemut-ws16-amd64 17 guest-stop            fail like 118174
>  test-amd64-amd64-xl-pvhv2-intel 12 guest-start                 fail never pass
>  test-amd64-amd64-xl-pvhv2-amd 12 guest-start                  fail  never pass
>  test-amd64-i386-libvirt-xsm  13 migrate-support-check        fail   never pass
>  test-amd64-i386-libvirt      13 migrate-support-check        fail   never pass
>  test-arm64-arm64-xl-credit2  13 migrate-support-check        fail   never pass
>  test-arm64-arm64-xl          13 migrate-support-check        fail   never pass
>  test-arm64-arm64-xl-credit2  14 saverestore-support-check    fail   never pass
>  test-arm64-arm64-xl          14 saverestore-support-check    fail   never pass
>  test-arm64-arm64-xl-xsm      13 migrate-support-check        fail   never pass
>  test-arm64-arm64-xl-xsm      14 saverestore-support-check    fail   never pass
>  test-arm64-arm64-libvirt-xsm 13 migrate-support-check        fail   never pass
>  test-arm64-arm64-libvirt-xsm 14 saverestore-support-check    fail   never pass
>  test-amd64-amd64-libvirt-xsm 13 migrate-support-check        fail   never pass
>  test-amd64-amd64-libvirt     13 migrate-support-check        fail   never pass
>  test-amd64-amd64-libvirt-qemuu-debianhvm-amd64-xsm 11 migrate-support-check fail never pass
>  test-amd64-i386-libvirt-qemuu-debianhvm-amd64-xsm 11 migrate-support-check fail never pass
>  test-amd64-amd64-qemuu-nested-amd 17 debian-hvm-install/l1/l2  fail never pass
>  test-amd64-amd64-libvirt-vhd 12 migrate-support-check        fail   never pass
>  test-armhf-armhf-xl          13 migrate-support-check        fail   never pass
>  test-armhf-armhf-xl          14 saverestore-support-check    fail   never pass
>  test-armhf-armhf-xl-credit2  13 migrate-support-check        fail   never pass
>  test-armhf-armhf-xl-credit2  14 saverestore-support-check    fail   never pass
>  test-armhf-armhf-xl-multivcpu 13 migrate-support-check        fail  never pass
>  test-armhf-armhf-xl-multivcpu 14 saverestore-support-check    fail  never pass
>  test-armhf-armhf-libvirt     13 migrate-support-check        fail   never pass
>  test-armhf-armhf-xl-rtds     13 migrate-support-check        fail   never pass
>  test-armhf-armhf-xl-rtds     14 saverestore-support-check    fail   never pass
>  test-armhf-armhf-xl-cubietruck 13 migrate-support-check        fail never pass
>  test-armhf-armhf-xl-xsm      13 migrate-support-check        fail   never pass
>  test-armhf-armhf-xl-cubietruck 14 saverestore-support-check    fail never pass
>  test-armhf-armhf-xl-xsm      14 saverestore-support-check    fail   never pass
>  test-armhf-armhf-libvirt-raw 12 migrate-support-check        fail   never pass
>  test-armhf-armhf-xl-arndale  13 migrate-support-check        fail   never pass
>  test-armhf-armhf-xl-arndale  14 saverestore-support-check    fail   never pass
>  test-armhf-armhf-libvirt-xsm 13 migrate-support-check        fail   never pass
>  test-amd64-i386-xl-qemut-ws16-amd64 17 guest-stop              fail never pass
>  test-amd64-i386-xl-qemuu-win10-i386 10 windows-install         fail never pass
>  test-amd64-amd64-xl-qemuu-win10-i386 10 windows-install        fail never pass
>  test-amd64-amd64-xl-qemut-win10-i386 10 windows-install        fail never pass
>  test-amd64-i386-xl-qemut-win10-i386 10 windows-install         fail never pass
>  test-armhf-armhf-xl-vhd      12 migrate-support-check        fail   never pass
>  test-armhf-armhf-xl-vhd      13 saverestore-support-check    fail   never pass
>
> version targeted for testing:
>  xen                  4c7e478d597b0346eef3a256cfd6794ac778b608
> baseline version:
>  xen                  e871e80c38547d9faefc6604532ba3e985e65873
>
> Last test of basis   118174  2018-01-17 17:13:00 Z   10 days
> Failing since        118230  2018-01-19 14:22:44 Z    9 days   10 attempts
> Testing same since   118393  2018-01-27 16:25:36 Z    0 days    1 attempts
>
> ------------------------------------------------------------
> People who touched revisions under test:
>   Andrew Cooper <andrew.cooper3@citrix.com>
>   Anthony Liguori <aliguori@amazon.com>
>   Bob Moore <robert.moore@intel.com>
>   Daniel De Graaf <dgdegra@tycho.nsa.gov>
>   Daniel Kiper <daniel.kiper@oracle.com>
>   David Scott <dave@recoil.org>
>   Doug Goldstein <cardoe@cardoe.com>
>   George Dunlap <george.dunlap@citrix.com>
>   Ian Jackson <Ian.Jackson@eu.citrix.com>
>   Jan Beulich <jbeulich@suse.com>
>   Jon Ludlam <jonathan.ludlam@citrix.com>
>   Jonathan Ludlam <jonathan.ludlam@citrix.com>
>   Juergen Gross <jgross@suse.com>
>   Julien Grall <julien.grall@linaro.org>
>   Kevin Tian <kevin.tian@intel.com>
>   Lv Zheng <lv.zheng@intel.com>
>   Michael Young <m.a.young@durham.ac.uk>
>   Oleksandr Grytsov <oleksandr_grytsov@epam.com>
>   Paul Durrant <paul.durrant@citrix.com>
>   Rafael J. Wysocki <rafael.j.wysocki@intel.com>
>   Roger Pau Monne <roger.pau@citrix.com>
>   Roger Pau Monné <roger.pau@citrix.com>
>   Ross Lagerwall <ross.lagerwall@citrix.com>
>   Sergey Dyasli <sergey.dyasli@citrix.com>
>   Stefano Stabellini <sstabellini@kernel.org>
>   Tim Deegan <tim@xen.org>
>   Wei Liu <wei.liu2@citrix.com>
>   Yi Sun <yi.y.sun@linux.intel.com>
>
> jobs:
>  build-amd64-xsm                                              pass    
>  build-arm64-xsm                                              pass    
>  build-armhf-xsm                                              pass    
>  build-i386-xsm                                               pass    
>  build-amd64-xtf                                              pass    
>  build-amd64                                                  pass    
>  build-arm64                                                  pass    
>  build-armhf                                                  pass    
>  build-i386                                                   pass    
>  build-amd64-libvirt                                          pass    
>  build-arm64-libvirt                                          pass    
>  build-armhf-libvirt                                          pass    
>  build-i386-libvirt                                           pass    
>  build-amd64-prev                                             pass    
>  build-i386-prev                                              pass    
>  build-amd64-pvops                                            pass    
>  build-arm64-pvops                                            pass    
>  build-armhf-pvops                                            pass    
>  build-i386-pvops                                             pass    
>  build-amd64-rumprun                                          pass    
>  build-i386-rumprun                                           pass    
>  test-xtf-amd64-amd64-1                                       pass    
>  test-xtf-amd64-amd64-2                                       pass    
>  test-xtf-amd64-amd64-3                                       pass    
>  test-xtf-amd64-amd64-4                                       pass    
>  test-xtf-amd64-amd64-5                                       pass    
>  test-amd64-amd64-xl                                          pass    
>  test-arm64-arm64-xl                                          pass    
>  test-armhf-armhf-xl                                          pass    
>  test-amd64-i386-xl                                           pass    
>  test-amd64-amd64-xl-qemut-debianhvm-amd64-xsm                pass    
>  test-amd64-i386-xl-qemut-debianhvm-amd64-xsm                 pass    
>  test-amd64-amd64-libvirt-qemuu-debianhvm-amd64-xsm           pass    
>  test-amd64-i386-libvirt-qemuu-debianhvm-amd64-xsm            pass    
>  test-amd64-amd64-xl-qemuu-debianhvm-amd64-xsm                pass    
>  test-amd64-i386-xl-qemuu-debianhvm-amd64-xsm                 pass    
>  test-amd64-amd64-xl-qemut-stubdom-debianhvm-amd64-xsm        pass    
>  test-amd64-i386-xl-qemut-stubdom-debianhvm-amd64-xsm         pass    
>  test-amd64-amd64-libvirt-xsm                                 pass    
>  test-arm64-arm64-libvirt-xsm                                 pass    
>  test-armhf-armhf-libvirt-xsm                                 pass    
>  test-amd64-i386-libvirt-xsm                                  pass    
>  test-amd64-amd64-xl-xsm                                      pass    
>  test-arm64-arm64-xl-xsm                                      pass    
>  test-armhf-armhf-xl-xsm                                      pass    
>  test-amd64-i386-xl-xsm                                       pass    
>  test-amd64-amd64-qemuu-nested-amd                            fail    
>  test-amd64-amd64-xl-pvhv2-amd                                fail    
>  test-amd64-i386-qemut-rhel6hvm-amd                           pass    
>  test-amd64-i386-qemuu-rhel6hvm-amd                           pass    
>  test-amd64-amd64-xl-qemut-debianhvm-amd64                    pass    
>  test-amd64-i386-xl-qemut-debianhvm-amd64                     pass    
>  test-amd64-amd64-xl-qemuu-debianhvm-amd64                    pass    
>  test-amd64-i386-xl-qemuu-debianhvm-amd64                     pass    
>  test-amd64-i386-freebsd10-amd64                              pass    
>  test-amd64-amd64-xl-qemuu-ovmf-amd64                         pass    
>  test-amd64-i386-xl-qemuu-ovmf-amd64                          pass    
>  test-amd64-amd64-rumprun-amd64                               pass    
>  test-amd64-amd64-xl-qemut-win7-amd64                         fail    
>  test-amd64-i386-xl-qemut-win7-amd64                          fail    
>  test-amd64-amd64-xl-qemuu-win7-amd64                         fail    
>  test-amd64-i386-xl-qemuu-win7-amd64                          fail    
>  test-amd64-amd64-xl-qemut-ws16-amd64                         fail    
>  test-amd64-i386-xl-qemut-ws16-amd64                          fail    
>  test-amd64-amd64-xl-qemuu-ws16-amd64                         fail    
>  test-amd64-i386-xl-qemuu-ws16-amd64                          fail    
>  test-armhf-armhf-xl-arndale                                  pass    
>  test-amd64-amd64-xl-credit2                                  pass    
>  test-arm64-arm64-xl-credit2                                  pass    
>  test-armhf-armhf-xl-credit2                                  fail    
>  test-armhf-armhf-xl-cubietruck                               pass    
>  test-amd64-amd64-examine                                     pass    
>  test-arm64-arm64-examine                                     pass    
>  test-armhf-armhf-examine                                     pass    
>  test-amd64-i386-examine                                      pass    
>  test-amd64-i386-freebsd10-i386                               pass    
>  test-amd64-i386-rumprun-i386                                 pass    
>  test-amd64-amd64-xl-qemut-win10-i386                         fail    
>  test-amd64-i386-xl-qemut-win10-i386                          fail    
>  test-amd64-amd64-xl-qemuu-win10-i386                         fail    
>  test-amd64-i386-xl-qemuu-win10-i386                          fail    
>  test-amd64-amd64-qemuu-nested-intel                          pass    
>  test-amd64-amd64-xl-pvhv2-intel                              fail    
>  test-amd64-i386-qemut-rhel6hvm-intel                         pass    
>  test-amd64-i386-qemuu-rhel6hvm-intel                         pass    
>  test-amd64-amd64-libvirt                                     pass    
>  test-armhf-armhf-libvirt                                     pass    
>  test-amd64-i386-libvirt                                      pass    
>  test-amd64-amd64-livepatch                                   pass    
>  test-amd64-i386-livepatch                                    pass    
>  test-amd64-amd64-migrupgrade                                 pass    
>  test-amd64-i386-migrupgrade                                  pass    
>  test-amd64-amd64-xl-multivcpu                                pass    
>  test-armhf-armhf-xl-multivcpu                                pass    
>  test-amd64-amd64-pair                                        pass    
>  test-amd64-i386-pair                                         pass    
>  test-amd64-amd64-libvirt-pair                                pass    
>  test-amd64-i386-libvirt-pair                                 pass    
>  test-amd64-amd64-amd64-pvgrub                                pass    
>  test-amd64-amd64-i386-pvgrub                                 pass    
>  test-amd64-amd64-pygrub                                      pass    
>  test-amd64-amd64-xl-qcow2                                    pass    
>  test-armhf-armhf-libvirt-raw                                 pass    
>  test-amd64-i386-xl-raw                                       pass    
>  test-amd64-amd64-xl-rtds                                     pass    
>  test-armhf-armhf-xl-rtds                                     pass    
>  test-amd64-amd64-libvirt-vhd                                 pass    
>  test-armhf-armhf-xl-vhd                                      pass    
>
>
> ------------------------------------------------------------
> sg-report-flight on osstest.test-lab.xenproject.org
> logs: /home/logs/logs
> images: /home/logs/images
>
> Logs, config files, etc. are available at
>     http://logs.test-lab.xenproject.org/osstest/logs
>
> Explanation of these reports, and of osstest in general, is at
>     http://xenbits.xen.org/gitweb/?p=osstest.git;a=blob;f=README.email;hb=master
>     http://xenbits.xen.org/gitweb/?p=osstest.git;a=blob;f=README;hb=master
>
> Test harness code can be found at
>     http://xenbits.xen.org/gitweb?p=osstest.git;a=summary
>
>
> Not pushing.
>
> (No revision log; it would be 2521 lines long.)
>
>
>
> _______________________________________________
> Xen-devel mailing list
> Xen-devel@lists.xenproject.org
> https://lists.xenproject.org/mailman/listinfo/xen-devel


[-- Attachment #1.2: Type: text/html, Size: 18256 bytes --]

[-- Attachment #2: Type: text/plain, Size: 157 bytes --]

_______________________________________________
Xen-devel mailing list
Xen-devel@lists.xenproject.org
https://lists.xenproject.org/mailman/listinfo/xen-devel

^ permalink raw reply	[flat|nested] 4+ messages in thread

* [xen-unstable test] 118423: regressions - FAIL
@ 2018-01-29 15:43 osstest service owner
  2018-01-28 16:06 ` [xen-unstable test] 118393: " osstest service owner
  0 siblings, 1 reply; 4+ messages in thread
From: osstest service owner @ 2018-01-29 15:43 UTC (permalink / raw)
  To: xen-devel, osstest-admin

[-- Attachment #1: Type: text/plain, Size: 14655 bytes --]

flight 118423 xen-unstable real [real]
http://logs.test-lab.xenproject.org/osstest/logs/118423/

Regressions :-(

Tests which did not succeed and are blocking,
including tests which could not be run:
 test-armhf-armhf-xl-credit2 16 guest-start/debian.repeat fail REGR. vs. 118174

Tests which are failing intermittently (not blocking):
 test-armhf-armhf-xl-rtds     17 guest-start.2              fail pass in 118393
 test-amd64-amd64-xl-qemut-ws16-amd64 16 guest-localmigrate/x10 fail pass in 118393

Tests which did not succeed, but are not blocking:
 test-amd64-amd64-xl-qemut-ws16-amd64 17 guest-stop  fail in 118393 like 118174
 test-armhf-armhf-libvirt     14 saverestore-support-check    fail  like 118174
 test-amd64-amd64-xl-qemuu-win7-amd64 17 guest-stop            fail like 118174
 test-amd64-i386-xl-qemut-win7-amd64 17 guest-stop             fail like 118174
 test-amd64-i386-xl-qemuu-win7-amd64 17 guest-stop             fail like 118174
 test-amd64-amd64-xl-qemuu-ws16-amd64 17 guest-stop            fail like 118174
 test-amd64-amd64-xl-qemut-win7-amd64 17 guest-stop            fail like 118174
 test-amd64-i386-xl-qemuu-ws16-amd64 17 guest-stop             fail like 118174
 test-armhf-armhf-libvirt-raw 13 saverestore-support-check    fail  like 118174
 test-armhf-armhf-libvirt-xsm 14 saverestore-support-check    fail  like 118174
 test-amd64-amd64-xl-pvhv2-intel 12 guest-start                 fail never pass
 test-amd64-amd64-xl-pvhv2-amd 12 guest-start                  fail  never pass
 test-amd64-i386-libvirt-xsm  13 migrate-support-check        fail   never pass
 test-amd64-i386-libvirt      13 migrate-support-check        fail   never pass
 test-arm64-arm64-xl-credit2  13 migrate-support-check        fail   never pass
 test-arm64-arm64-xl          13 migrate-support-check        fail   never pass
 test-arm64-arm64-xl-credit2  14 saverestore-support-check    fail   never pass
 test-arm64-arm64-xl          14 saverestore-support-check    fail   never pass
 test-arm64-arm64-xl-xsm      13 migrate-support-check        fail   never pass
 test-arm64-arm64-xl-xsm      14 saverestore-support-check    fail   never pass
 test-arm64-arm64-libvirt-xsm 13 migrate-support-check        fail   never pass
 test-arm64-arm64-libvirt-xsm 14 saverestore-support-check    fail   never pass
 test-amd64-amd64-libvirt-xsm 13 migrate-support-check        fail   never pass
 test-amd64-amd64-libvirt     13 migrate-support-check        fail   never pass
 test-amd64-amd64-libvirt-qemuu-debianhvm-amd64-xsm 11 migrate-support-check fail never pass
 test-amd64-i386-libvirt-qemuu-debianhvm-amd64-xsm 11 migrate-support-check fail never pass
 test-amd64-amd64-qemuu-nested-amd 17 debian-hvm-install/l1/l2  fail never pass
 test-amd64-amd64-libvirt-vhd 12 migrate-support-check        fail   never pass
 test-armhf-armhf-xl          13 migrate-support-check        fail   never pass
 test-armhf-armhf-xl          14 saverestore-support-check    fail   never pass
 test-armhf-armhf-xl-multivcpu 13 migrate-support-check        fail  never pass
 test-armhf-armhf-xl-credit2  13 migrate-support-check        fail   never pass
 test-armhf-armhf-xl-multivcpu 14 saverestore-support-check    fail  never pass
 test-armhf-armhf-xl-credit2  14 saverestore-support-check    fail   never pass
 test-armhf-armhf-libvirt     13 migrate-support-check        fail   never pass
 test-armhf-armhf-xl-rtds     13 migrate-support-check        fail   never pass
 test-armhf-armhf-xl-rtds     14 saverestore-support-check    fail   never pass
 test-armhf-armhf-xl-cubietruck 13 migrate-support-check        fail never pass
 test-armhf-armhf-xl-xsm      13 migrate-support-check        fail   never pass
 test-armhf-armhf-xl-cubietruck 14 saverestore-support-check    fail never pass
 test-armhf-armhf-xl-xsm      14 saverestore-support-check    fail   never pass
 test-armhf-armhf-libvirt-raw 12 migrate-support-check        fail   never pass
 test-armhf-armhf-xl-arndale  13 migrate-support-check        fail   never pass
 test-armhf-armhf-xl-arndale  14 saverestore-support-check    fail   never pass
 test-armhf-armhf-libvirt-xsm 13 migrate-support-check        fail   never pass
 test-amd64-i386-xl-qemut-ws16-amd64 17 guest-stop              fail never pass
 test-amd64-i386-xl-qemuu-win10-i386 10 windows-install         fail never pass
 test-amd64-amd64-xl-qemuu-win10-i386 10 windows-install        fail never pass
 test-amd64-amd64-xl-qemut-win10-i386 10 windows-install        fail never pass
 test-amd64-i386-xl-qemut-win10-i386 10 windows-install         fail never pass
 test-armhf-armhf-xl-vhd      12 migrate-support-check        fail   never pass
 test-armhf-armhf-xl-vhd      13 saverestore-support-check    fail   never pass

version targeted for testing:
 xen                  4c7e478d597b0346eef3a256cfd6794ac778b608
baseline version:
 xen                  e871e80c38547d9faefc6604532ba3e985e65873

Last test of basis   118174  2018-01-17 17:13:00 Z   11 days
Failing since        118230  2018-01-19 14:22:44 Z   10 days   11 attempts
Testing same since   118393  2018-01-27 16:25:36 Z    1 days    2 attempts

------------------------------------------------------------
People who touched revisions under test:
  Andrew Cooper <andrew.cooper3@citrix.com>
  Anthony Liguori <aliguori@amazon.com>
  Bob Moore <robert.moore@intel.com>
  Daniel De Graaf <dgdegra@tycho.nsa.gov>
  Daniel Kiper <daniel.kiper@oracle.com>
  David Scott <dave@recoil.org>
  Doug Goldstein <cardoe@cardoe.com>
  George Dunlap <george.dunlap@citrix.com>
  Ian Jackson <Ian.Jackson@eu.citrix.com>
  Jan Beulich <jbeulich@suse.com>
  Jon Ludlam <jonathan.ludlam@citrix.com>
  Jonathan Ludlam <jonathan.ludlam@citrix.com>
  Juergen Gross <jgross@suse.com>
  Julien Grall <julien.grall@linaro.org>
  Kevin Tian <kevin.tian@intel.com>
  Lv Zheng <lv.zheng@intel.com>
  Michael Young <m.a.young@durham.ac.uk>
  Oleksandr Grytsov <oleksandr_grytsov@epam.com>
  Paul Durrant <paul.durrant@citrix.com>
  Rafael J. Wysocki <rafael.j.wysocki@intel.com>
  Roger Pau Monne <roger.pau@citrix.com>
  Roger Pau Monné <roger.pau@citrix.com>
  Ross Lagerwall <ross.lagerwall@citrix.com>
  Sergey Dyasli <sergey.dyasli@citrix.com>
  Stefano Stabellini <sstabellini@kernel.org>
  Tim Deegan <tim@xen.org>
  Wei Liu <wei.liu2@citrix.com>
  Yi Sun <yi.y.sun@linux.intel.com>

jobs:
 build-amd64-xsm                                              pass    
 build-arm64-xsm                                              pass    
 build-armhf-xsm                                              pass    
 build-i386-xsm                                               pass    
 build-amd64-xtf                                              pass    
 build-amd64                                                  pass    
 build-arm64                                                  pass    
 build-armhf                                                  pass    
 build-i386                                                   pass    
 build-amd64-libvirt                                          pass    
 build-arm64-libvirt                                          pass    
 build-armhf-libvirt                                          pass    
 build-i386-libvirt                                           pass    
 build-amd64-prev                                             pass    
 build-i386-prev                                              pass    
 build-amd64-pvops                                            pass    
 build-arm64-pvops                                            pass    
 build-armhf-pvops                                            pass    
 build-i386-pvops                                             pass    
 build-amd64-rumprun                                          pass    
 build-i386-rumprun                                           pass    
 test-xtf-amd64-amd64-1                                       pass    
 test-xtf-amd64-amd64-2                                       pass    
 test-xtf-amd64-amd64-3                                       pass    
 test-xtf-amd64-amd64-4                                       pass    
 test-xtf-amd64-amd64-5                                       pass    
 test-amd64-amd64-xl                                          pass    
 test-arm64-arm64-xl                                          pass    
 test-armhf-armhf-xl                                          pass    
 test-amd64-i386-xl                                           pass    
 test-amd64-amd64-xl-qemut-debianhvm-amd64-xsm                pass    
 test-amd64-i386-xl-qemut-debianhvm-amd64-xsm                 pass    
 test-amd64-amd64-libvirt-qemuu-debianhvm-amd64-xsm           pass    
 test-amd64-i386-libvirt-qemuu-debianhvm-amd64-xsm            pass    
 test-amd64-amd64-xl-qemuu-debianhvm-amd64-xsm                pass    
 test-amd64-i386-xl-qemuu-debianhvm-amd64-xsm                 pass    
 test-amd64-amd64-xl-qemut-stubdom-debianhvm-amd64-xsm        pass    
 test-amd64-i386-xl-qemut-stubdom-debianhvm-amd64-xsm         pass    
 test-amd64-amd64-libvirt-xsm                                 pass    
 test-arm64-arm64-libvirt-xsm                                 pass    
 test-armhf-armhf-libvirt-xsm                                 pass    
 test-amd64-i386-libvirt-xsm                                  pass    
 test-amd64-amd64-xl-xsm                                      pass    
 test-arm64-arm64-xl-xsm                                      pass    
 test-armhf-armhf-xl-xsm                                      pass    
 test-amd64-i386-xl-xsm                                       pass    
 test-amd64-amd64-qemuu-nested-amd                            fail    
 test-amd64-amd64-xl-pvhv2-amd                                fail    
 test-amd64-i386-qemut-rhel6hvm-amd                           pass    
 test-amd64-i386-qemuu-rhel6hvm-amd                           pass    
 test-amd64-amd64-xl-qemut-debianhvm-amd64                    pass    
 test-amd64-i386-xl-qemut-debianhvm-amd64                     pass    
 test-amd64-amd64-xl-qemuu-debianhvm-amd64                    pass    
 test-amd64-i386-xl-qemuu-debianhvm-amd64                     pass    
 test-amd64-i386-freebsd10-amd64                              pass    
 test-amd64-amd64-xl-qemuu-ovmf-amd64                         pass    
 test-amd64-i386-xl-qemuu-ovmf-amd64                          pass    
 test-amd64-amd64-rumprun-amd64                               pass    
 test-amd64-amd64-xl-qemut-win7-amd64                         fail    
 test-amd64-i386-xl-qemut-win7-amd64                          fail    
 test-amd64-amd64-xl-qemuu-win7-amd64                         fail    
 test-amd64-i386-xl-qemuu-win7-amd64                          fail    
 test-amd64-amd64-xl-qemut-ws16-amd64                         fail    
 test-amd64-i386-xl-qemut-ws16-amd64                          fail    
 test-amd64-amd64-xl-qemuu-ws16-amd64                         fail    
 test-amd64-i386-xl-qemuu-ws16-amd64                          fail    
 test-armhf-armhf-xl-arndale                                  pass    
 test-amd64-amd64-xl-credit2                                  pass    
 test-arm64-arm64-xl-credit2                                  pass    
 test-armhf-armhf-xl-credit2                                  fail    
 test-armhf-armhf-xl-cubietruck                               pass    
 test-amd64-amd64-examine                                     pass    
 test-arm64-arm64-examine                                     pass    
 test-armhf-armhf-examine                                     pass    
 test-amd64-i386-examine                                      pass    
 test-amd64-i386-freebsd10-i386                               pass    
 test-amd64-i386-rumprun-i386                                 pass    
 test-amd64-amd64-xl-qemut-win10-i386                         fail    
 test-amd64-i386-xl-qemut-win10-i386                          fail    
 test-amd64-amd64-xl-qemuu-win10-i386                         fail    
 test-amd64-i386-xl-qemuu-win10-i386                          fail    
 test-amd64-amd64-qemuu-nested-intel                          pass    
 test-amd64-amd64-xl-pvhv2-intel                              fail    
 test-amd64-i386-qemut-rhel6hvm-intel                         pass    
 test-amd64-i386-qemuu-rhel6hvm-intel                         pass    
 test-amd64-amd64-libvirt                                     pass    
 test-armhf-armhf-libvirt                                     pass    
 test-amd64-i386-libvirt                                      pass    
 test-amd64-amd64-livepatch                                   pass    
 test-amd64-i386-livepatch                                    pass    
 test-amd64-amd64-migrupgrade                                 pass    
 test-amd64-i386-migrupgrade                                  pass    
 test-amd64-amd64-xl-multivcpu                                pass    
 test-armhf-armhf-xl-multivcpu                                pass    
 test-amd64-amd64-pair                                        pass    
 test-amd64-i386-pair                                         pass    
 test-amd64-amd64-libvirt-pair                                pass    
 test-amd64-i386-libvirt-pair                                 pass    
 test-amd64-amd64-amd64-pvgrub                                pass    
 test-amd64-amd64-i386-pvgrub                                 pass    
 test-amd64-amd64-pygrub                                      pass    
 test-amd64-amd64-xl-qcow2                                    pass    
 test-armhf-armhf-libvirt-raw                                 pass    
 test-amd64-i386-xl-raw                                       pass    
 test-amd64-amd64-xl-rtds                                     pass    
 test-armhf-armhf-xl-rtds                                     fail    
 test-amd64-amd64-libvirt-vhd                                 pass    
 test-armhf-armhf-xl-vhd                                      pass    


------------------------------------------------------------
sg-report-flight on osstest.test-lab.xenproject.org
logs: /home/logs/logs
images: /home/logs/images

Logs, config files, etc. are available at
    http://logs.test-lab.xenproject.org/osstest/logs

Explanation of these reports, and of osstest in general, is at
    http://xenbits.xen.org/gitweb/?p=osstest.git;a=blob;f=README.email;hb=master
    http://xenbits.xen.org/gitweb/?p=osstest.git;a=blob;f=README;hb=master

Test harness code can be found at
    http://xenbits.xen.org/gitweb?p=osstest.git;a=summary


Not pushing.

(No revision log; it would be 2521 lines long.)


[-- Attachment #2: Type: text/plain, Size: 157 bytes --]

_______________________________________________
Xen-devel mailing list
Xen-devel@lists.xenproject.org
https://lists.xenproject.org/mailman/listinfo/xen-devel

^ permalink raw reply	[flat|nested] 4+ messages in thread

* Re: [xen-unstable test] 118393: regressions - FAIL [and 1 more messages]
  2018-01-29 13:45   ` Andrew Cooper
@ 2018-01-29 16:04     ` Ian Jackson
  0 siblings, 0 replies; 4+ messages in thread
From: Ian Jackson @ 2018-01-29 16:04 UTC (permalink / raw)
  To: osstest service owner, Andrew Cooper
  Cc: Juergen Gross, Julien Grall, xen-devel

Andrew Cooper writes ("Re: [Xen-devel] [xen-unstable test] 118393: regressions - FAIL"):
> Force push candidate?  This looks to be the known set/way issue.
...

osstest service owner writes ("[xen-unstable test] 118423: regressions - FAIL"):
> flight 118423 xen-unstable real [real]
> http://logs.test-lab.xenproject.org/osstest/logs/118423/
> 
> Regressions :-(
> 
> Tests which did not succeed and are blocking,
> including tests which could not be run:
>  test-armhf-armhf-xl-credit2 16 guest-start/debian.repeat fail REGR. vs. 118174
> 
...
> version targeted for testing:
>  xen                  4c7e478d597b0346eef3a256cfd6794ac778b608

I agree, and I have force pushed this.

Ian.

_______________________________________________
Xen-devel mailing list
Xen-devel@lists.xenproject.org
https://lists.xenproject.org/mailman/listinfo/xen-devel

^ permalink raw reply	[flat|nested] 4+ messages in thread

end of thread, other threads:[~2018-01-29 16:04 UTC | newest]

Thread overview: 4+ messages (download: mbox.gz follow: Atom feed
-- links below jump to the message on this page --
2018-01-29 15:43 [xen-unstable test] 118423: regressions - FAIL osstest service owner
2018-01-28 16:06 ` [xen-unstable test] 118393: " osstest service owner
2018-01-29 13:45   ` Andrew Cooper
2018-01-29 16:04     ` [xen-unstable test] 118393: regressions - FAIL [and 1 more messages] Ian Jackson

This is a public inbox, see mirroring instructions
for how to clone and mirror all data and code used for this inbox;
as well as URLs for NNTP newsgroup(s).