* [libvirt test] 118447: tolerable all pass - PUSHED
@ 2018-01-31 6:22 osstest service owner
0 siblings, 0 replies; only message in thread
From: osstest service owner @ 2018-01-31 6:22 UTC (permalink / raw)
To: xen-devel, osstest-admin
flight 118447 libvirt real [real]
http://logs.test-lab.xenproject.org/osstest/logs/118447/
Failures :-/ but no regressions.
Tests which did not succeed, but are not blocking:
test-armhf-armhf-libvirt-xsm 14 saverestore-support-check fail like 118394
test-armhf-armhf-libvirt 14 saverestore-support-check fail like 118394
test-armhf-armhf-libvirt-raw 13 saverestore-support-check fail like 118394
test-amd64-i386-libvirt 13 migrate-support-check fail never pass
test-amd64-i386-libvirt-xsm 13 migrate-support-check fail never pass
test-amd64-amd64-libvirt 13 migrate-support-check fail never pass
test-amd64-amd64-libvirt-xsm 13 migrate-support-check fail never pass
test-arm64-arm64-libvirt-xsm 13 migrate-support-check fail never pass
test-arm64-arm64-libvirt 13 migrate-support-check fail never pass
test-arm64-arm64-libvirt-xsm 14 saverestore-support-check fail never pass
test-arm64-arm64-libvirt 14 saverestore-support-check fail never pass
test-amd64-amd64-libvirt-qemuu-debianhvm-amd64-xsm 11 migrate-support-check fail never pass
test-arm64-arm64-libvirt-qcow2 12 migrate-support-check fail never pass
test-arm64-arm64-libvirt-qcow2 13 saverestore-support-check fail never pass
test-amd64-i386-libvirt-qemuu-debianhvm-amd64-xsm 11 migrate-support-check fail never pass
test-amd64-amd64-libvirt-vhd 12 migrate-support-check fail never pass
test-armhf-armhf-libvirt-xsm 13 migrate-support-check fail never pass
test-armhf-armhf-libvirt 13 migrate-support-check fail never pass
test-armhf-armhf-libvirt-raw 12 migrate-support-check fail never pass
version targeted for testing:
libvirt f2e16994f7d660a54daba1059441dc0dcf4d9cbd
baseline version:
libvirt 614be3b8827604c730856d8c90f0854f76df9fcc
Last test of basis 118394 2018-01-27 18:32:49 Z 3 days
Testing same since 118447 2018-01-30 04:20:27 Z 1 days 1 attempts
------------------------------------------------------------
People who touched revisions under test:
Andrea Bolognani <abologna@redhat.com>
Erik Skultety <eskultet@redhat.com>
John Ferlan <jferlan@redhat.com>
Julio Faracco <jcfaracco@gmail.com>
Kashyap Chamarthy <kchamart@redhat.com>
Martin Kletzander <mkletzan@redhat.com>
Michal Privoznik <mprivozn@redhat.com>
jobs:
build-amd64-xsm pass
build-arm64-xsm pass
build-armhf-xsm pass
build-i386-xsm pass
build-amd64 pass
build-arm64 pass
build-armhf pass
build-i386 pass
build-amd64-libvirt pass
build-arm64-libvirt pass
build-armhf-libvirt pass
build-i386-libvirt pass
build-amd64-pvops pass
build-arm64-pvops pass
build-armhf-pvops pass
build-i386-pvops pass
test-amd64-amd64-libvirt-qemuu-debianhvm-amd64-xsm pass
test-amd64-i386-libvirt-qemuu-debianhvm-amd64-xsm pass
test-amd64-amd64-libvirt-xsm pass
test-arm64-arm64-libvirt-xsm pass
test-armhf-armhf-libvirt-xsm pass
test-amd64-i386-libvirt-xsm pass
test-amd64-amd64-libvirt pass
test-arm64-arm64-libvirt pass
test-armhf-armhf-libvirt pass
test-amd64-i386-libvirt pass
test-amd64-amd64-libvirt-pair pass
test-amd64-i386-libvirt-pair pass
test-arm64-arm64-libvirt-qcow2 pass
test-armhf-armhf-libvirt-raw pass
test-amd64-amd64-libvirt-vhd pass
------------------------------------------------------------
sg-report-flight on osstest.test-lab.xenproject.org
logs: /home/logs/logs
images: /home/logs/images
Logs, config files, etc. are available at
http://logs.test-lab.xenproject.org/osstest/logs
Explanation of these reports, and of osstest in general, is at
http://xenbits.xen.org/gitweb/?p=osstest.git;a=blob;f=README.email;hb=master
http://xenbits.xen.org/gitweb/?p=osstest.git;a=blob;f=README;hb=master
Test harness code can be found at
http://xenbits.xen.org/gitweb?p=osstest.git;a=summary
Pushing revision :
To xenbits.xen.org:/home/xen/git/libvirt.git
614be3b882..f2e16994f7 f2e16994f7d660a54daba1059441dc0dcf4d9cbd -> xen-tested-master
_______________________________________________
Xen-devel mailing list
Xen-devel@lists.xenproject.org
https://lists.xenproject.org/mailman/listinfo/xen-devel
^ permalink raw reply [flat|nested] only message in thread
only message in thread, other threads:[~2018-01-31 6:22 UTC | newest]
Thread overview: (only message) (download: mbox.gz follow: Atom feed
-- links below jump to the message on this page --
2018-01-31 6:22 [libvirt test] 118447: tolerable all pass - PUSHED osstest service owner
This is a public inbox, see mirroring instructions
for how to clone and mirror all data and code used for this inbox;
as well as URLs for NNTP newsgroup(s).