From: osstest service owner <osstest-admin@xenproject.org>
To: xen-devel@lists.xensource.com, osstest-admin@xenproject.org
Subject: [qemu-mainline test] 118449: tolerable FAIL - PUSHED
Date: Wed, 31 Jan 2018 09:50:21 +0000 [thread overview]
Message-ID: <osstest-118449-mainreport@xen.org> (raw)
[-- Attachment #1: Type: text/plain, Size: 11187 bytes --]
flight 118449 qemu-mainline real [real]
http://logs.test-lab.xenproject.org/osstest/logs/118449/
Failures :-/ but no regressions.
Tests which did not succeed, but are not blocking:
test-armhf-armhf-libvirt-xsm 14 saverestore-support-check fail like 118411
test-armhf-armhf-libvirt 14 saverestore-support-check fail like 118411
test-amd64-amd64-xl-qemuu-win7-amd64 17 guest-stop fail like 118411
test-amd64-i386-xl-qemuu-win7-amd64 17 guest-stop fail like 118411
test-armhf-armhf-libvirt-raw 13 saverestore-support-check fail like 118411
test-amd64-amd64-xl-qemuu-ws16-amd64 17 guest-stop fail like 118411
test-amd64-amd64-xl-pvhv2-intel 12 guest-start fail never pass
test-amd64-amd64-xl-pvhv2-amd 12 guest-start fail never pass
test-amd64-amd64-libvirt 13 migrate-support-check fail never pass
test-amd64-amd64-libvirt-xsm 13 migrate-support-check fail never pass
test-amd64-i386-libvirt 13 migrate-support-check fail never pass
test-amd64-i386-libvirt-xsm 13 migrate-support-check fail never pass
test-arm64-arm64-xl 13 migrate-support-check fail never pass
test-arm64-arm64-xl-credit2 13 migrate-support-check fail never pass
test-arm64-arm64-xl 14 saverestore-support-check fail never pass
test-arm64-arm64-xl-credit2 14 saverestore-support-check fail never pass
test-arm64-arm64-xl-xsm 13 migrate-support-check fail never pass
test-arm64-arm64-xl-xsm 14 saverestore-support-check fail never pass
test-arm64-arm64-libvirt-xsm 13 migrate-support-check fail never pass
test-arm64-arm64-libvirt-xsm 14 saverestore-support-check fail never pass
test-amd64-amd64-libvirt-qemuu-debianhvm-amd64-xsm 11 migrate-support-check fail never pass
test-amd64-i386-libvirt-qemuu-debianhvm-amd64-xsm 11 migrate-support-check fail never pass
test-armhf-armhf-xl-arndale 13 migrate-support-check fail never pass
test-armhf-armhf-xl-arndale 14 saverestore-support-check fail never pass
test-amd64-amd64-qemuu-nested-amd 17 debian-hvm-install/l1/l2 fail never pass
test-amd64-amd64-libvirt-vhd 12 migrate-support-check fail never pass
test-armhf-armhf-xl-xsm 13 migrate-support-check fail never pass
test-armhf-armhf-xl-xsm 14 saverestore-support-check fail never pass
test-armhf-armhf-libvirt-xsm 13 migrate-support-check fail never pass
test-armhf-armhf-xl-multivcpu 13 migrate-support-check fail never pass
test-armhf-armhf-libvirt 13 migrate-support-check fail never pass
test-armhf-armhf-xl-multivcpu 14 saverestore-support-check fail never pass
test-armhf-armhf-xl-credit2 13 migrate-support-check fail never pass
test-armhf-armhf-xl-rtds 13 migrate-support-check fail never pass
test-armhf-armhf-xl-credit2 14 saverestore-support-check fail never pass
test-armhf-armhf-xl-rtds 14 saverestore-support-check fail never pass
test-armhf-armhf-xl-cubietruck 13 migrate-support-check fail never pass
test-armhf-armhf-xl-cubietruck 14 saverestore-support-check fail never pass
test-armhf-armhf-xl 13 migrate-support-check fail never pass
test-armhf-armhf-xl 14 saverestore-support-check fail never pass
test-armhf-armhf-libvirt-raw 12 migrate-support-check fail never pass
test-armhf-armhf-xl-vhd 12 migrate-support-check fail never pass
test-armhf-armhf-xl-vhd 13 saverestore-support-check fail never pass
test-amd64-i386-xl-qemuu-ws16-amd64 17 guest-stop fail never pass
test-amd64-amd64-xl-qemuu-win10-i386 10 windows-install fail never pass
test-amd64-i386-xl-qemuu-win10-i386 10 windows-install fail never pass
version targeted for testing:
qemuu 30d9fefe1aca1e92c785214aa9201fd7c2287d56
baseline version:
qemuu e607bbee553cfe73072870cef458cfa4e78133e2
Last test of basis 118411 2018-01-28 07:17:23 Z 3 days
Failing since 118436 2018-01-29 10:11:34 Z 1 days 2 attempts
Testing same since 118449 2018-01-30 06:22:08 Z 1 days 1 attempts
------------------------------------------------------------
People who touched revisions under test:
Cédric Le Goater <clg@kaod.org>
Daniel P. Berrange <berrange@redhat.com>
David Gibson <david@gibson.dropbear.id.au>
Edgar Kaziakhmedov <edgar.kaziakhmedov@virtuozzo.com>
Eric Blake <eblake@redhat.com>
Gerd Hoffmann <kraxel@redhat.com>
Greg Kurz <groug@kaod.org>
Jason Wang <jasowang@redhat.com>
Li Zhijian <lizhijian@cn.fujitsu.com>
Mao Zhongyi <maozy.fnst@cn.fujitsu.com>
Mark Cave-Ayland <mark.cave-ayland@ilande.co.uk>
Miika S <miika9764@gmail.com>
Peter Maydell <peter.maydell@linaro.org>
Philippe Mathieu-Daudé <f4bug@amsat.org>
Prasad J Pandit <pjp@fedoraproject.org>
Suraj Jitindar Singh <sjitindarsingh@gmail.com>
Thomas Huth <thuth@redhat.com>
thuth@redhat.com <thuth@redhat.com>
Vladimir Sementsov-Ogievskiy <vsementsov@virtuozzo.com>
Zhang Chen <zhangckid@gmail.com>
jobs:
build-amd64-xsm pass
build-arm64-xsm pass
build-armhf-xsm pass
build-i386-xsm pass
build-amd64 pass
build-arm64 pass
build-armhf pass
build-i386 pass
build-amd64-libvirt pass
build-arm64-libvirt pass
build-armhf-libvirt pass
build-i386-libvirt pass
build-amd64-pvops pass
build-arm64-pvops pass
build-armhf-pvops pass
build-i386-pvops pass
test-amd64-amd64-xl pass
test-arm64-arm64-xl pass
test-armhf-armhf-xl pass
test-amd64-i386-xl pass
test-amd64-amd64-libvirt-qemuu-debianhvm-amd64-xsm pass
test-amd64-i386-libvirt-qemuu-debianhvm-amd64-xsm pass
test-amd64-amd64-xl-qemuu-debianhvm-amd64-xsm pass
test-amd64-i386-xl-qemuu-debianhvm-amd64-xsm pass
test-amd64-amd64-libvirt-xsm pass
test-arm64-arm64-libvirt-xsm pass
test-armhf-armhf-libvirt-xsm pass
test-amd64-i386-libvirt-xsm pass
test-amd64-amd64-xl-xsm pass
test-arm64-arm64-xl-xsm pass
test-armhf-armhf-xl-xsm pass
test-amd64-i386-xl-xsm pass
test-amd64-amd64-qemuu-nested-amd fail
test-amd64-amd64-xl-pvhv2-amd fail
test-amd64-i386-qemuu-rhel6hvm-amd pass
test-amd64-amd64-xl-qemuu-debianhvm-amd64 pass
test-amd64-i386-xl-qemuu-debianhvm-amd64 pass
test-amd64-i386-freebsd10-amd64 pass
test-amd64-amd64-xl-qemuu-ovmf-amd64 pass
test-amd64-i386-xl-qemuu-ovmf-amd64 pass
test-amd64-amd64-xl-qemuu-win7-amd64 fail
test-amd64-i386-xl-qemuu-win7-amd64 fail
test-amd64-amd64-xl-qemuu-ws16-amd64 fail
test-amd64-i386-xl-qemuu-ws16-amd64 fail
test-armhf-armhf-xl-arndale pass
test-amd64-amd64-xl-credit2 pass
test-arm64-arm64-xl-credit2 pass
test-armhf-armhf-xl-credit2 pass
test-armhf-armhf-xl-cubietruck pass
test-amd64-i386-freebsd10-i386 pass
test-amd64-amd64-xl-qemuu-win10-i386 fail
test-amd64-i386-xl-qemuu-win10-i386 fail
test-amd64-amd64-qemuu-nested-intel pass
test-amd64-amd64-xl-pvhv2-intel fail
test-amd64-i386-qemuu-rhel6hvm-intel pass
test-amd64-amd64-libvirt pass
test-armhf-armhf-libvirt pass
test-amd64-i386-libvirt pass
test-amd64-amd64-xl-multivcpu pass
test-armhf-armhf-xl-multivcpu pass
test-amd64-amd64-pair pass
test-amd64-i386-pair pass
test-amd64-amd64-libvirt-pair pass
test-amd64-i386-libvirt-pair pass
test-amd64-amd64-amd64-pvgrub pass
test-amd64-amd64-i386-pvgrub pass
test-amd64-amd64-pygrub pass
test-amd64-amd64-xl-qcow2 pass
test-armhf-armhf-libvirt-raw pass
test-amd64-i386-xl-raw pass
test-amd64-amd64-xl-rtds pass
test-armhf-armhf-xl-rtds pass
test-amd64-amd64-libvirt-vhd pass
test-armhf-armhf-xl-vhd pass
------------------------------------------------------------
sg-report-flight on osstest.test-lab.xenproject.org
logs: /home/logs/logs
images: /home/logs/images
Logs, config files, etc. are available at
http://logs.test-lab.xenproject.org/osstest/logs
Explanation of these reports, and of osstest in general, is at
http://xenbits.xen.org/gitweb/?p=osstest.git;a=blob;f=README.email;hb=master
http://xenbits.xen.org/gitweb/?p=osstest.git;a=blob;f=README;hb=master
Test harness code can be found at
http://xenbits.xen.org/gitweb?p=osstest.git;a=summary
Pushing revision :
To xenbits.xen.org:/home/xen/git/qemu-xen.git
e607bbee55..30d9fefe1a 30d9fefe1aca1e92c785214aa9201fd7c2287d56 -> upstream-tested
[-- Attachment #2: Type: text/plain, Size: 157 bytes --]
_______________________________________________
Xen-devel mailing list
Xen-devel@lists.xenproject.org
https://lists.xenproject.org/mailman/listinfo/xen-devel
reply other threads:[~2018-01-31 9:50 UTC|newest]
Thread overview: [no followups] expand[flat|nested] mbox.gz Atom feed
Reply instructions:
You may reply publicly to this message via plain-text email
using any one of the following methods:
* Save the following mbox file, import it into your mail client,
and reply-to-all from there: mbox
Avoid top-posting and favor interleaved quoting:
https://en.wikipedia.org/wiki/Posting_style#Interleaved_style
* Reply using the --to, --cc, and --in-reply-to
switches of git-send-email(1):
git send-email \
--in-reply-to=osstest-118449-mainreport@xen.org \
--to=osstest-admin@xenproject.org \
--cc=xen-devel@lists.xensource.com \
/path/to/YOUR_REPLY
https://kernel.org/pub/software/scm/git/docs/git-send-email.html
* If your mail client supports setting the In-Reply-To header
via mailto: links, try the mailto: link
Be sure your reply has a Subject: header at the top and a blank line
before the message body.
This is a public inbox, see mirroring instructions
for how to clone and mirror all data and code used for this inbox;
as well as URLs for NNTP newsgroup(s).