From mboxrd@z Thu Jan 1 00:00:00 1970 From: osstest service owner Subject: [libvirt test] 118632: tolerable all pass - PUSHED Date: Wed, 07 Feb 2018 13:00:24 +0000 Message-ID: Mime-Version: 1.0 Content-Type: multipart/mixed; boundary="===============4536093455118737851==" Return-path: Received: from us1-rack-dfw2.inumbo.com ([104.130.134.6]) by lists.xenproject.org with esmtp (Exim 4.84_2) (envelope-from ) id 1ejPL1-00056k-29 for xen-devel@lists.xenproject.org; Wed, 07 Feb 2018 13:00:35 +0000 List-Unsubscribe: , List-Post: List-Help: List-Subscribe: , Errors-To: xen-devel-bounces@lists.xenproject.org Sender: "Xen-devel" To: xen-devel@lists.xenproject.org, osstest-admin@xenproject.org List-Id: xen-devel@lists.xenproject.org --===============4536093455118737851== Content-Type: text/plain flight 118632 libvirt real [real] http://logs.test-lab.xenproject.org/osstest/logs/118632/ Failures :-/ but no regressions. Tests which did not succeed, but are not blocking: test-armhf-armhf-libvirt 14 saverestore-support-check fail like 118605 test-armhf-armhf-libvirt-xsm 14 saverestore-support-check fail like 118605 test-armhf-armhf-libvirt-raw 13 saverestore-support-check fail like 118605 test-amd64-amd64-libvirt-xsm 13 migrate-support-check fail never pass test-amd64-amd64-libvirt 13 migrate-support-check fail never pass test-amd64-i386-libvirt-xsm 13 migrate-support-check fail never pass test-amd64-i386-libvirt 13 migrate-support-check fail never pass test-arm64-arm64-libvirt 13 migrate-support-check fail never pass test-arm64-arm64-libvirt 14 saverestore-support-check fail never pass test-arm64-arm64-libvirt-xsm 13 migrate-support-check fail never pass test-arm64-arm64-libvirt-xsm 14 saverestore-support-check fail never pass test-amd64-amd64-libvirt-qemuu-debianhvm-amd64-xsm 11 migrate-support-check fail never pass test-amd64-i386-libvirt-qemuu-debianhvm-amd64-xsm 11 migrate-support-check fail never pass test-arm64-arm64-libvirt-qcow2 12 migrate-support-check fail never pass test-arm64-arm64-libvirt-qcow2 13 saverestore-support-check fail never pass test-amd64-amd64-libvirt-vhd 12 migrate-support-check fail never pass test-armhf-armhf-libvirt 13 migrate-support-check fail never pass test-armhf-armhf-libvirt-xsm 13 migrate-support-check fail never pass test-armhf-armhf-libvirt-raw 12 migrate-support-check fail never pass version targeted for testing: libvirt 7edcbd02aa088ee0fb721f9cc34d28089b779267 baseline version: libvirt cb775a51a0eb953635c8e35689b8b1f3cce0d381 Last test of basis 118605 2018-02-06 04:20:10 Z 1 days Testing same since 118632 2018-02-07 04:20:36 Z 0 days 1 attempts ------------------------------------------------------------ People who touched revisions under test: Christian Ehrhardt Guido Günther John Ferlan Shivaprasad G Bhat jobs: build-amd64-xsm pass build-arm64-xsm pass build-armhf-xsm pass build-i386-xsm pass build-amd64 pass build-arm64 pass build-armhf pass build-i386 pass build-amd64-libvirt pass build-arm64-libvirt pass build-armhf-libvirt pass build-i386-libvirt pass build-amd64-pvops pass build-arm64-pvops pass build-armhf-pvops pass build-i386-pvops pass test-amd64-amd64-libvirt-qemuu-debianhvm-amd64-xsm pass test-amd64-i386-libvirt-qemuu-debianhvm-amd64-xsm pass test-amd64-amd64-libvirt-xsm pass test-arm64-arm64-libvirt-xsm pass test-armhf-armhf-libvirt-xsm pass test-amd64-i386-libvirt-xsm pass test-amd64-amd64-libvirt pass test-arm64-arm64-libvirt pass test-armhf-armhf-libvirt pass test-amd64-i386-libvirt pass test-amd64-amd64-libvirt-pair pass test-amd64-i386-libvirt-pair pass test-arm64-arm64-libvirt-qcow2 pass test-armhf-armhf-libvirt-raw pass test-amd64-amd64-libvirt-vhd pass ------------------------------------------------------------ sg-report-flight on osstest.test-lab.xenproject.org logs: /home/logs/logs images: /home/logs/images Logs, config files, etc. are available at http://logs.test-lab.xenproject.org/osstest/logs Explanation of these reports, and of osstest in general, is at http://xenbits.xen.org/gitweb/?p=osstest.git;a=blob;f=README.email;hb=master http://xenbits.xen.org/gitweb/?p=osstest.git;a=blob;f=README;hb=master Test harness code can be found at http://xenbits.xen.org/gitweb?p=osstest.git;a=summary Pushing revision : To xenbits.xen.org:/home/xen/git/libvirt.git cb775a51a0..7edcbd02aa 7edcbd02aa088ee0fb721f9cc34d28089b779267 -> xen-tested-master --===============4536093455118737851== Content-Type: text/plain; charset="utf-8" MIME-Version: 1.0 Content-Transfer-Encoding: base64 Content-Disposition: inline X19fX19fX19fX19fX19fX19fX19fX19fX19fX19fX19fX19fX19fX19fX19fX18KWGVuLWRldmVs IG1haWxpbmcgbGlzdApYZW4tZGV2ZWxAbGlzdHMueGVucHJvamVjdC5vcmcKaHR0cHM6Ly9saXN0 cy54ZW5wcm9qZWN0Lm9yZy9tYWlsbWFuL2xpc3RpbmZvL3hlbi1kZXZlbA== --===============4536093455118737851==--