* [xen-unstable test] 118633: trouble: broken/fail/pass
@ 2018-02-07 19:14 osstest service owner
0 siblings, 0 replies; only message in thread
From: osstest service owner @ 2018-02-07 19:14 UTC (permalink / raw)
To: xen-devel, osstest-admin
flight 118633 xen-unstable real [real]
http://logs.test-lab.xenproject.org/osstest/logs/118633/
Failures and problems with tests :-(
Tests which did not succeed and are blocking,
including tests which could not be run:
test-amd64-i386-xl-qemuu-debianhvm-amd64-xsm <job status> broken
test-amd64-i386-xl-qemuu-debianhvm-amd64-xsm 4 host-install(4) broken REGR. vs. 118607
Tests which did not succeed, but are not blocking:
test-armhf-armhf-libvirt-xsm 14 saverestore-support-check fail like 118607
test-armhf-armhf-libvirt 14 saverestore-support-check fail like 118607
test-amd64-amd64-xl-qemut-win7-amd64 17 guest-stop fail like 118607
test-amd64-amd64-xl-qemuu-win7-amd64 17 guest-stop fail like 118607
test-amd64-i386-xl-qemut-win7-amd64 17 guest-stop fail like 118607
test-amd64-i386-xl-qemuu-win7-amd64 17 guest-stop fail like 118607
test-amd64-amd64-xl-qemuu-ws16-amd64 17 guest-stop fail like 118607
test-amd64-i386-xl-qemuu-ws16-amd64 17 guest-stop fail like 118607
test-amd64-amd64-xl-qemut-ws16-amd64 17 guest-stop fail like 118607
test-armhf-armhf-libvirt-raw 13 saverestore-support-check fail like 118607
test-amd64-amd64-xl-pvhv2-intel 12 guest-start fail never pass
test-amd64-amd64-xl-pvhv2-amd 12 guest-start fail never pass
test-amd64-i386-libvirt 13 migrate-support-check fail never pass
test-amd64-amd64-libvirt-xsm 13 migrate-support-check fail never pass
test-amd64-i386-libvirt-xsm 13 migrate-support-check fail never pass
test-arm64-arm64-xl-xsm 13 migrate-support-check fail never pass
test-arm64-arm64-xl-credit2 13 migrate-support-check fail never pass
test-arm64-arm64-xl-xsm 14 saverestore-support-check fail never pass
test-arm64-arm64-xl 13 migrate-support-check fail never pass
test-arm64-arm64-xl-credit2 14 saverestore-support-check fail never pass
test-arm64-arm64-xl 14 saverestore-support-check fail never pass
test-amd64-amd64-libvirt 13 migrate-support-check fail never pass
test-amd64-i386-libvirt-qemuu-debianhvm-amd64-xsm 11 migrate-support-check fail never pass
test-amd64-amd64-libvirt-qemuu-debianhvm-amd64-xsm 11 migrate-support-check fail never pass
test-amd64-amd64-qemuu-nested-amd 17 debian-hvm-install/l1/l2 fail never pass
test-amd64-amd64-libvirt-vhd 12 migrate-support-check fail never pass
test-armhf-armhf-xl 13 migrate-support-check fail never pass
test-armhf-armhf-xl 14 saverestore-support-check fail never pass
test-armhf-armhf-xl-xsm 13 migrate-support-check fail never pass
test-armhf-armhf-xl-xsm 14 saverestore-support-check fail never pass
test-armhf-armhf-libvirt-xsm 13 migrate-support-check fail never pass
test-armhf-armhf-xl-rtds 13 migrate-support-check fail never pass
test-armhf-armhf-libvirt 13 migrate-support-check fail never pass
test-armhf-armhf-xl-rtds 14 saverestore-support-check fail never pass
test-armhf-armhf-xl-cubietruck 13 migrate-support-check fail never pass
test-armhf-armhf-xl-cubietruck 14 saverestore-support-check fail never pass
test-armhf-armhf-xl-multivcpu 13 migrate-support-check fail never pass
test-armhf-armhf-xl-multivcpu 14 saverestore-support-check fail never pass
test-armhf-armhf-xl-credit2 13 migrate-support-check fail never pass
test-armhf-armhf-xl-credit2 14 saverestore-support-check fail never pass
test-arm64-arm64-libvirt-xsm 13 migrate-support-check fail never pass
test-arm64-arm64-libvirt-xsm 14 saverestore-support-check fail never pass
test-armhf-armhf-xl-arndale 13 migrate-support-check fail never pass
test-armhf-armhf-xl-arndale 14 saverestore-support-check fail never pass
test-amd64-i386-xl-qemut-ws16-amd64 17 guest-stop fail never pass
test-armhf-armhf-libvirt-raw 12 migrate-support-check fail never pass
test-armhf-armhf-xl-vhd 12 migrate-support-check fail never pass
test-armhf-armhf-xl-vhd 13 saverestore-support-check fail never pass
test-amd64-amd64-xl-qemuu-win10-i386 10 windows-install fail never pass
test-amd64-amd64-xl-qemut-win10-i386 10 windows-install fail never pass
test-amd64-i386-xl-qemut-win10-i386 10 windows-install fail never pass
test-amd64-i386-xl-qemuu-win10-i386 10 windows-install fail never pass
version targeted for testing:
xen 30cbd0c83ef3d0edac2d5bcc41a9a2b7a843ae58
baseline version:
xen 1c3545eeaf4ac6f8d5db5a52c29c112694bcd4f0
Last test of basis 118607 2018-02-06 05:47:11 Z 1 days
Failing since 118622 2018-02-06 19:15:37 Z 0 days 2 attempts
Testing same since 118633 2018-02-07 06:20:37 Z 0 days 1 attempts
------------------------------------------------------------
People who touched revisions under test:
Andrew Cooper <andrew.cooper3@citrix.com>
Jan Beulich <jbeulich@suse.com>
Razvan Cojocaru <rcojocaru@bitdefender.com>
Tamas K Lengyel <tamas@tklengyel.com>
Wei Liu <wei.liu2@citrix.com>
Zhongze Liu <blackskygg@gmail.com>
jobs:
build-amd64-xsm pass
build-arm64-xsm pass
build-armhf-xsm pass
build-i386-xsm pass
build-amd64-xtf pass
build-amd64 pass
build-arm64 pass
build-armhf pass
build-i386 pass
build-amd64-libvirt pass
build-arm64-libvirt pass
build-armhf-libvirt pass
build-i386-libvirt pass
build-amd64-prev pass
build-i386-prev pass
build-amd64-pvops pass
build-arm64-pvops pass
build-armhf-pvops pass
build-i386-pvops pass
build-amd64-rumprun pass
build-i386-rumprun pass
test-xtf-amd64-amd64-1 pass
test-xtf-amd64-amd64-2 pass
test-xtf-amd64-amd64-3 pass
test-xtf-amd64-amd64-4 pass
test-xtf-amd64-amd64-5 pass
test-amd64-amd64-xl pass
test-arm64-arm64-xl pass
test-armhf-armhf-xl pass
test-amd64-i386-xl pass
test-amd64-amd64-xl-qemut-debianhvm-amd64-xsm pass
test-amd64-i386-xl-qemut-debianhvm-amd64-xsm pass
test-amd64-amd64-libvirt-qemuu-debianhvm-amd64-xsm pass
test-amd64-i386-libvirt-qemuu-debianhvm-amd64-xsm pass
test-amd64-amd64-xl-qemuu-debianhvm-amd64-xsm pass
test-amd64-i386-xl-qemuu-debianhvm-amd64-xsm broken
test-amd64-amd64-xl-qemut-stubdom-debianhvm-amd64-xsm pass
test-amd64-i386-xl-qemut-stubdom-debianhvm-amd64-xsm pass
test-amd64-amd64-libvirt-xsm pass
test-arm64-arm64-libvirt-xsm pass
test-armhf-armhf-libvirt-xsm pass
test-amd64-i386-libvirt-xsm pass
test-amd64-amd64-xl-xsm pass
test-arm64-arm64-xl-xsm pass
test-armhf-armhf-xl-xsm pass
test-amd64-i386-xl-xsm pass
test-amd64-amd64-qemuu-nested-amd fail
test-amd64-amd64-xl-pvhv2-amd fail
test-amd64-i386-qemut-rhel6hvm-amd pass
test-amd64-i386-qemuu-rhel6hvm-amd pass
test-amd64-amd64-xl-qemut-debianhvm-amd64 pass
test-amd64-i386-xl-qemut-debianhvm-amd64 pass
test-amd64-amd64-xl-qemuu-debianhvm-amd64 pass
test-amd64-i386-xl-qemuu-debianhvm-amd64 pass
test-amd64-i386-freebsd10-amd64 pass
test-amd64-amd64-xl-qemuu-ovmf-amd64 pass
test-amd64-i386-xl-qemuu-ovmf-amd64 pass
test-amd64-amd64-rumprun-amd64 pass
test-amd64-amd64-xl-qemut-win7-amd64 fail
test-amd64-i386-xl-qemut-win7-amd64 fail
test-amd64-amd64-xl-qemuu-win7-amd64 fail
test-amd64-i386-xl-qemuu-win7-amd64 fail
test-amd64-amd64-xl-qemut-ws16-amd64 fail
test-amd64-i386-xl-qemut-ws16-amd64 fail
test-amd64-amd64-xl-qemuu-ws16-amd64 fail
test-amd64-i386-xl-qemuu-ws16-amd64 fail
test-armhf-armhf-xl-arndale pass
test-amd64-amd64-xl-credit2 pass
test-arm64-arm64-xl-credit2 pass
test-armhf-armhf-xl-credit2 pass
test-armhf-armhf-xl-cubietruck pass
test-amd64-amd64-examine pass
test-arm64-arm64-examine pass
test-armhf-armhf-examine pass
test-amd64-i386-examine pass
test-amd64-i386-freebsd10-i386 pass
test-amd64-i386-rumprun-i386 pass
test-amd64-amd64-xl-qemut-win10-i386 fail
test-amd64-i386-xl-qemut-win10-i386 fail
test-amd64-amd64-xl-qemuu-win10-i386 fail
test-amd64-i386-xl-qemuu-win10-i386 fail
test-amd64-amd64-qemuu-nested-intel pass
test-amd64-amd64-xl-pvhv2-intel fail
test-amd64-i386-qemut-rhel6hvm-intel pass
test-amd64-i386-qemuu-rhel6hvm-intel pass
test-amd64-amd64-libvirt pass
test-armhf-armhf-libvirt pass
test-amd64-i386-libvirt pass
test-amd64-amd64-livepatch pass
test-amd64-i386-livepatch pass
test-amd64-amd64-migrupgrade pass
test-amd64-i386-migrupgrade pass
test-amd64-amd64-xl-multivcpu pass
test-armhf-armhf-xl-multivcpu pass
test-amd64-amd64-pair pass
test-amd64-i386-pair pass
test-amd64-amd64-libvirt-pair pass
test-amd64-i386-libvirt-pair pass
test-amd64-amd64-amd64-pvgrub pass
test-amd64-amd64-i386-pvgrub pass
test-amd64-amd64-pygrub pass
test-amd64-amd64-xl-qcow2 pass
test-armhf-armhf-libvirt-raw pass
test-amd64-i386-xl-raw pass
test-amd64-amd64-xl-rtds pass
test-armhf-armhf-xl-rtds pass
test-amd64-amd64-libvirt-vhd pass
test-armhf-armhf-xl-vhd pass
------------------------------------------------------------
sg-report-flight on osstest.test-lab.xenproject.org
logs: /home/logs/logs
images: /home/logs/images
Logs, config files, etc. are available at
http://logs.test-lab.xenproject.org/osstest/logs
Explanation of these reports, and of osstest in general, is at
http://xenbits.xen.org/gitweb/?p=osstest.git;a=blob;f=README.email;hb=master
http://xenbits.xen.org/gitweb/?p=osstest.git;a=blob;f=README;hb=master
Test harness code can be found at
http://xenbits.xen.org/gitweb?p=osstest.git;a=summary
broken-job test-amd64-i386-xl-qemuu-debianhvm-amd64-xsm broken
broken-step test-amd64-i386-xl-qemuu-debianhvm-amd64-xsm host-install(4)
Not pushing.
------------------------------------------------------------
commit 30cbd0c83ef3d0edac2d5bcc41a9a2b7a843ae58
Author: Andrew Cooper <andrew.cooper3@citrix.com>
Date: Tue Feb 6 13:45:17 2018 +0000
x86/spec_ctrl: Fix determination of when to use IBRS
The original version of this logic was:
/*
* On Intel hardware, we'd like to use retpoline in preference to
* IBRS, but only if it is safe on this hardware.
*/
else if ( boot_cpu_has(X86_FEATURE_IBRSB) )
{
if ( retpoline_safe() )
thunk = THUNK_RETPOLINE;
else
ibrs = true;
}
but it was changed by a request during review. Sadly, the result is buggy as
it breaks the later fallback logic by allowing IBRS to appear as available
when in fact it isn't.
This in practice means that on repoline-unsafe hardware without IBRS, we
select THUNK_JUMP despite intending to select THUNK_RETPOLINE.
Reported-by: Zhenzhong Duan <zhenzhong.duan@oracle.com>
Signed-off-by: Andrew Cooper <andrew.cooper3@citrix.com>
Reviewed-by: Jan Beulich <jbeulich@suse.com>
commit bb3b88f894e7e1b3a8be3a2b7ea514a8046b4e67
Author: Zhongze Liu <blackskygg@gmail.com>
Date: Wed Jan 31 01:50:18 2018 +0800
libxc: add xc_domain_remove_from_physmap to wrap XENMEM_remove_from_physmap
This is for the proposal "Allow setting up shared memory areas between VMs
from xl config file". See:
https://lists.xen.org/archives/html/xen-devel/2017-08/msg03242.html
Then plan is to use XENMEM_add_to_physmap_batch to map the shared pages from
one domU to another and use XENMEM_remove_from_physmap to cancel the sharing.
A wrapper to XENMEM_add_to_physmap_batch was added in the following commit:
commit 20e725e9364cff4a29945f66986ecd88cca8743d
Now add the wrapper to XENMEM_remove_from_physmap.
Signed-off-by: Zhongze Liu <blackskygg@gmail.com>
Reviewed-by: Stefano Stabellini <sstabellini@kernel.org>
Acked-by: Wei Liu <wei.liu2@citrix.com>
commit d87cfb59b42832920f4cf3392dccfa5b8736b699
Author: Razvan Cojocaru <rcojocaru@bitdefender.com>
Date: Mon Jan 29 23:48:24 2018 +0200
tests/xen-access: disable CR4 write events on application exit
On exit, xen-access did not unsubscribe from CR4 write vm_events,
potentially leaving the guest stuck.
Signed-off-by: Razvan Cojocaru <rcojocaru@bitdefender.com>
Acked-by: Tamas K Lengyel <tamas@tklengyel.com>
commit 309e0509b7363a895362fcbeac823562c3e18def
Author: Jan Beulich <jbeulich@suse.com>
Date: Tue Feb 6 17:29:59 2018 +0100
x86/NMI: invert condition in nmi_show_execution_state()
We want to decode the symbol when _not_ in guest mode.
Signed-off-by: Jan Beulich <jbeulich@suse.com>
Reviewed-by: Andrew Cooper <andrew.cooper3@citrix.com>
commit d0115f96ea633fd6d668f2c067785912c0ad4c00
Author: Jan Beulich <jbeulich@suse.com>
Date: Tue Feb 6 17:29:33 2018 +0100
libxc: don't fail domain creation when unpacking initrd fails
At least Linux kernels have been able to work with gzip-ed initrd for
quite some time; initrd compressed with other methods aren't even being
attempted to unpack. Furthermore the unzip-ing routine used here isn't
capable of dealing with various forms of concatenated files, each of
which was gzip-ed separately (it is this particular case which has been
the source of observed VM creation failures).
Hence, if unpacking fails, simply hand the compressed blob to the guest
as is.
Signed-off-by: Jan Beulich <jbeulich@suse.com>
Acked-by: Wei Liu <wei.liu2@citrix.com>
(qemu changes not included)
_______________________________________________
Xen-devel mailing list
Xen-devel@lists.xenproject.org
https://lists.xenproject.org/mailman/listinfo/xen-devel
^ permalink raw reply [flat|nested] only message in thread
only message in thread, other threads:[~2018-02-07 19:15 UTC | newest]
Thread overview: (only message) (download: mbox.gz follow: Atom feed
-- links below jump to the message on this page --
2018-02-07 19:14 [xen-unstable test] 118633: trouble: broken/fail/pass osstest service owner
This is a public inbox, see mirroring instructions
for how to clone and mirror all data and code used for this inbox;
as well as URLs for NNTP newsgroup(s).