From mboxrd@z Thu Jan 1 00:00:00 1970 From: osstest service owner Subject: [xen-unstable-smoke test] 118660: tolerable all pass - PUSHED Date: Wed, 07 Feb 2018 20:20:42 +0000 Message-ID: Mime-Version: 1.0 Content-Type: multipart/mixed; boundary="===============6803939280868554832==" Return-path: Received: from all-amaz-eas1.inumbo.com ([34.197.232.57]) by lists.xenproject.org with esmtp (Exim 4.84_2) (envelope-from ) id 1ejWDA-0001YO-Dx for xen-devel@lists.xenproject.org; Wed, 07 Feb 2018 20:20:56 +0000 List-Unsubscribe: , List-Post: List-Help: List-Subscribe: , Errors-To: xen-devel-bounces@lists.xenproject.org Sender: "Xen-devel" To: xen-devel@lists.xenproject.org, osstest-admin@xenproject.org List-Id: xen-devel@lists.xenproject.org --===============6803939280868554832== Content-Type: text/plain flight 118660 xen-unstable-smoke real [real] http://logs.test-lab.xenproject.org/osstest/logs/118660/ Failures :-/ but no regressions. Tests which did not succeed, but are not blocking: test-amd64-amd64-libvirt 13 migrate-support-check fail never pass test-arm64-arm64-xl-xsm 13 migrate-support-check fail never pass test-arm64-arm64-xl-xsm 14 saverestore-support-check fail never pass test-armhf-armhf-xl 13 migrate-support-check fail never pass test-armhf-armhf-xl 14 saverestore-support-check fail never pass version targeted for testing: xen 6222e7cbaa1ed75dd8f9d90cfa394a49fed0be2c baseline version: xen 66c4f0c47fd80d1133c24865f95d4f0c59ef9bce Last test of basis 118650 2018-02-07 15:01:17 Z 0 days Testing same since 118660 2018-02-07 18:01:41 Z 0 days 1 attempts ------------------------------------------------------------ People who touched revisions under test: Andrew Cooper George Dunlap Jan Beulich Roger Pau Monné Wei Liu jobs: build-arm64-xsm pass build-amd64 pass build-armhf pass build-amd64-libvirt pass test-armhf-armhf-xl pass test-arm64-arm64-xl-xsm pass test-amd64-amd64-xl-qemuu-debianhvm-i386 pass test-amd64-amd64-libvirt pass ------------------------------------------------------------ sg-report-flight on osstest.test-lab.xenproject.org logs: /home/logs/logs images: /home/logs/images Logs, config files, etc. are available at http://logs.test-lab.xenproject.org/osstest/logs Explanation of these reports, and of osstest in general, is at http://xenbits.xen.org/gitweb/?p=osstest.git;a=blob;f=README.email;hb=master http://xenbits.xen.org/gitweb/?p=osstest.git;a=blob;f=README;hb=master Test harness code can be found at http://xenbits.xen.org/gitweb?p=osstest.git;a=summary Pushing revision : To xenbits.xen.org:/home/xen/git/xen.git 66c4f0c47f..6222e7cbaa 6222e7cbaa1ed75dd8f9d90cfa394a49fed0be2c -> smoke --===============6803939280868554832== Content-Type: text/plain; charset="utf-8" MIME-Version: 1.0 Content-Transfer-Encoding: base64 Content-Disposition: inline X19fX19fX19fX19fX19fX19fX19fX19fX19fX19fX19fX19fX19fX19fX19fX18KWGVuLWRldmVs IG1haWxpbmcgbGlzdApYZW4tZGV2ZWxAbGlzdHMueGVucHJvamVjdC5vcmcKaHR0cHM6Ly9saXN0 cy54ZW5wcm9qZWN0Lm9yZy9tYWlsbWFuL2xpc3RpbmZvL3hlbi1kZXZlbA== --===============6803939280868554832==--