From mboxrd@z Thu Jan 1 00:00:00 1970 From: osstest service owner Subject: [xen-unstable-smoke test] 118995: tolerable all pass - PUSHED Date: Mon, 12 Feb 2018 14:04:30 +0000 Message-ID: Mime-Version: 1.0 Content-Type: multipart/mixed; boundary="===============4210734216028906092==" Return-path: Received: from all-amaz-eas1.inumbo.com ([34.197.232.57]) by lists.xenproject.org with esmtp (Exim 4.84_2) (envelope-from ) id 1elEiq-0007Fl-3q for xen-devel@lists.xenproject.org; Mon, 12 Feb 2018 14:04:44 +0000 List-Unsubscribe: , List-Post: List-Help: List-Subscribe: , Errors-To: xen-devel-bounces@lists.xenproject.org Sender: "Xen-devel" To: xen-devel@lists.xenproject.org, osstest-admin@xenproject.org List-Id: xen-devel@lists.xenproject.org --===============4210734216028906092== Content-Type: text/plain flight 118995 xen-unstable-smoke real [real] http://logs.test-lab.xenproject.org/osstest/logs/118995/ Failures :-/ but no regressions. Tests which did not succeed, but are not blocking: test-amd64-amd64-libvirt 13 migrate-support-check fail never pass test-arm64-arm64-xl-xsm 13 migrate-support-check fail never pass test-arm64-arm64-xl-xsm 14 saverestore-support-check fail never pass test-armhf-armhf-xl 13 migrate-support-check fail never pass test-armhf-armhf-xl 14 saverestore-support-check fail never pass version targeted for testing: xen 8b1a5268daf0ff1ddca49d2e683e5bfabf6b9988 baseline version: xen c9d46c6fba9496478fa9f42c4bbebce8a191527d Last test of basis 118713 2018-02-09 01:02:02 Z 3 days Testing same since 118995 2018-02-12 12:02:43 Z 0 days 1 attempts ------------------------------------------------------------ People who touched revisions under test: Andrew Cooper Haozhong Zhang Kevin Tian Roger Pau Monne Roger Pau Monné Wei Liu jobs: build-arm64-xsm pass build-amd64 pass build-armhf pass build-amd64-libvirt pass test-armhf-armhf-xl pass test-arm64-arm64-xl-xsm pass test-amd64-amd64-xl-qemuu-debianhvm-i386 pass test-amd64-amd64-libvirt pass ------------------------------------------------------------ sg-report-flight on osstest.test-lab.xenproject.org logs: /home/logs/logs images: /home/logs/images Logs, config files, etc. are available at http://logs.test-lab.xenproject.org/osstest/logs Explanation of these reports, and of osstest in general, is at http://xenbits.xen.org/gitweb/?p=osstest.git;a=blob;f=README.email;hb=master http://xenbits.xen.org/gitweb/?p=osstest.git;a=blob;f=README;hb=master Test harness code can be found at http://xenbits.xen.org/gitweb?p=osstest.git;a=summary Pushing revision : To xenbits.xen.org:/home/xen/git/xen.git c9d46c6fba..8b1a5268da 8b1a5268daf0ff1ddca49d2e683e5bfabf6b9988 -> smoke --===============4210734216028906092== Content-Type: text/plain; charset="utf-8" MIME-Version: 1.0 Content-Transfer-Encoding: base64 Content-Disposition: inline X19fX19fX19fX19fX19fX19fX19fX19fX19fX19fX19fX19fX19fX19fX19fX18KWGVuLWRldmVs IG1haWxpbmcgbGlzdApYZW4tZGV2ZWxAbGlzdHMueGVucHJvamVjdC5vcmcKaHR0cHM6Ly9saXN0 cy54ZW5wcm9qZWN0Lm9yZy9tYWlsbWFuL2xpc3RpbmZvL3hlbi1kZXZlbA== --===============4210734216028906092==--