* [qemu-mainline test] 119000: regressions - FAIL
@ 2018-02-13 0:15 osstest service owner
0 siblings, 0 replies; only message in thread
From: osstest service owner @ 2018-02-13 0:15 UTC (permalink / raw)
To: xen-devel, osstest-admin
flight 119000 qemu-mainline real [real]
http://logs.test-lab.xenproject.org/osstest/logs/119000/
Regressions :-(
Tests which did not succeed and are blocking,
including tests which could not be run:
test-amd64-i386-xl-qemuu-ovmf-amd64 15 guest-saverestore.2 fail REGR. vs. 118942
Tests which did not succeed, but are not blocking:
test-armhf-armhf-libvirt-xsm 14 saverestore-support-check fail like 118942
test-armhf-armhf-libvirt 14 saverestore-support-check fail like 118942
test-amd64-amd64-xl-qemuu-win7-amd64 17 guest-stop fail like 118942
test-amd64-i386-xl-qemuu-win7-amd64 17 guest-stop fail like 118942
test-armhf-armhf-libvirt-raw 13 saverestore-support-check fail like 118942
test-amd64-amd64-xl-qemuu-ws16-amd64 17 guest-stop fail like 118942
test-amd64-amd64-xl-pvhv2-intel 12 guest-start fail never pass
test-amd64-amd64-xl-pvhv2-amd 12 guest-start fail never pass
test-amd64-i386-libvirt-xsm 13 migrate-support-check fail never pass
test-amd64-i386-libvirt 13 migrate-support-check fail never pass
test-amd64-amd64-libvirt 13 migrate-support-check fail never pass
test-amd64-amd64-libvirt-xsm 13 migrate-support-check fail never pass
test-arm64-arm64-xl 13 migrate-support-check fail never pass
test-arm64-arm64-xl-xsm 13 migrate-support-check fail never pass
test-arm64-arm64-xl 14 saverestore-support-check fail never pass
test-arm64-arm64-xl-xsm 14 saverestore-support-check fail never pass
test-arm64-arm64-libvirt-xsm 13 migrate-support-check fail never pass
test-arm64-arm64-xl-credit2 13 migrate-support-check fail never pass
test-arm64-arm64-libvirt-xsm 14 saverestore-support-check fail never pass
test-arm64-arm64-xl-credit2 14 saverestore-support-check fail never pass
test-amd64-amd64-libvirt-qemuu-debianhvm-amd64-xsm 11 migrate-support-check fail never pass
test-amd64-i386-libvirt-qemuu-debianhvm-amd64-xsm 11 migrate-support-check fail never pass
test-amd64-amd64-qemuu-nested-amd 17 debian-hvm-install/l1/l2 fail never pass
test-armhf-armhf-libvirt-xsm 13 migrate-support-check fail never pass
test-armhf-armhf-xl-xsm 13 migrate-support-check fail never pass
test-armhf-armhf-xl-multivcpu 13 migrate-support-check fail never pass
test-armhf-armhf-xl-cubietruck 13 migrate-support-check fail never pass
test-armhf-armhf-xl-multivcpu 14 saverestore-support-check fail never pass
test-armhf-armhf-xl-xsm 14 saverestore-support-check fail never pass
test-armhf-armhf-xl-cubietruck 14 saverestore-support-check fail never pass
test-armhf-armhf-xl-credit2 13 migrate-support-check fail never pass
test-armhf-armhf-xl-credit2 14 saverestore-support-check fail never pass
test-armhf-armhf-libvirt 13 migrate-support-check fail never pass
test-armhf-armhf-xl-rtds 13 migrate-support-check fail never pass
test-armhf-armhf-xl-rtds 14 saverestore-support-check fail never pass
test-armhf-armhf-libvirt-raw 12 migrate-support-check fail never pass
test-armhf-armhf-xl-arndale 13 migrate-support-check fail never pass
test-armhf-armhf-xl-arndale 14 saverestore-support-check fail never pass
test-armhf-armhf-xl-vhd 12 migrate-support-check fail never pass
test-armhf-armhf-xl-vhd 13 saverestore-support-check fail never pass
test-armhf-armhf-xl 13 migrate-support-check fail never pass
test-armhf-armhf-xl 14 saverestore-support-check fail never pass
test-amd64-i386-xl-qemuu-ws16-amd64 17 guest-stop fail never pass
test-amd64-amd64-libvirt-vhd 12 migrate-support-check fail never pass
test-amd64-amd64-xl-qemuu-win10-i386 10 windows-install fail never pass
test-amd64-i386-xl-qemuu-win10-i386 10 windows-install fail never pass
version targeted for testing:
qemuu 019bb9ac98f51c3ce362978c6e0c82d853762aa0
baseline version:
qemuu c7b02d7d032d6022060e4b393827c963c93ce63f
Last test of basis 118942 2018-02-11 21:18:32 Z 1 days
Testing same since 119000 2018-02-12 13:17:55 Z 0 days 1 attempts
------------------------------------------------------------
People who touched revisions under test:
Eric Blake <eblake@redhat.com>
Peter Maydell <peter.maydell@linaro.org>
Vladimir Sementsov-Ogievskiy <vsementsov@virtuozzo.com>
jobs:
build-amd64-xsm pass
build-arm64-xsm pass
build-armhf-xsm pass
build-i386-xsm pass
build-amd64 pass
build-arm64 pass
build-armhf pass
build-i386 pass
build-amd64-libvirt pass
build-arm64-libvirt pass
build-armhf-libvirt pass
build-i386-libvirt pass
build-amd64-pvops pass
build-arm64-pvops pass
build-armhf-pvops pass
build-i386-pvops pass
test-amd64-amd64-xl pass
test-arm64-arm64-xl pass
test-armhf-armhf-xl pass
test-amd64-i386-xl pass
test-amd64-amd64-libvirt-qemuu-debianhvm-amd64-xsm pass
test-amd64-i386-libvirt-qemuu-debianhvm-amd64-xsm pass
test-amd64-amd64-xl-qemuu-debianhvm-amd64-xsm pass
test-amd64-i386-xl-qemuu-debianhvm-amd64-xsm pass
test-amd64-amd64-libvirt-xsm pass
test-arm64-arm64-libvirt-xsm pass
test-armhf-armhf-libvirt-xsm pass
test-amd64-i386-libvirt-xsm pass
test-amd64-amd64-xl-xsm pass
test-arm64-arm64-xl-xsm pass
test-armhf-armhf-xl-xsm pass
test-amd64-i386-xl-xsm pass
test-amd64-amd64-qemuu-nested-amd fail
test-amd64-amd64-xl-pvhv2-amd fail
test-amd64-i386-qemuu-rhel6hvm-amd pass
test-amd64-amd64-xl-qemuu-debianhvm-amd64 pass
test-amd64-i386-xl-qemuu-debianhvm-amd64 pass
test-amd64-i386-freebsd10-amd64 pass
test-amd64-amd64-xl-qemuu-ovmf-amd64 pass
test-amd64-i386-xl-qemuu-ovmf-amd64 fail
test-amd64-amd64-xl-qemuu-win7-amd64 fail
test-amd64-i386-xl-qemuu-win7-amd64 fail
test-amd64-amd64-xl-qemuu-ws16-amd64 fail
test-amd64-i386-xl-qemuu-ws16-amd64 fail
test-armhf-armhf-xl-arndale pass
test-amd64-amd64-xl-credit2 pass
test-arm64-arm64-xl-credit2 pass
test-armhf-armhf-xl-credit2 pass
test-armhf-armhf-xl-cubietruck pass
test-amd64-i386-freebsd10-i386 pass
test-amd64-amd64-xl-qemuu-win10-i386 fail
test-amd64-i386-xl-qemuu-win10-i386 fail
test-amd64-amd64-qemuu-nested-intel pass
test-amd64-amd64-xl-pvhv2-intel fail
test-amd64-i386-qemuu-rhel6hvm-intel pass
test-amd64-amd64-libvirt pass
test-armhf-armhf-libvirt pass
test-amd64-i386-libvirt pass
test-amd64-amd64-xl-multivcpu pass
test-armhf-armhf-xl-multivcpu pass
test-amd64-amd64-pair pass
test-amd64-i386-pair pass
test-amd64-amd64-libvirt-pair pass
test-amd64-i386-libvirt-pair pass
test-amd64-amd64-amd64-pvgrub pass
test-amd64-amd64-i386-pvgrub pass
test-amd64-amd64-pygrub pass
test-amd64-amd64-xl-qcow2 pass
test-armhf-armhf-libvirt-raw pass
test-amd64-i386-xl-raw pass
test-amd64-amd64-xl-rtds pass
test-armhf-armhf-xl-rtds pass
test-amd64-amd64-libvirt-vhd pass
test-armhf-armhf-xl-vhd pass
------------------------------------------------------------
sg-report-flight on osstest.test-lab.xenproject.org
logs: /home/logs/logs
images: /home/logs/images
Logs, config files, etc. are available at
http://logs.test-lab.xenproject.org/osstest/logs
Explanation of these reports, and of osstest in general, is at
http://xenbits.xen.org/gitweb/?p=osstest.git;a=blob;f=README.email;hb=master
http://xenbits.xen.org/gitweb/?p=osstest.git;a=blob;f=README;hb=master
Test harness code can be found at
http://xenbits.xen.org/gitweb?p=osstest.git;a=summary
Not pushing.
------------------------------------------------------------
commit 019bb9ac98f51c3ce362978c6e0c82d853762aa0
Merge: c7b02d7d03 e24d813b29
Author: Peter Maydell <peter.maydell@linaro.org>
Date: Mon Feb 12 09:36:28 2018 +0000
Merge remote-tracking branch 'remotes/ericb/tags/pull-nbd-2018-02-09' into staging
nbd patches for 2018-02-09
- Vladimir Sementsov-Ogievskiy: iotests: 205: support luks format
- Eric Blake: block: Simplify bdrv_can_write_zeroes_with_unmap()
# gpg: Signature made Fri 09 Feb 2018 18:34:20 GMT
# gpg: using RSA key A7A16B4A2527436A
# gpg: Good signature from "Eric Blake <eblake@redhat.com>"
# gpg: aka "Eric Blake (Free Software Programmer) <ebb9@byu.net>"
# gpg: aka "[jpeg image of size 6874]"
# Primary key fingerprint: 71C2 CC22 B1C4 6029 27D2 F3AA A7A1 6B4A 2527 436A
* remotes/ericb/tags/pull-nbd-2018-02-09:
block: Simplify bdrv_can_write_zeroes_with_unmap()
iotests: 205: support luks format
Signed-off-by: Peter Maydell <peter.maydell@linaro.org>
commit e24d813b29d3a478a9309078487efc8ce8599f22
Author: Eric Blake <eblake@redhat.com>
Date: Fri Jan 26 13:34:39 2018 -0600
block: Simplify bdrv_can_write_zeroes_with_unmap()
We don't need the can_write_zeroes_with_unmap field in
BlockDriverInfo, because it is redundant information with
supported_zero_flags & BDRV_REQ_MAY_UNMAP. Note that
BlockDriverInfo and supported_zero_flags are both per-device
settings, rather than global state about the driver as a
whole, which means one or both of these bits of information
can already be conditional. Let's audit how they were set:
crypto: always setting can_write_ to false is pointless (the
struct starts life zero-initialized), no use of supported_
nbd: just recently fixed to set can_write_ if supported_
includes MAY_UNMAP (thus this commit effectively reverts
bca80059e and solves the problem mentioned there in a more
global way)
file-posix, iscsi, qcow2: can_write_ is conditional, while
supported_ was unconditional; but passing MAY_UNMAP would
fail with ENOTSUP if the condition wasn't met
qed: can_write_ is unconditional, but pwrite_zeroes lacks
support for MAY_UNMAP and supported_ is not set. Perhaps
support can be added later (since it would be similar to
qcow2), but for now claiming false is no real loss
all other drivers: can_write_ is not set, and supported_ is
either unset or a passthrough
Simplify the code by moving the conditional into
supported_zero_flags for all drivers, then dropping the
now-unused BDI field. For callers that relied on
bdrv_can_write_zeroes_with_unmap(), we return the same
per-device settings for drivers that had conditions (no
observable change in behavior there); and can now return
true (instead of false) for drivers that support passthrough
(for example, the commit driver) which gives those drivers
the same fix as nbd just got in bca80059e. For callers that
relied on supported_zero_flags, we now have a few more places
that can avoid a wasted call to pwrite_zeroes() that will
just fail with ENOTSUP.
Suggested-by: Paolo Bonzini <pbonzini@redhat.com>
Signed-off-by: Eric Blake <eblake@redhat.com>
Message-Id: <20180126193439.20219-1-eblake@redhat.com>
Reviewed-by: Stefan Hajnoczi <stefanha@redhat.com>
commit 85a353a024dc8dcfbb3a3b8ec6061b1663d903d7
Author: Vladimir Sementsov-Ogievskiy <vsementsov@virtuozzo.com>
Date: Tue Feb 6 21:25:07 2018 +0300
iotests: 205: support luks format
Support default luks options in VM.add_drive and in new library
function qemu_img_create. Use it in 205 iotests.
Signed-off-by: Vladimir Sementsov-Ogievskiy <vsementsov@virtuozzo.com>
Message-Id: <20180206182507.21753-1-vsementsov@virtuozzo.com>
Reviewed-by: Daniel P. Berrange <berrange@redhat.com>
Signed-off-by: Eric Blake <eblake@redhat.com>
_______________________________________________
Xen-devel mailing list
Xen-devel@lists.xenproject.org
https://lists.xenproject.org/mailman/listinfo/xen-devel
^ permalink raw reply [flat|nested] only message in thread
only message in thread, other threads:[~2018-02-13 0:16 UTC | newest]
Thread overview: (only message) (download: mbox.gz follow: Atom feed
-- links below jump to the message on this page --
2018-02-13 0:15 [qemu-mainline test] 119000: regressions - FAIL osstest service owner
This is a public inbox, see mirroring instructions
for how to clone and mirror all data and code used for this inbox;
as well as URLs for NNTP newsgroup(s).