From mboxrd@z Thu Jan 1 00:00:00 1970 From: osstest service owner Subject: [qemu-mainline test] 119036: tolerable FAIL - PUSHED Date: Tue, 13 Feb 2018 13:38:55 +0000 Message-ID: Mime-Version: 1.0 Content-Type: multipart/mixed; boundary="===============6281500209877627083==" Return-path: Received: from all-amaz-eas1.inumbo.com ([34.197.232.57]) by lists.xenproject.org with esmtp (Exim 4.84_2) (envelope-from ) id 1eland-0005wa-7F for xen-devel@lists.xenproject.org; Tue, 13 Feb 2018 13:39:09 +0000 List-Unsubscribe: , List-Post: List-Help: List-Subscribe: , Errors-To: xen-devel-bounces@lists.xenproject.org Sender: "Xen-devel" To: xen-devel@lists.xenproject.org, osstest-admin@xenproject.org List-Id: xen-devel@lists.xenproject.org --===============6281500209877627083== Content-Type: text/plain flight 119036 qemu-mainline real [real] http://logs.test-lab.xenproject.org/osstest/logs/119036/ Failures :-/ but no regressions. Regressions which are regarded as allowable (not blocking): test-armhf-armhf-xl-rtds 16 guest-start/debian.repeat fail REGR. vs. 118942 Tests which did not succeed, but are not blocking: test-armhf-armhf-libvirt-xsm 14 saverestore-support-check fail like 118942 test-armhf-armhf-libvirt 14 saverestore-support-check fail like 118942 test-amd64-amd64-xl-qemuu-win7-amd64 17 guest-stop fail like 118942 test-amd64-i386-xl-qemuu-win7-amd64 17 guest-stop fail like 118942 test-armhf-armhf-libvirt-raw 13 saverestore-support-check fail like 118942 test-amd64-amd64-xl-qemuu-ws16-amd64 17 guest-stop fail like 118942 test-amd64-amd64-xl-pvhv2-intel 12 guest-start fail never pass test-amd64-amd64-xl-pvhv2-amd 12 guest-start fail never pass test-amd64-i386-libvirt-xsm 13 migrate-support-check fail never pass test-amd64-i386-libvirt 13 migrate-support-check fail never pass test-amd64-amd64-libvirt 13 migrate-support-check fail never pass test-amd64-amd64-libvirt-xsm 13 migrate-support-check fail never pass test-arm64-arm64-xl 13 migrate-support-check fail never pass test-arm64-arm64-xl-xsm 13 migrate-support-check fail never pass test-arm64-arm64-xl 14 saverestore-support-check fail never pass test-arm64-arm64-xl-xsm 14 saverestore-support-check fail never pass test-arm64-arm64-libvirt-xsm 13 migrate-support-check fail never pass test-arm64-arm64-xl-credit2 13 migrate-support-check fail never pass test-arm64-arm64-libvirt-xsm 14 saverestore-support-check fail never pass test-arm64-arm64-xl-credit2 14 saverestore-support-check fail never pass test-amd64-amd64-libvirt-qemuu-debianhvm-amd64-xsm 11 migrate-support-check fail never pass test-amd64-i386-libvirt-qemuu-debianhvm-amd64-xsm 11 migrate-support-check fail never pass test-amd64-amd64-qemuu-nested-amd 17 debian-hvm-install/l1/l2 fail never pass test-armhf-armhf-libvirt-xsm 13 migrate-support-check fail never pass test-armhf-armhf-xl-xsm 13 migrate-support-check fail never pass test-armhf-armhf-xl-multivcpu 13 migrate-support-check fail never pass test-armhf-armhf-xl-cubietruck 13 migrate-support-check fail never pass test-armhf-armhf-xl-multivcpu 14 saverestore-support-check fail never pass test-armhf-armhf-xl-xsm 14 saverestore-support-check fail never pass test-armhf-armhf-xl-cubietruck 14 saverestore-support-check fail never pass test-armhf-armhf-xl-credit2 13 migrate-support-check fail never pass test-armhf-armhf-xl-credit2 14 saverestore-support-check fail never pass test-armhf-armhf-libvirt 13 migrate-support-check fail never pass test-armhf-armhf-xl-rtds 13 migrate-support-check fail never pass test-armhf-armhf-xl-rtds 14 saverestore-support-check fail never pass test-armhf-armhf-libvirt-raw 12 migrate-support-check fail never pass test-armhf-armhf-xl-arndale 13 migrate-support-check fail never pass test-armhf-armhf-xl-arndale 14 saverestore-support-check fail never pass test-armhf-armhf-xl-vhd 12 migrate-support-check fail never pass test-armhf-armhf-xl-vhd 13 saverestore-support-check fail never pass test-armhf-armhf-xl 13 migrate-support-check fail never pass test-armhf-armhf-xl 14 saverestore-support-check fail never pass test-amd64-i386-xl-qemuu-ws16-amd64 17 guest-stop fail never pass test-amd64-amd64-libvirt-vhd 12 migrate-support-check fail never pass test-amd64-amd64-xl-qemuu-win10-i386 10 windows-install fail never pass test-amd64-i386-xl-qemuu-win10-i386 10 windows-install fail never pass version targeted for testing: qemuu 7d848450b6e2a3e14a776b4c93704710e7f3d233 baseline version: qemuu c7b02d7d032d6022060e4b393827c963c93ce63f Last test of basis 118942 2018-02-11 21:18:32 Z 1 days Failing since 119000 2018-02-12 13:17:55 Z 0 days 2 attempts Testing same since 119036 2018-02-13 00:48:14 Z 0 days 1 attempts ------------------------------------------------------------ People who touched revisions under test: Alexey Kardashevskiy Andreas Gustafsson Cole Robinson Daniel Henrique Barboza Daniel P. Berrangé David Gibson Eric Blake Greg Kurz Laurent Vivier Mark Cave-Ayland Michael Tokarev Peter Maydell Philippe Mathieu-Daudé Thomas Huth Vladimir Sementsov-Ogievskiy jobs: build-amd64-xsm pass build-arm64-xsm pass build-armhf-xsm pass build-i386-xsm pass build-amd64 pass build-arm64 pass build-armhf pass build-i386 pass build-amd64-libvirt pass build-arm64-libvirt pass build-armhf-libvirt pass build-i386-libvirt pass build-amd64-pvops pass build-arm64-pvops pass build-armhf-pvops pass build-i386-pvops pass test-amd64-amd64-xl pass test-arm64-arm64-xl pass test-armhf-armhf-xl pass test-amd64-i386-xl pass test-amd64-amd64-libvirt-qemuu-debianhvm-amd64-xsm pass test-amd64-i386-libvirt-qemuu-debianhvm-amd64-xsm pass test-amd64-amd64-xl-qemuu-debianhvm-amd64-xsm pass test-amd64-i386-xl-qemuu-debianhvm-amd64-xsm pass test-amd64-amd64-libvirt-xsm pass test-arm64-arm64-libvirt-xsm pass test-armhf-armhf-libvirt-xsm pass test-amd64-i386-libvirt-xsm pass test-amd64-amd64-xl-xsm pass test-arm64-arm64-xl-xsm pass test-armhf-armhf-xl-xsm pass test-amd64-i386-xl-xsm pass test-amd64-amd64-qemuu-nested-amd fail test-amd64-amd64-xl-pvhv2-amd fail test-amd64-i386-qemuu-rhel6hvm-amd pass test-amd64-amd64-xl-qemuu-debianhvm-amd64 pass test-amd64-i386-xl-qemuu-debianhvm-amd64 pass test-amd64-i386-freebsd10-amd64 pass test-amd64-amd64-xl-qemuu-ovmf-amd64 pass test-amd64-i386-xl-qemuu-ovmf-amd64 pass test-amd64-amd64-xl-qemuu-win7-amd64 fail test-amd64-i386-xl-qemuu-win7-amd64 fail test-amd64-amd64-xl-qemuu-ws16-amd64 fail test-amd64-i386-xl-qemuu-ws16-amd64 fail test-armhf-armhf-xl-arndale pass test-amd64-amd64-xl-credit2 pass test-arm64-arm64-xl-credit2 pass test-armhf-armhf-xl-credit2 pass test-armhf-armhf-xl-cubietruck pass test-amd64-i386-freebsd10-i386 pass test-amd64-amd64-xl-qemuu-win10-i386 fail test-amd64-i386-xl-qemuu-win10-i386 fail test-amd64-amd64-qemuu-nested-intel pass test-amd64-amd64-xl-pvhv2-intel fail test-amd64-i386-qemuu-rhel6hvm-intel pass test-amd64-amd64-libvirt pass test-armhf-armhf-libvirt pass test-amd64-i386-libvirt pass test-amd64-amd64-xl-multivcpu pass test-armhf-armhf-xl-multivcpu pass test-amd64-amd64-pair pass test-amd64-i386-pair pass test-amd64-amd64-libvirt-pair pass test-amd64-i386-libvirt-pair pass test-amd64-amd64-amd64-pvgrub pass test-amd64-amd64-i386-pvgrub pass test-amd64-amd64-pygrub pass test-amd64-amd64-xl-qcow2 pass test-armhf-armhf-libvirt-raw pass test-amd64-i386-xl-raw pass test-amd64-amd64-xl-rtds pass test-armhf-armhf-xl-rtds fail test-amd64-amd64-libvirt-vhd pass test-armhf-armhf-xl-vhd pass ------------------------------------------------------------ sg-report-flight on osstest.test-lab.xenproject.org logs: /home/logs/logs images: /home/logs/images Logs, config files, etc. are available at http://logs.test-lab.xenproject.org/osstest/logs Explanation of these reports, and of osstest in general, is at http://xenbits.xen.org/gitweb/?p=osstest.git;a=blob;f=README.email;hb=master http://xenbits.xen.org/gitweb/?p=osstest.git;a=blob;f=README;hb=master Test harness code can be found at http://xenbits.xen.org/gitweb?p=osstest.git;a=summary Pushing revision : To xenbits.xen.org:/home/xen/git/qemu-xen.git c7b02d7d03..7d848450b6 7d848450b6e2a3e14a776b4c93704710e7f3d233 -> upstream-tested --===============6281500209877627083== Content-Type: text/plain; charset="utf-8" MIME-Version: 1.0 Content-Transfer-Encoding: base64 Content-Disposition: inline X19fX19fX19fX19fX19fX19fX19fX19fX19fX19fX19fX19fX19fX19fX19fX18KWGVuLWRldmVs IG1haWxpbmcgbGlzdApYZW4tZGV2ZWxAbGlzdHMueGVucHJvamVjdC5vcmcKaHR0cHM6Ly9saXN0 cy54ZW5wcm9qZWN0Lm9yZy9tYWlsbWFuL2xpc3RpbmZvL3hlbi1kZXZlbA== --===============6281500209877627083==--