From mboxrd@z Thu Jan 1 00:00:00 1970 From: osstest service owner Subject: [xen-unstable-smoke test] 119098: tolerable all pass - PUSHED Date: Tue, 13 Feb 2018 19:00:23 +0000 Message-ID: Mime-Version: 1.0 Content-Type: multipart/mixed; boundary="===============5359853255970577824==" Return-path: Received: from us1-rack-dfw2.inumbo.com ([104.130.134.6]) by lists.xenproject.org with esmtp (Exim 4.84_2) (envelope-from ) id 1elfoe-0001Ru-3W for xen-devel@lists.xenproject.org; Tue, 13 Feb 2018 19:00:32 +0000 List-Unsubscribe: , List-Post: List-Help: List-Subscribe: , Errors-To: xen-devel-bounces@lists.xenproject.org Sender: "Xen-devel" To: xen-devel@lists.xenproject.org, osstest-admin@xenproject.org List-Id: xen-devel@lists.xenproject.org --===============5359853255970577824== Content-Type: text/plain flight 119098 xen-unstable-smoke real [real] http://logs.test-lab.xenproject.org/osstest/logs/119098/ Failures :-/ but no regressions. Tests which did not succeed, but are not blocking: test-amd64-amd64-libvirt 13 migrate-support-check fail never pass test-arm64-arm64-xl-xsm 13 migrate-support-check fail never pass test-arm64-arm64-xl-xsm 14 saverestore-support-check fail never pass test-armhf-armhf-xl 13 migrate-support-check fail never pass test-armhf-armhf-xl 14 saverestore-support-check fail never pass version targeted for testing: xen 3f491d6873be9caa77f02ad8d98f174f0152b819 baseline version: xen 1a42ffa3476ab433da9dc27c6d36f051b70592ed Last test of basis 119079 2018-02-13 13:26:08 Z 0 days Testing same since 119098 2018-02-13 17:01:30 Z 0 days 1 attempts ------------------------------------------------------------ People who touched revisions under test: Andrew Cooper Daniel De Graaf George Dunlap Jan Beulich Roger Pau Monné Sameer Goel Tim Deegan Wei Liu jobs: build-arm64-xsm pass build-amd64 pass build-armhf pass build-amd64-libvirt pass test-armhf-armhf-xl pass test-arm64-arm64-xl-xsm pass test-amd64-amd64-xl-qemuu-debianhvm-i386 pass test-amd64-amd64-libvirt pass ------------------------------------------------------------ sg-report-flight on osstest.test-lab.xenproject.org logs: /home/logs/logs images: /home/logs/images Logs, config files, etc. are available at http://logs.test-lab.xenproject.org/osstest/logs Explanation of these reports, and of osstest in general, is at http://xenbits.xen.org/gitweb/?p=osstest.git;a=blob;f=README.email;hb=master http://xenbits.xen.org/gitweb/?p=osstest.git;a=blob;f=README;hb=master Test harness code can be found at http://xenbits.xen.org/gitweb?p=osstest.git;a=summary Pushing revision : To xenbits.xen.org:/home/xen/git/xen.git 1a42ffa347..3f491d6873 3f491d6873be9caa77f02ad8d98f174f0152b819 -> smoke --===============5359853255970577824== Content-Type: text/plain; charset="utf-8" MIME-Version: 1.0 Content-Transfer-Encoding: base64 Content-Disposition: inline X19fX19fX19fX19fX19fX19fX19fX19fX19fX19fX19fX19fX19fX19fX19fX18KWGVuLWRldmVs IG1haWxpbmcgbGlzdApYZW4tZGV2ZWxAbGlzdHMueGVucHJvamVjdC5vcmcKaHR0cHM6Ly9saXN0 cy54ZW5wcm9qZWN0Lm9yZy9tYWlsbWFuL2xpc3RpbmZvL3hlbi1kZXZlbA== --===============5359853255970577824==--