* [xen-unstable-smoke test] 119108: regressions - FAIL
@ 2018-02-13 21:58 osstest service owner
0 siblings, 0 replies; only message in thread
From: osstest service owner @ 2018-02-13 21:58 UTC (permalink / raw)
To: xen-devel, osstest-admin
[-- Attachment #1: Type: text/plain, Size: 3069 bytes --]
flight 119108 xen-unstable-smoke real [real]
http://logs.test-lab.xenproject.org/osstest/logs/119108/
Regressions :-(
Tests which did not succeed and are blocking,
including tests which could not be run:
build-amd64 6 xen-build fail REGR. vs. 119098
Tests which did not succeed, but are not blocking:
test-amd64-amd64-xl-qemuu-debianhvm-i386 1 build-check(1) blocked n/a
test-amd64-amd64-libvirt 1 build-check(1) blocked n/a
build-amd64-libvirt 1 build-check(1) blocked n/a
test-arm64-arm64-xl-xsm 13 migrate-support-check fail never pass
test-arm64-arm64-xl-xsm 14 saverestore-support-check fail never pass
test-armhf-armhf-xl 13 migrate-support-check fail never pass
test-armhf-armhf-xl 14 saverestore-support-check fail never pass
version targeted for testing:
xen e139d34a1c4b7775d5855458a325e0e4176bdf7e
baseline version:
xen 3f491d6873be9caa77f02ad8d98f174f0152b819
Last test of basis 119098 2018-02-13 17:01:30 Z 0 days
Testing same since 119108 2018-02-13 20:01:33 Z 0 days 1 attempts
------------------------------------------------------------
People who touched revisions under test:
Jan Beulich <jbeulich@suse.com>
jobs:
build-arm64-xsm pass
build-amd64 fail
build-armhf pass
build-amd64-libvirt blocked
test-armhf-armhf-xl pass
test-arm64-arm64-xl-xsm pass
test-amd64-amd64-xl-qemuu-debianhvm-i386 blocked
test-amd64-amd64-libvirt blocked
------------------------------------------------------------
sg-report-flight on osstest.test-lab.xenproject.org
logs: /home/logs/logs
images: /home/logs/images
Logs, config files, etc. are available at
http://logs.test-lab.xenproject.org/osstest/logs
Explanation of these reports, and of osstest in general, is at
http://xenbits.xen.org/gitweb/?p=osstest.git;a=blob;f=README.email;hb=master
http://xenbits.xen.org/gitweb/?p=osstest.git;a=blob;f=README;hb=master
Test harness code can be found at
http://xenbits.xen.org/gitweb?p=osstest.git;a=summary
Not pushing.
------------------------------------------------------------
commit e139d34a1c4b7775d5855458a325e0e4176bdf7e
Author: Jan Beulich <jbeulich@suse.com>
Date: Tue Feb 13 18:19:33 2018 +0100
firmware/shim: correctly handle errors during Xen tree setup
"set -e" on a separate Makefile line is meaningless. Glue together all
the lines that this is supposed to cover.
Signed-off-by: Jan Beulich <jbeulich@suse.com>
Reviewed-by: Roger Pau Monné <roger.pau@citrix.com>
Reviewed-by: Wei Liu <wei.liu2@citrix.com>
(qemu changes not included)
[-- Attachment #2: Type: text/plain, Size: 157 bytes --]
_______________________________________________
Xen-devel mailing list
Xen-devel@lists.xenproject.org
https://lists.xenproject.org/mailman/listinfo/xen-devel
^ permalink raw reply [flat|nested] only message in thread
only message in thread, other threads:[~2018-02-13 21:58 UTC | newest]
Thread overview: (only message) (download: mbox.gz follow: Atom feed
-- links below jump to the message on this page --
2018-02-13 21:58 [xen-unstable-smoke test] 119108: regressions - FAIL osstest service owner
This is a public inbox, see mirroring instructions
for how to clone and mirror all data and code used for this inbox;
as well as URLs for NNTP newsgroup(s).