From mboxrd@z Thu Jan 1 00:00:00 1970 From: xen.org Subject: [xen-unstable test] 11937: tolerable FAIL - PUSHED Date: Sat, 11 Feb 2012 04:28:47 +0000 Message-ID: Mime-Version: 1.0 Content-Type: text/plain; charset="us-ascii" Content-Transfer-Encoding: 7bit Return-path: List-Unsubscribe: , List-Post: List-Help: List-Subscribe: , Sender: xen-devel-bounces@lists.xensource.com Errors-To: xen-devel-bounces@lists.xensource.com To: xen-devel@lists.xensource.com Cc: ian.jackson@eu.citrix.com List-Id: xen-devel@lists.xenproject.org flight 11937 xen-unstable real [real] http://www.chiark.greenend.org.uk/~xensrcts/logs/11937/ Failures :-/ but no regressions. Regressions which are regarded as allowable (not blocking): test-i386-i386-win 14 guest-start.2 fail like 11904 Tests which did not succeed, but are not blocking: test-i386-i386-xl-qemuu-winxpsp3 7 windows-install fail never pass test-amd64-amd64-xl-qemuu-winxpsp3 7 windows-install fail never pass test-amd64-amd64-xl-qemuu-win7-amd64 7 windows-install fail never pass test-amd64-i386-qemuu-rhel6hvm-intel 7 redhat-install fail never pass test-amd64-amd64-xl-pcipt-intel 9 guest-start fail never pass test-amd64-i386-qemuu-rhel6hvm-amd 7 redhat-install fail never pass test-amd64-amd64-win 16 leak-check/check fail never pass test-amd64-i386-win-vcpus1 16 leak-check/check fail never pass test-amd64-amd64-xl-winxpsp3 13 guest-stop fail never pass test-amd64-i386-rhel6hvm-intel 11 leak-check/check fail never pass test-amd64-i386-rhel6hvm-amd 11 leak-check/check fail never pass test-amd64-i386-win 16 leak-check/check fail never pass test-i386-i386-xl-winxpsp3 13 guest-stop fail never pass test-amd64-amd64-xl-win7-amd64 13 guest-stop fail never pass test-amd64-i386-xl-winxpsp3-vcpus1 13 guest-stop fail never pass test-amd64-amd64-xl-win 13 guest-stop fail never pass test-amd64-i386-xend-winxpsp3 16 leak-check/check fail never pass test-i386-i386-xl-win 13 guest-stop fail never pass test-amd64-i386-xl-win7-amd64 13 guest-stop fail never pass test-amd64-i386-xl-win-vcpus1 13 guest-stop fail never pass version targeted for testing: xen 9ad1e42c341b baseline version: xen 9fc810bb8145 ------------------------------------------------------------ People who touched revisions under test: Adin Scannell Alex Zeffertt Andres Lagar-Cavilla Andres Lagar-Cavilla Andres Lagar-Cavilla Daniel De Graaf Diego Ongaro George Dunlap hongkaixing Ian Campbell Ian Jackson Jan Beulich John McDermott Keir Fraser Olaf Hering Samuel Thibault shizhen Shriram Rajagopalan Stefano Stabellini Tim Deegan Tim Deegan Wei Liu Yongjie Ren Zhigang Wang ------------------------------------------------------------ jobs: build-amd64 pass build-i386 pass build-amd64-oldkern pass build-i386-oldkern pass build-amd64-pvops pass build-i386-pvops pass test-amd64-amd64-xl pass test-amd64-i386-xl pass test-i386-i386-xl pass test-amd64-i386-rhel6hvm-amd fail test-amd64-i386-qemuu-rhel6hvm-amd fail test-amd64-amd64-xl-qemuu-win7-amd64 fail test-amd64-amd64-xl-win7-amd64 fail test-amd64-i386-xl-win7-amd64 fail test-amd64-i386-xl-credit2 pass test-amd64-amd64-xl-pcipt-intel fail test-amd64-i386-rhel6hvm-intel fail test-amd64-i386-qemuu-rhel6hvm-intel fail test-amd64-i386-xl-multivcpu pass test-amd64-amd64-pair pass test-amd64-i386-pair pass test-i386-i386-pair pass test-amd64-amd64-xl-sedf-pin pass test-amd64-amd64-pv pass test-amd64-i386-pv pass test-i386-i386-pv pass test-amd64-amd64-xl-sedf pass test-amd64-i386-win-vcpus1 fail test-amd64-i386-xl-win-vcpus1 fail test-amd64-i386-xl-winxpsp3-vcpus1 fail test-amd64-amd64-win fail test-amd64-i386-win fail test-i386-i386-win fail test-amd64-amd64-xl-win fail test-i386-i386-xl-win fail test-amd64-amd64-xl-qemuu-winxpsp3 fail test-i386-i386-xl-qemuu-winxpsp3 fail test-amd64-i386-xend-winxpsp3 fail test-amd64-amd64-xl-winxpsp3 fail test-i386-i386-xl-winxpsp3 fail ------------------------------------------------------------ sg-report-flight on woking.cam.xci-test.com logs: /home/xc_osstest/logs images: /home/xc_osstest/images Logs, config files, etc. are available at http://www.chiark.greenend.org.uk/~xensrcts/logs Test harness code can be found at http://xenbits.xensource.com/gitweb?p=osstest.git;a=summary Pushing revision : + branch=xen-unstable + revision=9ad1e42c341b + . cri-lock-repos ++ . cri-common +++ umask 002 +++ getconfig Repos +++ perl -e ' use Osstest; readconfigonly(); print $c{Repos} or die $!; ' ++ repos=/export/home/osstest/repos ++ repos_lock=/export/home/osstest/repos/lock ++ '[' x '!=' x/export/home/osstest/repos/lock ']' ++ OSSTEST_REPOS_LOCK_LOCKED=/export/home/osstest/repos/lock ++ exec with-lock-ex -w /export/home/osstest/repos/lock ./ap-push xen-unstable 9ad1e42c341b + branch=xen-unstable + revision=9ad1e42c341b + . cri-lock-repos ++ . cri-common +++ umask 002 +++ getconfig Repos +++ perl -e ' use Osstest; readconfigonly(); print $c{Repos} or die $!; ' ++ repos=/export/home/osstest/repos ++ repos_lock=/export/home/osstest/repos/lock ++ '[' x/export/home/osstest/repos/lock '!=' x/export/home/osstest/repos/lock ']' + . cri-common ++ umask 002 + select_xenbranch + case "$branch" in + tree=xen + xenbranch=xen-unstable + : xen@xenbits.xensource.com + : xen@xenbits.xensource.com:git/linux-pvops + : master + : tested/2.6.39.x + : xen@xenbits.xensource.com:git/qemu-upstream-unstable.git + . ap-common ++ : http://xenbits.xen.org/staging/xen-unstable.hg ++ : git://xenbits.xen.org/staging/qemu-xen-unstable.git ++ : git://git.kernel.org ++ : xen@xenbits.xensource.com:git/linux-pvops ++ : master ++ : git://git.kernel.org/pub/scm/linux/kernel/git/konrad/xen.git ++ : tested/2.6.39.x ++ : daily-cron.xen-unstable ++ : http://hg.uk.xensource.com/carbon/trunk/linux-2.6.27 ++ : xen@xenbits.xensource.com:git/qemu-upstream-unstable.git ++ : daily-cron.xen-unstable + case "$branch" in + cd /export/home/osstest/repos/xen-unstable.hg + hg push -r 9ad1e42c341b ssh://xen@xenbits.xensource.com/HG/xen-unstable.hg pushing to ssh://xen@xenbits.xensource.com/HG/xen-unstable.hg searching for changes remote: adding changesets remote: adding manifests remote: adding file changes remote: added 37 changesets with 149 changes to 92 files