* [xen-unstable test] 119521: regressions - trouble: blocked/broken/fail/pass
@ 2018-02-18 17:54 osstest service owner
0 siblings, 0 replies; only message in thread
From: osstest service owner @ 2018-02-18 17:54 UTC (permalink / raw)
To: xen-devel, osstest-admin
[-- Attachment #1: Type: text/plain, Size: 15641 bytes --]
flight 119521 xen-unstable real [real]
http://logs.test-lab.xenproject.org/osstest/logs/119521/
Regressions :-(
Tests which did not succeed and are blocking,
including tests which could not be run:
build-armhf-pvops <job status> broken
build-armhf-pvops 5 host-build-prep fail REGR. vs. 118698
Tests which are failing intermittently (not blocking):
test-amd64-amd64-rumprun-amd64 7 xen-boot fail in 119451 pass in 119521
test-amd64-amd64-pygrub 10 debian-di-install fail pass in 119451
Tests which did not succeed, but are not blocking:
test-armhf-armhf-xl 1 build-check(1) blocked n/a
test-armhf-armhf-xl-rtds 1 build-check(1) blocked n/a
test-armhf-armhf-libvirt 1 build-check(1) blocked n/a
test-armhf-armhf-libvirt-raw 1 build-check(1) blocked n/a
test-armhf-armhf-xl-credit2 1 build-check(1) blocked n/a
test-armhf-armhf-examine 1 build-check(1) blocked n/a
test-armhf-armhf-xl-xsm 1 build-check(1) blocked n/a
test-armhf-armhf-xl-multivcpu 1 build-check(1) blocked n/a
test-armhf-armhf-xl-cubietruck 1 build-check(1) blocked n/a
test-armhf-armhf-xl-arndale 1 build-check(1) blocked n/a
test-armhf-armhf-libvirt-xsm 1 build-check(1) blocked n/a
test-armhf-armhf-xl-vhd 1 build-check(1) blocked n/a
test-armhf-armhf-libvirt-xsm 14 saverestore-support-check fail in 119451 like 118698
test-armhf-armhf-xl-rtds 16 guest-start/debian.repeat fail in 119451 like 118698
test-armhf-armhf-libvirt-raw 13 saverestore-support-check fail in 119451 like 118698
test-armhf-armhf-libvirt 14 saverestore-support-check fail in 119451 like 118698
test-armhf-armhf-xl-arndale 13 migrate-support-check fail in 119451 never pass
test-armhf-armhf-xl-arndale 14 saverestore-support-check fail in 119451 never pass
test-armhf-armhf-xl 13 migrate-support-check fail in 119451 never pass
test-armhf-armhf-libvirt-xsm 13 migrate-support-check fail in 119451 never pass
test-armhf-armhf-xl 14 saverestore-support-check fail in 119451 never pass
test-armhf-armhf-xl-rtds 13 migrate-support-check fail in 119451 never pass
test-armhf-armhf-xl-rtds 14 saverestore-support-check fail in 119451 never pass
test-armhf-armhf-xl-cubietruck 13 migrate-support-check fail in 119451 never pass
test-armhf-armhf-xl-cubietruck 14 saverestore-support-check fail in 119451 never pass
test-armhf-armhf-xl-credit2 13 migrate-support-check fail in 119451 never pass
test-armhf-armhf-xl-credit2 14 saverestore-support-check fail in 119451 never pass
test-armhf-armhf-libvirt-raw 12 migrate-support-check fail in 119451 never pass
test-armhf-armhf-xl-xsm 13 migrate-support-check fail in 119451 never pass
test-armhf-armhf-xl-xsm 14 saverestore-support-check fail in 119451 never pass
test-armhf-armhf-xl-multivcpu 13 migrate-support-check fail in 119451 never pass
test-armhf-armhf-xl-multivcpu 14 saverestore-support-check fail in 119451 never pass
test-armhf-armhf-libvirt 13 migrate-support-check fail in 119451 never pass
test-armhf-armhf-xl-vhd 12 migrate-support-check fail in 119451 never pass
test-armhf-armhf-xl-vhd 13 saverestore-support-check fail in 119451 never pass
test-amd64-amd64-xl-qemut-win7-amd64 17 guest-stop fail like 118698
test-amd64-amd64-xl-qemuu-win7-amd64 17 guest-stop fail like 118698
test-amd64-i386-xl-qemuu-ws16-amd64 17 guest-stop fail like 118698
test-amd64-amd64-xl-qemut-ws16-amd64 17 guest-stop fail like 118698
test-amd64-i386-xl-qemuu-win7-amd64 17 guest-stop fail like 118698
test-amd64-i386-xl-qemut-win7-amd64 17 guest-stop fail like 118698
test-amd64-amd64-xl-qemuu-ws16-amd64 17 guest-stop fail like 118698
test-amd64-amd64-xl-pvhv2-intel 12 guest-start fail never pass
test-amd64-i386-libvirt 13 migrate-support-check fail never pass
test-amd64-amd64-libvirt-xsm 13 migrate-support-check fail never pass
test-amd64-amd64-libvirt 13 migrate-support-check fail never pass
test-amd64-i386-libvirt-xsm 13 migrate-support-check fail never pass
test-arm64-arm64-xl-xsm 13 migrate-support-check fail never pass
test-arm64-arm64-xl-xsm 14 saverestore-support-check fail never pass
test-arm64-arm64-xl 13 migrate-support-check fail never pass
test-arm64-arm64-xl 14 saverestore-support-check fail never pass
test-amd64-i386-libvirt-qemuu-debianhvm-amd64-xsm 11 migrate-support-check fail never pass
test-amd64-amd64-libvirt-qemuu-debianhvm-amd64-xsm 11 migrate-support-check fail never pass
test-amd64-amd64-qemuu-nested-amd 17 debian-hvm-install/l1/l2 fail never pass
test-amd64-amd64-libvirt-vhd 12 migrate-support-check fail never pass
test-amd64-amd64-xl-pvhv2-amd 12 guest-start fail never pass
test-arm64-arm64-xl-credit2 13 migrate-support-check fail never pass
test-arm64-arm64-xl-credit2 14 saverestore-support-check fail never pass
test-arm64-arm64-libvirt-xsm 13 migrate-support-check fail never pass
test-arm64-arm64-libvirt-xsm 14 saverestore-support-check fail never pass
test-amd64-i386-xl-qemut-ws16-amd64 17 guest-stop fail never pass
test-amd64-amd64-xl-qemuu-win10-i386 10 windows-install fail never pass
test-amd64-amd64-xl-qemut-win10-i386 10 windows-install fail never pass
test-amd64-i386-xl-qemuu-win10-i386 10 windows-install fail never pass
test-amd64-i386-xl-qemut-win10-i386 10 windows-install fail never pass
version targeted for testing:
xen 24470b99c1671dca531c2cf5747eda2f8892ecbc
baseline version:
xen c93014ad3aa6aa88dfa5e96f66e8adb561483b8d
Last test of basis 118698 2018-02-08 19:23:11 Z 9 days
Failing since 118802 2018-02-10 00:36:18 Z 8 days 10 attempts
Testing same since 119451 2018-02-17 01:31:36 Z 1 days 2 attempts
------------------------------------------------------------
People who touched revisions under test:
Acked-by: Razvan Cojocaru <rcojocaru@bitdefender.com>
Alexandru Isaila <aisaila@bitdefender.com>
Andre Przywara <andre.przywara@linaro.org>
Andrew Cooper <andrew.cooper3@citrix.com>
Daniel De Graaf <dgdegra@tycho.nsa.gov>
George Dunlap <george.dunlap@citrix.com>
Haozhong Zhang <haozhong.zhang@intel.com>
Jan Beulich <jbeulich@suse.com>
Juergen Gross <jgross@suse.com>
Julien Grall <julien.grall@arm.com>
Julien Grall <julien.grall@linaro.org>
Kevin Tian <kevin.tian@intel.com>
Paul Semel <semelpaul@gmail.com>
Razvan Cojocaru <rcojocaru@bitdefender.com>
Roger Pau Monne <roger.pau@citrix.com>
Roger Pau Monné <roger.pau@citrix.com>
Ross Lagerwall <ross.lagerwall@citrix.com>
Sameer Goel <sameer.goel@linaro.org>
Simon Gaiser <simon@invisiblethingslab.com>
Stefano Stabellini <sstabellini@kernel.org>
Tamas K Lengyel <tamas@tklengyel.com>
Tim Deegan <tim@xen.org>
Uwe Dannowski <uwed@amazon.de>
Wei Liu <wei.liu2@citrix.com>
jobs:
build-amd64-xsm pass
build-arm64-xsm pass
build-armhf-xsm pass
build-i386-xsm pass
build-amd64-xtf pass
build-amd64 pass
build-arm64 pass
build-armhf pass
build-i386 pass
build-amd64-libvirt pass
build-arm64-libvirt pass
build-armhf-libvirt pass
build-i386-libvirt pass
build-amd64-prev pass
build-i386-prev pass
build-amd64-pvops pass
build-arm64-pvops pass
build-armhf-pvops broken
build-i386-pvops pass
build-amd64-rumprun pass
build-i386-rumprun pass
test-xtf-amd64-amd64-1 pass
test-xtf-amd64-amd64-2 pass
test-xtf-amd64-amd64-3 pass
test-xtf-amd64-amd64-4 pass
test-xtf-amd64-amd64-5 pass
test-amd64-amd64-xl pass
test-arm64-arm64-xl pass
test-armhf-armhf-xl blocked
test-amd64-i386-xl pass
test-amd64-amd64-xl-qemut-debianhvm-amd64-xsm pass
test-amd64-i386-xl-qemut-debianhvm-amd64-xsm pass
test-amd64-amd64-libvirt-qemuu-debianhvm-amd64-xsm pass
test-amd64-i386-libvirt-qemuu-debianhvm-amd64-xsm pass
test-amd64-amd64-xl-qemuu-debianhvm-amd64-xsm pass
test-amd64-i386-xl-qemuu-debianhvm-amd64-xsm pass
test-amd64-amd64-xl-qemut-stubdom-debianhvm-amd64-xsm pass
test-amd64-i386-xl-qemut-stubdom-debianhvm-amd64-xsm pass
test-amd64-amd64-libvirt-xsm pass
test-arm64-arm64-libvirt-xsm pass
test-armhf-armhf-libvirt-xsm blocked
test-amd64-i386-libvirt-xsm pass
test-amd64-amd64-xl-xsm pass
test-arm64-arm64-xl-xsm pass
test-armhf-armhf-xl-xsm blocked
test-amd64-i386-xl-xsm pass
test-amd64-amd64-qemuu-nested-amd fail
test-amd64-amd64-xl-pvhv2-amd fail
test-amd64-i386-qemut-rhel6hvm-amd pass
test-amd64-i386-qemuu-rhel6hvm-amd pass
test-amd64-amd64-xl-qemut-debianhvm-amd64 pass
test-amd64-i386-xl-qemut-debianhvm-amd64 pass
test-amd64-amd64-xl-qemuu-debianhvm-amd64 pass
test-amd64-i386-xl-qemuu-debianhvm-amd64 pass
test-amd64-i386-freebsd10-amd64 pass
test-amd64-amd64-xl-qemuu-ovmf-amd64 pass
test-amd64-i386-xl-qemuu-ovmf-amd64 pass
test-amd64-amd64-rumprun-amd64 pass
test-amd64-amd64-xl-qemut-win7-amd64 fail
test-amd64-i386-xl-qemut-win7-amd64 fail
test-amd64-amd64-xl-qemuu-win7-amd64 fail
test-amd64-i386-xl-qemuu-win7-amd64 fail
test-amd64-amd64-xl-qemut-ws16-amd64 fail
test-amd64-i386-xl-qemut-ws16-amd64 fail
test-amd64-amd64-xl-qemuu-ws16-amd64 fail
test-amd64-i386-xl-qemuu-ws16-amd64 fail
test-armhf-armhf-xl-arndale blocked
test-amd64-amd64-xl-credit2 pass
test-arm64-arm64-xl-credit2 pass
test-armhf-armhf-xl-credit2 blocked
test-armhf-armhf-xl-cubietruck blocked
test-amd64-amd64-examine pass
test-arm64-arm64-examine pass
test-armhf-armhf-examine blocked
test-amd64-i386-examine pass
test-amd64-i386-freebsd10-i386 pass
test-amd64-i386-rumprun-i386 pass
test-amd64-amd64-xl-qemut-win10-i386 fail
test-amd64-i386-xl-qemut-win10-i386 fail
test-amd64-amd64-xl-qemuu-win10-i386 fail
test-amd64-i386-xl-qemuu-win10-i386 fail
test-amd64-amd64-qemuu-nested-intel pass
test-amd64-amd64-xl-pvhv2-intel fail
test-amd64-i386-qemut-rhel6hvm-intel pass
test-amd64-i386-qemuu-rhel6hvm-intel pass
test-amd64-amd64-libvirt pass
test-armhf-armhf-libvirt blocked
test-amd64-i386-libvirt pass
test-amd64-amd64-livepatch pass
test-amd64-i386-livepatch pass
test-amd64-amd64-migrupgrade pass
test-amd64-i386-migrupgrade pass
test-amd64-amd64-xl-multivcpu pass
test-armhf-armhf-xl-multivcpu blocked
test-amd64-amd64-pair pass
test-amd64-i386-pair pass
test-amd64-amd64-libvirt-pair pass
test-amd64-i386-libvirt-pair pass
test-amd64-amd64-amd64-pvgrub pass
test-amd64-amd64-i386-pvgrub pass
test-amd64-amd64-pygrub fail
test-amd64-amd64-xl-qcow2 pass
test-armhf-armhf-libvirt-raw blocked
test-amd64-i386-xl-raw pass
test-amd64-amd64-xl-rtds pass
test-armhf-armhf-xl-rtds blocked
test-amd64-amd64-libvirt-vhd pass
test-armhf-armhf-xl-vhd blocked
------------------------------------------------------------
sg-report-flight on osstest.test-lab.xenproject.org
logs: /home/logs/logs
images: /home/logs/images
Logs, config files, etc. are available at
http://logs.test-lab.xenproject.org/osstest/logs
Explanation of these reports, and of osstest in general, is at
http://xenbits.xen.org/gitweb/?p=osstest.git;a=blob;f=README.email;hb=master
http://xenbits.xen.org/gitweb/?p=osstest.git;a=blob;f=README;hb=master
Test harness code can be found at
http://xenbits.xen.org/gitweb?p=osstest.git;a=summary
broken-job build-armhf-pvops broken
Not pushing.
(No revision log; it would be 777 lines long.)
[-- Attachment #2: Type: text/plain, Size: 157 bytes --]
_______________________________________________
Xen-devel mailing list
Xen-devel@lists.xenproject.org
https://lists.xenproject.org/mailman/listinfo/xen-devel
^ permalink raw reply [flat|nested] only message in thread
only message in thread, other threads:[~2018-02-18 17:54 UTC | newest]
Thread overview: (only message) (download: mbox.gz follow: Atom feed
-- links below jump to the message on this page --
2018-02-18 17:54 [xen-unstable test] 119521: regressions - trouble: blocked/broken/fail/pass osstest service owner
This is a public inbox, see mirroring instructions
for how to clone and mirror all data and code used for this inbox;
as well as URLs for NNTP newsgroup(s).