From mboxrd@z Thu Jan 1 00:00:00 1970 From: osstest service owner Subject: [libvirt test] 119702: tolerable all pass - PUSHED Date: Tue, 20 Feb 2018 16:27:23 +0000 Message-ID: Mime-Version: 1.0 Content-Type: multipart/mixed; boundary="===============3027486495859104451==" Return-path: Received: from all-amaz-eas1.inumbo.com ([34.197.232.57]) by lists.xenproject.org with esmtp (Exim 4.84_2) (envelope-from ) id 1eoAlV-0001FU-EF for xen-devel@lists.xenproject.org; Tue, 20 Feb 2018 16:27:37 +0000 List-Unsubscribe: , List-Post: List-Help: List-Subscribe: , Errors-To: xen-devel-bounces@lists.xenproject.org Sender: "Xen-devel" To: xen-devel@lists.xenproject.org, osstest-admin@xenproject.org List-Id: xen-devel@lists.xenproject.org --===============3027486495859104451== Content-Type: text/plain flight 119702 libvirt real [real] http://logs.test-lab.xenproject.org/osstest/logs/119702/ Failures :-/ but no regressions. Tests which did not succeed, but are not blocking: test-armhf-armhf-libvirt-xsm 14 saverestore-support-check fail like 119539 test-armhf-armhf-libvirt-raw 13 saverestore-support-check fail like 119539 test-armhf-armhf-libvirt 14 saverestore-support-check fail like 119539 test-amd64-i386-libvirt-xsm 13 migrate-support-check fail never pass test-amd64-i386-libvirt 13 migrate-support-check fail never pass test-amd64-amd64-libvirt-xsm 13 migrate-support-check fail never pass test-amd64-amd64-libvirt 13 migrate-support-check fail never pass test-arm64-arm64-libvirt 13 migrate-support-check fail never pass test-arm64-arm64-libvirt 14 saverestore-support-check fail never pass test-arm64-arm64-libvirt-xsm 13 migrate-support-check fail never pass test-arm64-arm64-libvirt-xsm 14 saverestore-support-check fail never pass test-amd64-amd64-libvirt-qemuu-debianhvm-amd64-xsm 11 migrate-support-check fail never pass test-amd64-i386-libvirt-qemuu-debianhvm-amd64-xsm 11 migrate-support-check fail never pass test-arm64-arm64-libvirt-qcow2 12 migrate-support-check fail never pass test-arm64-arm64-libvirt-qcow2 13 saverestore-support-check fail never pass test-amd64-amd64-libvirt-vhd 12 migrate-support-check fail never pass test-armhf-armhf-libvirt-xsm 13 migrate-support-check fail never pass test-armhf-armhf-libvirt-raw 12 migrate-support-check fail never pass test-armhf-armhf-libvirt 13 migrate-support-check fail never pass version targeted for testing: libvirt a4b37cd0f1d038a7b754a87942d6bddc33493223 baseline version: libvirt fb0db76a47d0ce66b7fe11f88fee53dcdfbe6f12 Last test of basis 119539 2018-02-18 04:26:44 Z 2 days Testing same since 119702 2018-02-20 04:20:38 Z 0 days 1 attempts ------------------------------------------------------------ People who touched revisions under test: Andrea Bolognani Daniel P. Berrangé Laine Stump Peter Krempa jobs: build-amd64-xsm pass build-arm64-xsm pass build-armhf-xsm pass build-i386-xsm pass build-amd64 pass build-arm64 pass build-armhf pass build-i386 pass build-amd64-libvirt pass build-arm64-libvirt pass build-armhf-libvirt pass build-i386-libvirt pass build-amd64-pvops pass build-arm64-pvops pass build-armhf-pvops pass build-i386-pvops pass test-amd64-amd64-libvirt-qemuu-debianhvm-amd64-xsm pass test-amd64-i386-libvirt-qemuu-debianhvm-amd64-xsm pass test-amd64-amd64-libvirt-xsm pass test-arm64-arm64-libvirt-xsm pass test-armhf-armhf-libvirt-xsm pass test-amd64-i386-libvirt-xsm pass test-amd64-amd64-libvirt pass test-arm64-arm64-libvirt pass test-armhf-armhf-libvirt pass test-amd64-i386-libvirt pass test-amd64-amd64-libvirt-pair pass test-amd64-i386-libvirt-pair pass test-arm64-arm64-libvirt-qcow2 pass test-armhf-armhf-libvirt-raw pass test-amd64-amd64-libvirt-vhd pass ------------------------------------------------------------ sg-report-flight on osstest.test-lab.xenproject.org logs: /home/logs/logs images: /home/logs/images Logs, config files, etc. are available at http://logs.test-lab.xenproject.org/osstest/logs Explanation of these reports, and of osstest in general, is at http://xenbits.xen.org/gitweb/?p=osstest.git;a=blob;f=README.email;hb=master http://xenbits.xen.org/gitweb/?p=osstest.git;a=blob;f=README;hb=master Test harness code can be found at http://xenbits.xen.org/gitweb?p=osstest.git;a=summary Pushing revision : To xenbits.xen.org:/home/xen/git/libvirt.git fb0db76a47..a4b37cd0f1 a4b37cd0f1d038a7b754a87942d6bddc33493223 -> xen-tested-master --===============3027486495859104451== Content-Type: text/plain; charset="utf-8" MIME-Version: 1.0 Content-Transfer-Encoding: base64 Content-Disposition: inline X19fX19fX19fX19fX19fX19fX19fX19fX19fX19fX19fX19fX19fX19fX19fX18KWGVuLWRldmVs IG1haWxpbmcgbGlzdApYZW4tZGV2ZWxAbGlzdHMueGVucHJvamVjdC5vcmcKaHR0cHM6Ly9saXN0 cy54ZW5wcm9qZWN0Lm9yZy9tYWlsbWFuL2xpc3RpbmZvL3hlbi1kZXZlbA== --===============3027486495859104451==--