xen-devel.lists.xenproject.org archive mirror
 help / color / mirror / Atom feed
* [xen-unstable-smoke test] 119761: trouble: broken/pass
@ 2018-02-21  1:29 osstest service owner
  0 siblings, 0 replies; only message in thread
From: osstest service owner @ 2018-02-21  1:29 UTC (permalink / raw)
  To: xen-devel, osstest-admin

flight 119761 xen-unstable-smoke real [real]
http://logs.test-lab.xenproject.org/osstest/logs/119761/

Failures and problems with tests :-(

Tests which did not succeed and are blocking,
including tests which could not be run:
 test-amd64-amd64-libvirt        <job status>                 broken
 test-amd64-amd64-libvirt      4 host-install(4)        broken REGR. vs. 119752

Tests which did not succeed, but are not blocking:
 test-arm64-arm64-xl-xsm      13 migrate-support-check        fail   never pass
 test-arm64-arm64-xl-xsm      14 saverestore-support-check    fail   never pass
 test-armhf-armhf-xl          13 migrate-support-check        fail   never pass
 test-armhf-armhf-xl          14 saverestore-support-check    fail   never pass

version targeted for testing:
 xen                  454ae490487659a51d71adc77aa02892d0725235
baseline version:
 xen                  197fbdb501257fdbbe0cfed35e3a99ef5b166107

Last test of basis   119752  2018-02-20 19:01:35 Z    0 days
Testing same since   119761  2018-02-20 22:01:09 Z    0 days    1 attempts

------------------------------------------------------------
People who touched revisions under test:
  Alexandru Isaila <aisaila@bitdefender.com>
  Razvan Cojocaru <rcojocaru@bitdefender.com>

jobs:
 build-arm64-xsm                                              pass    
 build-amd64                                                  pass    
 build-armhf                                                  pass    
 build-amd64-libvirt                                          pass    
 test-armhf-armhf-xl                                          pass    
 test-arm64-arm64-xl-xsm                                      pass    
 test-amd64-amd64-xl-qemuu-debianhvm-i386                     pass    
 test-amd64-amd64-libvirt                                     broken  


------------------------------------------------------------
sg-report-flight on osstest.test-lab.xenproject.org
logs: /home/logs/logs
images: /home/logs/images

Logs, config files, etc. are available at
    http://logs.test-lab.xenproject.org/osstest/logs

Explanation of these reports, and of osstest in general, is at
    http://xenbits.xen.org/gitweb/?p=osstest.git;a=blob;f=README.email;hb=master
    http://xenbits.xen.org/gitweb/?p=osstest.git;a=blob;f=README;hb=master

Test harness code can be found at
    http://xenbits.xen.org/gitweb?p=osstest.git;a=summary

broken-job test-amd64-amd64-libvirt broken
broken-step test-amd64-amd64-libvirt host-install(4)

Not pushing.

------------------------------------------------------------
commit 454ae490487659a51d71adc77aa02892d0725235
Author: Alexandru Isaila <aisaila@bitdefender.com>
Date:   Mon Feb 19 15:07:06 2018 +0200

    asm-x86/monitor: Add MONITOR_EVENT_INTERRUPT to common capabilities
    
    Signed-off-by: Alexandru Isaila <aisaila@bitdefender.com>
    Acked-by: Razvan Cojocaru <rcojocaru@bitdefender.com>
(qemu changes not included)

_______________________________________________
Xen-devel mailing list
Xen-devel@lists.xenproject.org
https://lists.xenproject.org/mailman/listinfo/xen-devel

^ permalink raw reply	[flat|nested] only message in thread

only message in thread, other threads:[~2018-02-21  1:29 UTC | newest]

Thread overview: (only message) (download: mbox.gz follow: Atom feed
-- links below jump to the message on this page --
2018-02-21  1:29 [xen-unstable-smoke test] 119761: trouble: broken/pass osstest service owner

This is a public inbox, see mirroring instructions
for how to clone and mirror all data and code used for this inbox;
as well as URLs for NNTP newsgroup(s).