* [xen-unstable-smoke test] 119959: tolerable all pass - PUSHED
@ 2018-02-23 13:03 osstest service owner
0 siblings, 0 replies; only message in thread
From: osstest service owner @ 2018-02-23 13:03 UTC (permalink / raw)
To: xen-devel, osstest-admin
[-- Attachment #1: Type: text/plain, Size: 2564 bytes --]
flight 119959 xen-unstable-smoke real [real]
http://logs.test-lab.xenproject.org/osstest/logs/119959/
Failures :-/ but no regressions.
Tests which did not succeed, but are not blocking:
test-amd64-amd64-libvirt 13 migrate-support-check fail never pass
test-arm64-arm64-xl-xsm 13 migrate-support-check fail never pass
test-arm64-arm64-xl-xsm 14 saverestore-support-check fail never pass
test-armhf-armhf-xl 13 migrate-support-check fail never pass
test-armhf-armhf-xl 14 saverestore-support-check fail never pass
version targeted for testing:
xen 1e1da6ec3aeb289d885b6a2ad0ea50949426f3a4
baseline version:
xen da3d180d101cf81d085f0c6560d70acd16c934bd
Last test of basis 119834 2018-02-21 18:07:21 Z 1 days
Testing same since 119959 2018-02-23 11:02:21 Z 0 days 1 attempts
------------------------------------------------------------
People who touched revisions under test:
Andrew Cooper <andrew.cooper3@citrix.com>
Brian Woods <brian.woods@amd.com>
Doug Goldstein <cardoe@cardoe.com>
Haozhong Zhang <haozhong.zhang@intel.com>
Jan Beulich <jbeulich@suse.com>
Kevin Tian <kevin.tian@intel.com>
Roger Pau Monné <roger.pau@citrix.com>
jobs:
build-arm64-xsm pass
build-amd64 pass
build-armhf pass
build-amd64-libvirt pass
test-armhf-armhf-xl pass
test-arm64-arm64-xl-xsm pass
test-amd64-amd64-xl-qemuu-debianhvm-i386 pass
test-amd64-amd64-libvirt pass
------------------------------------------------------------
sg-report-flight on osstest.test-lab.xenproject.org
logs: /home/logs/logs
images: /home/logs/images
Logs, config files, etc. are available at
http://logs.test-lab.xenproject.org/osstest/logs
Explanation of these reports, and of osstest in general, is at
http://xenbits.xen.org/gitweb/?p=osstest.git;a=blob;f=README.email;hb=master
http://xenbits.xen.org/gitweb/?p=osstest.git;a=blob;f=README;hb=master
Test harness code can be found at
http://xenbits.xen.org/gitweb?p=osstest.git;a=summary
Pushing revision :
To xenbits.xen.org:/home/xen/git/xen.git
da3d180d10..1e1da6ec3a 1e1da6ec3aeb289d885b6a2ad0ea50949426f3a4 -> smoke
[-- Attachment #2: Type: text/plain, Size: 157 bytes --]
_______________________________________________
Xen-devel mailing list
Xen-devel@lists.xenproject.org
https://lists.xenproject.org/mailman/listinfo/xen-devel
^ permalink raw reply [flat|nested] only message in thread
only message in thread, other threads:[~2018-02-23 13:03 UTC | newest]
Thread overview: (only message) (download: mbox.gz follow: Atom feed
-- links below jump to the message on this page --
2018-02-23 13:03 [xen-unstable-smoke test] 119959: tolerable all pass - PUSHED osstest service owner
This is a public inbox, see mirroring instructions
for how to clone and mirror all data and code used for this inbox;
as well as URLs for NNTP newsgroup(s).