From mboxrd@z Thu Jan 1 00:00:00 1970 From: osstest service owner Subject: [xen-unstable-smoke test] 119959: tolerable all pass - PUSHED Date: Fri, 23 Feb 2018 13:03:22 +0000 Message-ID: Mime-Version: 1.0 Content-Type: multipart/mixed; boundary="===============3285098107350513272==" Return-path: Received: from all-amaz-eas1.inumbo.com ([34.197.232.57]) by lists.xenproject.org with esmtp (Exim 4.84_2) (envelope-from ) id 1epD0h-0006gf-BQ for xen-devel@lists.xenproject.org; Fri, 23 Feb 2018 13:03:35 +0000 List-Unsubscribe: , List-Post: List-Help: List-Subscribe: , Errors-To: xen-devel-bounces@lists.xenproject.org Sender: "Xen-devel" To: xen-devel@lists.xenproject.org, osstest-admin@xenproject.org List-Id: xen-devel@lists.xenproject.org --===============3285098107350513272== Content-Type: text/plain flight 119959 xen-unstable-smoke real [real] http://logs.test-lab.xenproject.org/osstest/logs/119959/ Failures :-/ but no regressions. Tests which did not succeed, but are not blocking: test-amd64-amd64-libvirt 13 migrate-support-check fail never pass test-arm64-arm64-xl-xsm 13 migrate-support-check fail never pass test-arm64-arm64-xl-xsm 14 saverestore-support-check fail never pass test-armhf-armhf-xl 13 migrate-support-check fail never pass test-armhf-armhf-xl 14 saverestore-support-check fail never pass version targeted for testing: xen 1e1da6ec3aeb289d885b6a2ad0ea50949426f3a4 baseline version: xen da3d180d101cf81d085f0c6560d70acd16c934bd Last test of basis 119834 2018-02-21 18:07:21 Z 1 days Testing same since 119959 2018-02-23 11:02:21 Z 0 days 1 attempts ------------------------------------------------------------ People who touched revisions under test: Andrew Cooper Brian Woods Doug Goldstein Haozhong Zhang Jan Beulich Kevin Tian Roger Pau Monné jobs: build-arm64-xsm pass build-amd64 pass build-armhf pass build-amd64-libvirt pass test-armhf-armhf-xl pass test-arm64-arm64-xl-xsm pass test-amd64-amd64-xl-qemuu-debianhvm-i386 pass test-amd64-amd64-libvirt pass ------------------------------------------------------------ sg-report-flight on osstest.test-lab.xenproject.org logs: /home/logs/logs images: /home/logs/images Logs, config files, etc. are available at http://logs.test-lab.xenproject.org/osstest/logs Explanation of these reports, and of osstest in general, is at http://xenbits.xen.org/gitweb/?p=osstest.git;a=blob;f=README.email;hb=master http://xenbits.xen.org/gitweb/?p=osstest.git;a=blob;f=README;hb=master Test harness code can be found at http://xenbits.xen.org/gitweb?p=osstest.git;a=summary Pushing revision : To xenbits.xen.org:/home/xen/git/xen.git da3d180d10..1e1da6ec3a 1e1da6ec3aeb289d885b6a2ad0ea50949426f3a4 -> smoke --===============3285098107350513272== Content-Type: text/plain; charset="utf-8" MIME-Version: 1.0 Content-Transfer-Encoding: base64 Content-Disposition: inline X19fX19fX19fX19fX19fX19fX19fX19fX19fX19fX19fX19fX19fX19fX19fX18KWGVuLWRldmVs IG1haWxpbmcgbGlzdApYZW4tZGV2ZWxAbGlzdHMueGVucHJvamVjdC5vcmcKaHR0cHM6Ly9saXN0 cy54ZW5wcm9qZWN0Lm9yZy9tYWlsbWFuL2xpc3RpbmZvL3hlbi1kZXZlbA== --===============3285098107350513272==--