From mboxrd@z Thu Jan 1 00:00:00 1970 From: osstest service owner Subject: [linux-4.9 test] 120047: tolerable FAIL - PUSHED Date: Wed, 28 Feb 2018 02:14:09 +0000 Message-ID: Mime-Version: 1.0 Content-Type: multipart/mixed; boundary="===============7421788844164932747==" Return-path: Received: from all-amaz-eas1.inumbo.com ([34.197.232.57]) by lists.xenproject.org with esmtp (Exim 4.84_2) (envelope-from ) id 1eqrGC-0002qq-Nr for xen-devel@lists.xenproject.org; Wed, 28 Feb 2018 02:14:24 +0000 List-Unsubscribe: , List-Post: List-Help: List-Subscribe: , Errors-To: xen-devel-bounces@lists.xenproject.org Sender: "Xen-devel" To: xen-devel@lists.xenproject.org, osstest-admin@xenproject.org List-Id: xen-devel@lists.xenproject.org --===============7421788844164932747== Content-Type: text/plain flight 120047 linux-4.9 real [real] http://logs.test-lab.xenproject.org/osstest/logs/120047/ Failures :-/ but no regressions. Tests which did not succeed, but are not blocking: test-amd64-i386-xl-qemut-win7-amd64 17 guest-stop fail like 119891 test-amd64-amd64-xl-qemut-win7-amd64 17 guest-stop fail like 119891 test-amd64-amd64-xl-qemuu-win7-amd64 17 guest-stop fail like 119891 test-amd64-i386-xl-qemuu-win7-amd64 17 guest-stop fail like 119891 test-amd64-amd64-xl-qemuu-ws16-amd64 17 guest-stop fail like 119891 test-amd64-amd64-xl-pvhv2-intel 12 guest-start fail never pass test-amd64-amd64-xl-pvhv2-amd 12 guest-start fail never pass test-amd64-amd64-libvirt 13 migrate-support-check fail never pass test-amd64-i386-libvirt 13 migrate-support-check fail never pass test-amd64-i386-libvirt-xsm 13 migrate-support-check fail never pass test-amd64-amd64-libvirt-xsm 13 migrate-support-check fail never pass test-arm64-arm64-libvirt-xsm 13 migrate-support-check fail never pass test-arm64-arm64-libvirt-xsm 14 saverestore-support-check fail never pass test-arm64-arm64-xl-credit2 13 migrate-support-check fail never pass test-arm64-arm64-xl-credit2 14 saverestore-support-check fail never pass test-arm64-arm64-xl-xsm 13 migrate-support-check fail never pass test-arm64-arm64-xl-xsm 14 saverestore-support-check fail never pass test-amd64-amd64-libvirt-qemuu-debianhvm-amd64-xsm 11 migrate-support-check fail never pass test-amd64-i386-libvirt-qemuu-debianhvm-amd64-xsm 11 migrate-support-check fail never pass test-armhf-armhf-xl-arndale 13 migrate-support-check fail never pass test-armhf-armhf-xl-arndale 14 saverestore-support-check fail never pass test-amd64-amd64-qemuu-nested-amd 17 debian-hvm-install/l1/l2 fail never pass test-amd64-amd64-libvirt-vhd 12 migrate-support-check fail never pass test-armhf-armhf-xl-credit2 13 migrate-support-check fail never pass test-armhf-armhf-xl-cubietruck 13 migrate-support-check fail never pass test-armhf-armhf-xl-credit2 14 saverestore-support-check fail never pass test-armhf-armhf-xl-cubietruck 14 saverestore-support-check fail never pass test-armhf-armhf-libvirt-xsm 13 migrate-support-check fail never pass test-armhf-armhf-libvirt-xsm 14 saverestore-support-check fail never pass test-armhf-armhf-xl-multivcpu 13 migrate-support-check fail never pass test-armhf-armhf-xl-rtds 13 migrate-support-check fail never pass test-armhf-armhf-xl-multivcpu 14 saverestore-support-check fail never pass test-armhf-armhf-xl-xsm 13 migrate-support-check fail never pass test-armhf-armhf-xl-rtds 14 saverestore-support-check fail never pass test-armhf-armhf-xl-xsm 14 saverestore-support-check fail never pass test-armhf-armhf-libvirt 13 migrate-support-check fail never pass test-armhf-armhf-libvirt 14 saverestore-support-check fail never pass test-armhf-armhf-xl 13 migrate-support-check fail never pass test-armhf-armhf-xl 14 saverestore-support-check fail never pass test-amd64-amd64-xl-qemut-ws16-amd64 17 guest-stop fail never pass test-arm64-arm64-xl 13 migrate-support-check fail never pass test-arm64-arm64-xl 14 saverestore-support-check fail never pass test-amd64-i386-xl-qemut-ws16-amd64 17 guest-stop fail never pass test-armhf-armhf-libvirt-raw 12 migrate-support-check fail never pass test-armhf-armhf-libvirt-raw 13 saverestore-support-check fail never pass test-armhf-armhf-xl-vhd 12 migrate-support-check fail never pass test-armhf-armhf-xl-vhd 13 saverestore-support-check fail never pass test-amd64-i386-xl-qemuu-ws16-amd64 17 guest-stop fail never pass test-amd64-amd64-xl-qemut-win10-i386 10 windows-install fail never pass test-amd64-amd64-xl-qemuu-win10-i386 10 windows-install fail never pass test-amd64-i386-xl-qemuu-win10-i386 10 windows-install fail never pass test-amd64-i386-xl-qemut-win10-i386 10 windows-install fail never pass version targeted for testing: linux 19c04ca5b239e6e2277a5b381d1e79482ab9bbc5 baseline version: linux 80c1c8322c331586a86e58d3f95026a1265ab396 Last test of basis 119891 2018-02-22 15:01:38 Z 5 days Testing same since 120011 2018-02-25 10:47:07 Z 2 days 2 attempts ------------------------------------------------------------ People who touched revisions under test: Adam Ford Al Viro Alexandru Ardelean Aliaksei Karaliou Anand Moon Andre Przywara Andreas Platschek Andrew Morton Andrey Ryabinin Andrey Utkin Andy Shevchenko Andy Shevchenko Ard Biesheuvel Arend van Spriel Arnaldo Carvalho de Melo Arnd Bergmann Augusto Mecking Caringi Balamuruhan S Bartlomiej Zolnierkiewicz Ben Hutchings Ben Skeggs Bin Liu Bjorn Helgaas Bjorn Helgaas Boris Ostrovsky Borislav Petkov Branislav Radocaj Cai Li Catalin Marinas Chen-Yu Tsai Chris Wilson Christophe JAILLET Christophe Leroy Chunfeng Yun Chunyan Zhang Claudiu Manoil Cong Wang Daniel Jurgens Daniel Vetter Darren Hart (VMware) Dave Jiang Dave Young David Howells David S. Miller David Sterba Dmitry Torokhov Dmitry Vyukov Douglas Gilbert Eric Biggers Eric Biggers Eric Dumazet Felipe Balbi Florian Westphal Gao Feng Greg Kroah-Hartman Greg Ungerer Gustavo A. R. Silva Hans Verkuil Herbert Xu Hugh Dickins Ilya Dryomov Ingo Molnar Inki Dae Jack Wang Jan Beulich Jan Dakinevich Jan Kara Jason Gunthorpe Jason Wang Jens Axboe Jia-Ju Bai Jiri Olsa Johannes Berg Jonathan Cameron Jonathan Corbet Joonas Lahtinen Josh Poimboeuf Jun Nie Jérémy Lefaure Kalle Valo Kamil Konieczny Karol Herbst Keerthy Kefeng Wang Kirill A. Shutemov Ladi Prosek Laura Abbott Leon Romanovsky LEROY Christophe Linus Torvalds Linus Walleij Ludovic Desroches Lyude Marc Gonzalez Marcelo Ricardo Leitner Mark Brown Mark Rutland Martin K. Petersen Martin Schwidefsky Mauro Carvalho Chehab Maxime Ripard Michael Ellerman Michael S. Tsirkin Michal Hocko Moni Shoua Mukesh Kacker Mustafa Ismail Naveen N. Rao Neil Armstrong Nicholas Piggin Nikolay Borisov Nogah Frankel Olof Johansson Pablo Neira Ayuso Pali Rohár Paolo Abeni Paolo Bonzini Paul Moore Pekka Paalanen Peter Ujfalusi Radim Krčmář Randy Dunlap Ravi Bangoria Russell King Santosh Shilimkar Sasha Levin Satheesh Rajendran Shaohui Xie Shawn Guo Shiraz Saleem Shuah Khan Sowmini Varadhan Stefan Haberland Stefan Potyra Steffen Klassert Stephen Boyd Stephen Smalley Tai Nguyen Takashi Iwai Takuo Koguchi Takuo Koguchi Tetsuo Handa Thomas Gleixner Tobias Jordan Tobias Regnery Tom Herbert Tony Lindgren Vincent Pelletier Vinod Koul Vlastimil Babka Wanpeng Li Will Deacon Willem de Bruijn Xin Long Yangbo Lu Zhang Rui Zumeng Chen jobs: build-amd64-xsm pass build-arm64-xsm pass build-armhf-xsm pass build-i386-xsm pass build-amd64 pass build-arm64 pass build-armhf pass build-i386 pass build-amd64-libvirt pass build-arm64-libvirt pass build-armhf-libvirt pass build-i386-libvirt pass build-amd64-pvops pass build-arm64-pvops pass build-armhf-pvops pass build-i386-pvops pass build-amd64-rumprun pass build-i386-rumprun pass test-amd64-amd64-xl pass test-arm64-arm64-xl pass test-armhf-armhf-xl pass test-amd64-i386-xl pass test-amd64-amd64-xl-qemut-debianhvm-amd64-xsm pass test-amd64-i386-xl-qemut-debianhvm-amd64-xsm pass test-amd64-amd64-libvirt-qemuu-debianhvm-amd64-xsm pass test-amd64-i386-libvirt-qemuu-debianhvm-amd64-xsm pass test-amd64-amd64-xl-qemuu-debianhvm-amd64-xsm pass test-amd64-i386-xl-qemuu-debianhvm-amd64-xsm pass test-amd64-amd64-xl-qemut-stubdom-debianhvm-amd64-xsm pass test-amd64-i386-xl-qemut-stubdom-debianhvm-amd64-xsm pass test-amd64-amd64-libvirt-xsm pass test-arm64-arm64-libvirt-xsm pass test-armhf-armhf-libvirt-xsm pass test-amd64-i386-libvirt-xsm pass test-amd64-amd64-xl-xsm pass test-arm64-arm64-xl-xsm pass test-armhf-armhf-xl-xsm pass test-amd64-i386-xl-xsm pass test-amd64-amd64-qemuu-nested-amd fail test-amd64-amd64-xl-pvhv2-amd fail test-amd64-i386-qemut-rhel6hvm-amd pass test-amd64-i386-qemuu-rhel6hvm-amd pass test-amd64-amd64-xl-qemut-debianhvm-amd64 pass test-amd64-i386-xl-qemut-debianhvm-amd64 pass test-amd64-amd64-xl-qemuu-debianhvm-amd64 pass test-amd64-i386-xl-qemuu-debianhvm-amd64 pass test-amd64-i386-freebsd10-amd64 pass test-amd64-amd64-xl-qemuu-ovmf-amd64 pass test-amd64-i386-xl-qemuu-ovmf-amd64 pass test-amd64-amd64-rumprun-amd64 pass test-amd64-amd64-xl-qemut-win7-amd64 fail test-amd64-i386-xl-qemut-win7-amd64 fail test-amd64-amd64-xl-qemuu-win7-amd64 fail test-amd64-i386-xl-qemuu-win7-amd64 fail test-amd64-amd64-xl-qemut-ws16-amd64 fail test-amd64-i386-xl-qemut-ws16-amd64 fail test-amd64-amd64-xl-qemuu-ws16-amd64 fail test-amd64-i386-xl-qemuu-ws16-amd64 fail test-armhf-armhf-xl-arndale pass test-amd64-amd64-xl-credit2 pass test-arm64-arm64-xl-credit2 pass test-armhf-armhf-xl-credit2 pass test-armhf-armhf-xl-cubietruck pass test-amd64-amd64-examine pass test-arm64-arm64-examine pass test-armhf-armhf-examine pass test-amd64-i386-examine pass test-amd64-i386-freebsd10-i386 pass test-amd64-i386-rumprun-i386 pass test-amd64-amd64-xl-qemut-win10-i386 fail test-amd64-i386-xl-qemut-win10-i386 fail test-amd64-amd64-xl-qemuu-win10-i386 fail test-amd64-i386-xl-qemuu-win10-i386 fail test-amd64-amd64-qemuu-nested-intel pass test-amd64-amd64-xl-pvhv2-intel fail test-amd64-i386-qemut-rhel6hvm-intel pass test-amd64-i386-qemuu-rhel6hvm-intel pass test-amd64-amd64-libvirt pass test-armhf-armhf-libvirt pass test-amd64-i386-libvirt pass test-amd64-amd64-xl-multivcpu pass test-armhf-armhf-xl-multivcpu pass test-amd64-amd64-pair pass test-amd64-i386-pair pass test-amd64-amd64-libvirt-pair pass test-amd64-i386-libvirt-pair pass test-amd64-amd64-amd64-pvgrub pass test-amd64-amd64-i386-pvgrub pass test-amd64-amd64-pygrub pass test-amd64-amd64-xl-qcow2 pass test-armhf-armhf-libvirt-raw pass test-amd64-i386-xl-raw pass test-amd64-amd64-xl-rtds pass test-armhf-armhf-xl-rtds pass test-amd64-amd64-libvirt-vhd pass test-armhf-armhf-xl-vhd pass ------------------------------------------------------------ sg-report-flight on osstest.test-lab.xenproject.org logs: /home/logs/logs images: /home/logs/images Logs, config files, etc. are available at http://logs.test-lab.xenproject.org/osstest/logs Explanation of these reports, and of osstest in general, is at http://xenbits.xen.org/gitweb/?p=osstest.git;a=blob;f=README.email;hb=master http://xenbits.xen.org/gitweb/?p=osstest.git;a=blob;f=README;hb=master Test harness code can be found at http://xenbits.xen.org/gitweb?p=osstest.git;a=summary Pushing revision : To xenbits.xen.org:/home/xen/git/linux-pvops.git 80c1c8322c33..19c04ca5b239 19c04ca5b239e6e2277a5b381d1e79482ab9bbc5 -> tested/linux-4.9 --===============7421788844164932747== Content-Type: text/plain; charset="utf-8" MIME-Version: 1.0 Content-Transfer-Encoding: base64 Content-Disposition: inline X19fX19fX19fX19fX19fX19fX19fX19fX19fX19fX19fX19fX19fX19fX19fX18KWGVuLWRldmVs IG1haWxpbmcgbGlzdApYZW4tZGV2ZWxAbGlzdHMueGVucHJvamVjdC5vcmcKaHR0cHM6Ly9saXN0 cy54ZW5wcm9qZWN0Lm9yZy9tYWlsbWFuL2xpc3RpbmZvL3hlbi1kZXZlbA== --===============7421788844164932747==--