xen-devel.lists.xenproject.org archive mirror
 help / color / mirror / Atom feed
From: osstest service owner <osstest-admin@xenproject.org>
To: xen-devel@lists.xenproject.org, osstest-admin@xenproject.org
Subject: [xen-unstable-coverity test] 120089: regressions - ALL FAIL
Date: Wed, 28 Feb 2018 10:43:11 +0000	[thread overview]
Message-ID: <osstest-120089-mainreport@xen.org> (raw)

[-- Attachment #1: Type: text/plain, Size: 2436 bytes --]

flight 120089 xen-unstable-coverity real [real]
http://logs.test-lab.xenproject.org/osstest/logs/120089/

Regressions :-(

Tests which did not succeed and are blocking,
including tests which could not be run:
 coverity-amd64                7 coverity-upload          fail REGR. vs. 119558

version targeted for testing:
 xen                  1c473c42199a8f4d70533c202e1c57ecd1dad35b
baseline version:
 xen                  24470b99c1671dca531c2cf5747eda2f8892ecbc

Last test of basis   119558  2018-02-18 09:47:32 Z   10 days
Failing since        119806  2018-02-21 09:29:16 Z    7 days    3 attempts
Testing same since   120089  2018-02-28 09:20:23 Z    0 days    1 attempts

------------------------------------------------------------
People who touched revisions under test:
  Alan Robinson <Alan.Robinson@ts.fujitsu.com>
  Alexandru Isaila <aisaila@bitdefender.com>
  Andrew Cooper <andrew.cooper3@citix.com>
  Andrew Cooper <andrew.cooper3@citrix.com>
  Brian Woods <brian.woods@amd.com>
  Dario Faggioli <dfaggioli@suse.com>
  Doug Goldstein <cardoe@cardoe.com>
  George Dunlap <george.dunlap@citrix.com>
  Haozhong Zhang <haozhong.zhang@intel.com>
  Ian Jackson <ian.jackson@eu.citrix.com>
  Igor Druzhinin <igor.druzhinin@citrix.com>
  Jan Beulich <jbeulich@suse.com>
  Julien Grall <julien.grall@arm.com>
  Kevin Tian <kevin.tian@intel.com>
  Konrad Rzeszutek Wilk <konrad.wilk@oracle.com>
  Olaf Hering <olaf@aepfle.de>
  Razvan Cojocaru <rcojocaru@bitdefender.com>
  Roger Pau Monne <roger.pau@citrix.com>
  Roger Pau Monné <roger.pau@citrix.com>
  Sergey Dyasli <sergey.dyasli@citrix.com>
  Stefano Stabellini <sstabellini@kernel.org>
  Tamas K Lengyel <tamas@tklengyel.com>
  Wei Liu <wei.liu2@citrix.com>

jobs:
 coverity-amd64                                               fail    


------------------------------------------------------------
sg-report-flight on osstest.test-lab.xenproject.org
logs: /home/logs/logs
images: /home/logs/images

Logs, config files, etc. are available at
    http://logs.test-lab.xenproject.org/osstest/logs

Explanation of these reports, and of osstest in general, is at
    http://xenbits.xen.org/gitweb/?p=osstest.git;a=blob;f=README.email;hb=master
    http://xenbits.xen.org/gitweb/?p=osstest.git;a=blob;f=README;hb=master

Test harness code can be found at
    http://xenbits.xen.org/gitweb?p=osstest.git;a=summary


Not pushing.

(No revision log; it would be 1049 lines long.)


[-- Attachment #2: Type: text/plain, Size: 157 bytes --]

_______________________________________________
Xen-devel mailing list
Xen-devel@lists.xenproject.org
https://lists.xenproject.org/mailman/listinfo/xen-devel

                 reply	other threads:[~2018-02-28 10:43 UTC|newest]

Thread overview: [no followups] expand[flat|nested]  mbox.gz  Atom feed

Reply instructions:

You may reply publicly to this message via plain-text email
using any one of the following methods:

* Save the following mbox file, import it into your mail client,
  and reply-to-all from there: mbox

  Avoid top-posting and favor interleaved quoting:
  https://en.wikipedia.org/wiki/Posting_style#Interleaved_style

* Reply using the --to, --cc, and --in-reply-to
  switches of git-send-email(1):

  git send-email \
    --in-reply-to=osstest-120089-mainreport@xen.org \
    --to=osstest-admin@xenproject.org \
    --cc=xen-devel@lists.xenproject.org \
    /path/to/YOUR_REPLY

  https://kernel.org/pub/software/scm/git/docs/git-send-email.html

* If your mail client supports setting the In-Reply-To header
  via mailto: links, try the mailto: link
Be sure your reply has a Subject: header at the top and a blank line before the message body.
This is a public inbox, see mirroring instructions
for how to clone and mirror all data and code used for this inbox;
as well as URLs for NNTP newsgroup(s).