From mboxrd@z Thu Jan 1 00:00:00 1970 From: osstest service owner Subject: [xen-unstable-coverity test] 120089: regressions - ALL FAIL Date: Wed, 28 Feb 2018 10:43:11 +0000 Message-ID: Mime-Version: 1.0 Content-Type: multipart/mixed; boundary="===============4770627456196595635==" Return-path: Received: from all-amaz-eas1.inumbo.com ([34.197.232.57]) by lists.xenproject.org with esmtp (Exim 4.84_2) (envelope-from ) id 1eqzCm-0005z9-5C for xen-devel@lists.xenproject.org; Wed, 28 Feb 2018 10:43:24 +0000 List-Unsubscribe: , List-Post: List-Help: List-Subscribe: , Errors-To: xen-devel-bounces@lists.xenproject.org Sender: "Xen-devel" To: xen-devel@lists.xenproject.org, osstest-admin@xenproject.org List-Id: xen-devel@lists.xenproject.org --===============4770627456196595635== Content-Type: text/plain flight 120089 xen-unstable-coverity real [real] http://logs.test-lab.xenproject.org/osstest/logs/120089/ Regressions :-( Tests which did not succeed and are blocking, including tests which could not be run: coverity-amd64 7 coverity-upload fail REGR. vs. 119558 version targeted for testing: xen 1c473c42199a8f4d70533c202e1c57ecd1dad35b baseline version: xen 24470b99c1671dca531c2cf5747eda2f8892ecbc Last test of basis 119558 2018-02-18 09:47:32 Z 10 days Failing since 119806 2018-02-21 09:29:16 Z 7 days 3 attempts Testing same since 120089 2018-02-28 09:20:23 Z 0 days 1 attempts ------------------------------------------------------------ People who touched revisions under test: Alan Robinson Alexandru Isaila Andrew Cooper Andrew Cooper Brian Woods Dario Faggioli Doug Goldstein George Dunlap Haozhong Zhang Ian Jackson Igor Druzhinin Jan Beulich Julien Grall Kevin Tian Konrad Rzeszutek Wilk Olaf Hering Razvan Cojocaru Roger Pau Monne Roger Pau Monné Sergey Dyasli Stefano Stabellini Tamas K Lengyel Wei Liu jobs: coverity-amd64 fail ------------------------------------------------------------ sg-report-flight on osstest.test-lab.xenproject.org logs: /home/logs/logs images: /home/logs/images Logs, config files, etc. are available at http://logs.test-lab.xenproject.org/osstest/logs Explanation of these reports, and of osstest in general, is at http://xenbits.xen.org/gitweb/?p=osstest.git;a=blob;f=README.email;hb=master http://xenbits.xen.org/gitweb/?p=osstest.git;a=blob;f=README;hb=master Test harness code can be found at http://xenbits.xen.org/gitweb?p=osstest.git;a=summary Not pushing. (No revision log; it would be 1049 lines long.) --===============4770627456196595635== Content-Type: text/plain; charset="utf-8" MIME-Version: 1.0 Content-Transfer-Encoding: base64 Content-Disposition: inline X19fX19fX19fX19fX19fX19fX19fX19fX19fX19fX19fX19fX19fX19fX19fX18KWGVuLWRldmVs IG1haWxpbmcgbGlzdApYZW4tZGV2ZWxAbGlzdHMueGVucHJvamVjdC5vcmcKaHR0cHM6Ly9saXN0 cy54ZW5wcm9qZWN0Lm9yZy9tYWlsbWFuL2xpc3RpbmZvL3hlbi1kZXZlbA== --===============4770627456196595635==--